{"id":193,"date":"2020-09-16T09:25:00","date_gmt":"2020-09-16T07:25:00","guid":{"rendered":"http:\/\/pedagogie.ac-lille.fr\/lv-voiepro\/\/?page_id=193"},"modified":"2021-09-02T09:41:58","modified_gmt":"2021-09-02T07:41:58","slug":"sujets-ecrit-cap","status":"publish","type":"page","link":"http:\/\/pedagogie.ac-lille.fr\/lv-voiepro\/examens\/cap\/sujets-ecrit-cap\/","title":{"rendered":"Sujets pour l&rsquo;\u00e9preuve \u00e9crite du CAP"},"content":{"rendered":"\n<p>L&rsquo;\u00e9preuve obligatoire de langue vivante \u00e9trang\u00e8re comporte une \u00e9preuve \u00e9crite commune. Pour l&rsquo;\u00e9preuve ponctuelle, le sujet est national. Pour le contr\u00f4le en cours de formation, le sujet est \u00e9labor\u00e9 au sein de l&rsquo;\u00e9tablissement ou du CFA.<\/p>\n\n\n\n<p>Les ressources et r\u00e9flexions r\u00e9unies sur cette page ont \u00e9t\u00e9 produites par diff\u00e9rentes acad\u00e9mies et par l&rsquo;inspection g\u00e9n\u00e9rale de langue vivante. Nous en remercions nos coll\u00e8gues enseignants et inspecteurs.<\/p>\n\n\n\n<h2 class=\"wp-block-heading\">Gabarit pour la r\u00e9alisation<\/h2>\n\n\n\n<p>Les professeurs sont libres d&rsquo;opter pour la pr\u00e9sentation de leur choix. Nous ne souhaitons pas figer les pratiques et emp\u00eacher l&rsquo;initiative quand elle b\u00e9n\u00e9ficie aux candidats, notamment lorsqu&rsquo;ils sont en situation de handicap. Le gabarit ci-joint permettra de gagner du temps et de favoriser les collaborations. Il est exploitable avec les principaux logiciels de traitement de textes. Les exemples plus bas montrent qu&rsquo;il est possible d&rsquo;adapter la pr\u00e9sentation du cadre de r\u00e9ponse et en fonction des sujets d&rsquo;expression \u00e9crite.<\/p>\n\n\n\n<div class=\"wp-block-file\"><a href=\"http:\/\/pedagogie.ac-lille.fr\/lv-voiepro\/\/wp-content\/uploads\/sites\/7\/2020\/09\/CAP-2021-sujets-CCF-situation-A-gabarit.docx\">Gabarit CAP situation A CCF <\/a><a href=\"http:\/\/pedagogie.ac-lille.fr\/lv-voiepro\/\/wp-content\/uploads\/sites\/7\/2020\/09\/CAP-2021-sujets-CCF-situation-A-gabarit.docx\" class=\"wp-block-file__button\" download>T\u00e9l\u00e9charger<\/a><\/div>\n\n\n\n<h2 class=\"wp-block-heading\">Exemples de sujets<\/h2>\n\n\n\n<p>Les cinq exemples ci-dessous mettent en \u0153uvre une diversit\u00e9 de th\u00e8mes et de types de supports. Ils illustrent aussi diff\u00e9rentes strat\u00e9gies de questionnement et de continuit\u00e9 entre les trois parties. Cette s\u00e9lection n&rsquo;est en rien normative, nous encourageons les enseignants \u00e0 exploiter toute ressource qui permettrait de d\u00e9velopper et valoriser les comp\u00e9tences des candidats. <\/p>\n\n\n\n<p class=\"has-very-dark-gray-color has-very-light-gray-background-color has-text-color has-background\"><strong>Rappel <\/strong>: il appartient aux enseignants de produire un sujet \u00e0 usage unique pour chaque situation d&rsquo;\u00e9valuation. Ces exemples ne doivent servir que pour l&rsquo;entra\u00eenement des candidats. <\/p>\n\n\n\n<hr class=\"wp-block-separator\" \/>\n\n\n\n<div class=\"wp-block-file\"><a href=\"http:\/\/pedagogie.ac-lille.fr\/lv-voiepro\/\/wp-content\/uploads\/sites\/7\/2020\/09\/CAP-2021-sujet-CCF-situation-A-Charlie-and-the-Chocolate-Factory.docx\">Charlie and the Chocolate Factory &#8211; document modifiable<\/a><a href=\"http:\/\/pedagogie.ac-lille.fr\/lv-voiepro\/\/wp-content\/uploads\/sites\/7\/2020\/09\/CAP-2021-sujet-CCF-situation-A-Charlie-and-the-Chocolate-Factory.docx\" class=\"wp-block-file__button\" download>T\u00e9l\u00e9charger<\/a><\/div>\n\n\n\n<div class=\"wp-block-file\"><a href=\"http:\/\/pedagogie.ac-lille.fr\/lv-voiepro\/\/wp-content\/uploads\/sites\/7\/2020\/09\/CAP-2021-sujet-CCF-situation-A-Charlie-and-the-Chocolate-Factory.pdf\">Charlie and the Chocolate Factory &#8211; document PDF<\/a><a href=\"http:\/\/pedagogie.ac-lille.fr\/lv-voiepro\/\/wp-content\/uploads\/sites\/7\/2020\/09\/CAP-2021-sujet-CCF-situation-A-Charlie-and-the-Chocolate-Factory.pdf\" class=\"wp-block-file__button\" download>T\u00e9l\u00e9charger<\/a><\/div>\n\n\n\n<div class=\"wp-block-file\"><a href=\"http:\/\/pedagogie.ac-lille.fr\/lv-voiepro\/\/wp-content\/uploads\/sites\/7\/2020\/09\/CAP-2021-sujet-CCF-situation-A-Charlie-and-the-Chocolate-Factory.mp4\">Charlie and the Chocolate Factory &#8211; fichier vid\u00e9o<\/a><a href=\"http:\/\/pedagogie.ac-lille.fr\/lv-voiepro\/\/wp-content\/uploads\/sites\/7\/2020\/09\/CAP-2021-sujet-CCF-situation-A-Charlie-and-the-Chocolate-Factory.mp4\" class=\"wp-block-file__button\" download>T\u00e9l\u00e9charger<\/a><\/div>\n\n\n\n<hr class=\"wp-block-separator\" \/>\n\n\n\n<div class=\"wp-block-file\"><a href=\"http:\/\/pedagogie.ac-lille.fr\/lv-voiepro\/\/wp-content\/uploads\/sites\/7\/2020\/09\/CAP-2021-sujet-CCF-situation-A-Cris-Comerfords-first-job.docx\">Cris Comerford&rsquo;s first job &#8211; document modifiable<\/a><a href=\"http:\/\/pedagogie.ac-lille.fr\/lv-voiepro\/\/wp-content\/uploads\/sites\/7\/2020\/09\/CAP-2021-sujet-CCF-situation-A-Cris-Comerfords-first-job.docx\" class=\"wp-block-file__button\" download>T\u00e9l\u00e9charger<\/a><\/div>\n\n\n\n<div class=\"wp-block-file\"><a href=\"http:\/\/pedagogie.ac-lille.fr\/lv-voiepro\/\/wp-content\/uploads\/sites\/7\/2020\/09\/CAP-2021-sujet-CCF-situation-A-Cris-Comerfords-first-job.pdf\">Cris Comerford&rsquo;s first job &#8211; document PDF<\/a><a href=\"http:\/\/pedagogie.ac-lille.fr\/lv-voiepro\/\/wp-content\/uploads\/sites\/7\/2020\/09\/CAP-2021-sujet-CCF-situation-A-Cris-Comerfords-first-job.pdf\" class=\"wp-block-file__button\" download>T\u00e9l\u00e9charger<\/a><\/div>\n\n\n\n<div class=\"wp-block-file\"><a href=\"http:\/\/pedagogie.ac-lille.fr\/lv-voiepro\/\/wp-content\/uploads\/sites\/7\/2020\/09\/CAP-2021-sujet-CCF-situation-A-Cris-Comerfords-first-job.mp4\">Cris Comerford&rsquo;s first job &#8211; fichier vid\u00e9o<\/a><a href=\"http:\/\/pedagogie.ac-lille.fr\/lv-voiepro\/\/wp-content\/uploads\/sites\/7\/2020\/09\/CAP-2021-sujet-CCF-situation-A-Cris-Comerfords-first-job.mp4\" class=\"wp-block-file__button\" download>T\u00e9l\u00e9charger<\/a><\/div>\n\n\n\n<hr class=\"wp-block-separator\" \/>\n\n\n\n<div class=\"wp-block-file\"><a href=\"http:\/\/pedagogie.ac-lille.fr\/lv-voiepro\/\/wp-content\/uploads\/sites\/7\/2020\/09\/CAP-2021-sujet-CCF-situation-A-The-Noise-App.docx\">The Noise App &#8211; document modifiable<\/a><a href=\"http:\/\/pedagogie.ac-lille.fr\/lv-voiepro\/\/wp-content\/uploads\/sites\/7\/2020\/09\/CAP-2021-sujet-CCF-situation-A-The-Noise-App.docx\" class=\"wp-block-file__button\" download>T\u00e9l\u00e9charger<\/a><\/div>\n\n\n\n<div class=\"wp-block-file\"><a href=\"http:\/\/pedagogie.ac-lille.fr\/lv-voiepro\/\/wp-content\/uploads\/sites\/7\/2020\/09\/CAP-2021-sujet-CCF-situation-A-The-Noise-App.pdf\">The Noise App &#8211; document PDF<\/a><a href=\"http:\/\/pedagogie.ac-lille.fr\/lv-voiepro\/\/wp-content\/uploads\/sites\/7\/2020\/09\/CAP-2021-sujet-CCF-situation-A-The-Noise-App.pdf\" class=\"wp-block-file__button\" download>T\u00e9l\u00e9charger<\/a><\/div>\n\n\n\n<div class=\"wp-block-file\"><a href=\"http:\/\/pedagogie.ac-lille.fr\/lv-voiepro\/\/wp-content\/uploads\/sites\/7\/2020\/09\/CAP-2021-sujet-CCF-situation-A-The-Noise-App.mp4\">The Noise App &#8211; fichier vid\u00e9o<\/a><a href=\"http:\/\/pedagogie.ac-lille.fr\/lv-voiepro\/\/wp-content\/uploads\/sites\/7\/2020\/09\/CAP-2021-sujet-CCF-situation-A-The-Noise-App.mp4\" class=\"wp-block-file__button\" download>T\u00e9l\u00e9charger<\/a><\/div>\n\n\n\n<hr class=\"wp-block-separator\" \/>\n\n\n\n<div class=\"wp-block-file\"><a href=\"http:\/\/pedagogie.ac-lille.fr\/lv-voiepro\/\/wp-content\/uploads\/sites\/7\/2020\/09\/CAP-2021-sujet-CCF-situation-A-Incredible-journey-of-a-refugee.docx\">Incredible journey of a refugee &#8211; document modifiable<\/a><a href=\"http:\/\/pedagogie.ac-lille.fr\/lv-voiepro\/\/wp-content\/uploads\/sites\/7\/2020\/09\/CAP-2021-sujet-CCF-situation-A-Incredible-journey-of-a-refugee.docx\" class=\"wp-block-file__button\" download>T\u00e9l\u00e9charger<\/a><\/div>\n\n\n\n<div class=\"wp-block-file\"><a href=\"http:\/\/pedagogie.ac-lille.fr\/lv-voiepro\/\/wp-content\/uploads\/sites\/7\/2020\/09\/CAP-2021-sujet-CCF-situation-A-Incredible-journey-of-a-refugee.pdf\">Incredible journey of a refugee &#8211; document PDF<\/a><a href=\"http:\/\/pedagogie.ac-lille.fr\/lv-voiepro\/\/wp-content\/uploads\/sites\/7\/2020\/09\/CAP-2021-sujet-CCF-situation-A-Incredible-journey-of-a-refugee.pdf\" class=\"wp-block-file__button\" download>T\u00e9l\u00e9charger<\/a><\/div>\n\n\n\n<div class=\"wp-block-file\"><a href=\"http:\/\/pedagogie.ac-lille.fr\/lv-voiepro\/\/wp-content\/uploads\/sites\/7\/2020\/09\/Incredible-journey-of-a-refugee.mp4\">Incredible journey of a refugee &#8211; fichier vid\u00e9o<\/a><a href=\"http:\/\/pedagogie.ac-lille.fr\/lv-voiepro\/\/wp-content\/uploads\/sites\/7\/2020\/09\/Incredible-journey-of-a-refugee.mp4\" class=\"wp-block-file__button\" download>T\u00e9l\u00e9charger<\/a><\/div>\n\n\n\n<hr class=\"wp-block-separator\" \/>\n\n\n\n<div class=\"wp-block-file\"><a href=\"http:\/\/pedagogie.ac-lille.fr\/lv-voiepro\/\/wp-content\/uploads\/sites\/7\/2020\/09\/CAP-2021-sujet-CCF-situation-A-Food-waste-prevention-1.docx\">Food waste prevention &#8211; document modifiable<\/a><a href=\"http:\/\/pedagogie.ac-lille.fr\/lv-voiepro\/\/wp-content\/uploads\/sites\/7\/2020\/09\/CAP-2021-sujet-CCF-situation-A-Food-waste-prevention-1.docx\" class=\"wp-block-file__button\" download>T\u00e9l\u00e9charger<\/a><\/div>\n\n\n\n<div class=\"wp-block-file\"><a href=\"http:\/\/pedagogie.ac-lille.fr\/lv-voiepro\/\/wp-content\/uploads\/sites\/7\/2020\/09\/CAP-2021-sujet-CCF-situation-A-Food-waste-prevention-1.pdf\">Food waste prevention &#8211; document PDF<\/a><a href=\"http:\/\/pedagogie.ac-lille.fr\/lv-voiepro\/\/wp-content\/uploads\/sites\/7\/2020\/09\/CAP-2021-sujet-CCF-situation-A-Food-waste-prevention-1.pdf\" class=\"wp-block-file__button\" download>T\u00e9l\u00e9charger<\/a><\/div>\n\n\n\n<div class=\"wp-block-file\"><a href=\"http:\/\/pedagogie.ac-lille.fr\/lv-voiepro\/\/wp-content\/uploads\/sites\/7\/2020\/09\/Food-waste-prevention.mp4\">Food waste prevention &#8211; fichier vid\u00e9o<\/a><a href=\"http:\/\/pedagogie.ac-lille.fr\/lv-voiepro\/\/wp-content\/uploads\/sites\/7\/2020\/09\/Food-waste-prevention.mp4\" class=\"wp-block-file__button\" download>T\u00e9l\u00e9charger<\/a><\/div>\n\n\n\n<h2 class=\"wp-block-heading\">Remarques sur l&rsquo;\u00e9laboration de sujets pour la situation A en CCF<\/h2>\n\n\n\n<p>Ces remarques visent \u00e0 faciliter le travail des \u00e9quipes. Elles seront mises \u00e0 jour en fonction des questions et des observations men\u00e9es \u00e0 chaque session.<\/p>\n\n\n\n<h3 class=\"wp-block-heading\">Qui produit les sujets du CCF ?<\/h3>\n\n\n\n<p>Ce sont les enseignants de langue vivante qui interviennent dans l&rsquo;\u00e9tablissement ou dans le centre de formation des candidats. En fonction du contexte local (diversit\u00e9 des sp\u00e9cialit\u00e9s, profils des groupes, r\u00e9alit\u00e9s du parcours en langue vivante, degr\u00e9s de pr\u00e9paration&#8230;), les \u00e9quipes d\u00e9terminent si une ou plusieurs \u00e9preuves sont \u00e0 organiser. Conform\u00e9ment aux principes du CCF, leur choix vise \u00e0 rapprocher \u00e9valuation et formation et \u00e0 renforcer la motivation des apprenants. Dans tous les cas, il est souhaitable de travailler ensemble : recherche de supports, \u00e9laboration des questionnaires et des sujets d&rsquo;expression \u00e9crite, relecture, cobayage etc. Les professeurs qui ne prennent pas en charge de CAP lors de la session peuvent participer \u00e0 tout ou partie de ces op\u00e9rations.<\/p>\n\n\n\n<h3 class=\"wp-block-heading\">Remarque sur le calibrage des supports<\/h3>\n\n\n\n<p>une tol\u00e9rance de quelques secondes en plus ou en moins (pas plus d\u2019une dizaine, toutefois) ou de quelques caract\u00e8res en plus (pas plus de 10 %) semble acceptable.<\/p>\n\n\n\n<h3 class=\"wp-block-heading\">A propos de l&rsquo;authenticit\u00e9 des supports<\/h3>\n\n\n\n<p>La situation d&rsquo;examen prend appui sur des supports authentiques pour la compr\u00e9hension orale et la compr\u00e9hension \u00e9crite. Il s&rsquo;agit de supports qui n&rsquo;ont pas \u00e9t\u00e9 \u00e9labor\u00e9s ou adapt\u00e9s \u00e0 des fins d&rsquo;enseignement.<\/p>\n\n\n\n<p>Les enregistrements r\u00e9alis\u00e9s pour des sites p\u00e9dagogiques tels que <em>AudioLingua<\/em>, <em>LinguaHouse <\/em>ou <em>Listenaminute.com<\/em>, ou les enregistrements propos\u00e9s par des m\u00e9dias non anglophones (production en anglais des grandes chaines de cultures non anglophones par exemple) ne conviennent donc pas pour l&rsquo;examen. En revanche, ils peuvent avoir une place dans l&rsquo;entra\u00eenement des candidats, \u00e0 partir du moment o\u00f9 leur formation comporte aussi des confrontations \u00e0 des documents r\u00e9ellement authentiques.<\/p>\n\n\n\n<h3 class=\"wp-block-heading\">A propos des coupes dans les textes et les enregistrements<\/h3>\n\n\n\n<p>Lorsqu&rsquo;elles sont n\u00e9cessaires, ce qui est souvent le cas, elles ne doivent pas aboutir \u00e0 un cumul d&rsquo;\u00e9nonc\u00e9s compr\u00e9hensibles isol\u00e9ment, mais dont l&rsquo;intention globale serait diffuse ou confuse. Les \u00e9l\u00e8ves doivent pouvoir rendre compte d&rsquo;un message ou d&rsquo;une intention claire \u00e0 travers les questions g\u00e9n\u00e9rales ou conclusives. Dans cet ordre d&rsquo;id\u00e9e, il est souhaitable que le support pr\u00e9sente au moins un \u00e9l\u00e9ment autre qu&rsquo;informatif (mise en<br>perspective, mise en contraste, retournement, probl\u00e9matisation, interrogation ou expression d\u2019une incertitude ou d\u2019une hypoth\u00e8se, formulation d\u2019un point de vue, adresse au lecteur, etc.)<\/p>\n\n\n\n<h3 class=\"wp-block-heading\">A propos des notes de vocabulaire<\/h3>\n\n\n\n<p>Il est possible d&rsquo;en inclure un petit nombre si c&rsquo;est une condition indispensable pour que les \u00e9l\u00e8ves acc\u00e8dent au sens d&rsquo;un document particuli\u00e8rement int\u00e9ressant. Les concepteurs doivent limiter les aides lexicales autant que possible. Au-del\u00e0 de trois, le texte est sans doute inadapt\u00e9 \u00e0 l&rsquo;\u00e9preuve. <\/p>\n\n\n\n<h3 class=\"wp-block-heading\">Strat\u00e9gie de questionnement<\/h3>\n\n\n\n<p>Pour une premi\u00e8re session en 2021, nous vous invitons \u00e0 construire le QCM selon un principe simple : 3 propositions de r\u00e9ponse, une seule r\u00e9ponse attendue. C&rsquo;est l&rsquo;option retenue dans tous les exemples de sujets. Par la suite, les autres formats autoris\u00e9s par la d\u00e9finition d&rsquo;\u00e9preuve pourront bien s\u00fbr \u00eatre envisag\u00e9s.  <\/p>\n\n\n\n<p>Le QCM (pour la compr\u00e9hension orale) et le questionnaire (pour la compr\u00e9hension \u00e9crite) doivent permettre de positionner les candidats sur <a rel=\"noreferrer noopener\" href=\"https:\/\/www.education.gouv.fr\/media\/68974\/download\" target=\"_blank\">la grille d&rsquo;\u00e9valuation<\/a>. Toutes les questions ne doivent donc pas avoir le m\u00eame r\u00f4le : certaines v\u00e9rifient le rep\u00e9rage d&rsquo;\u00e9l\u00e9ments isol\u00e9s, d&rsquo;autres impliquent des mises en relation imm\u00e9diates pour saisir une information principale, d&rsquo;autres enfin peuvent porter sur le d\u00e9tail, le type de support ou les vis\u00e9es. Selon les cas, elles auront un caract\u00e8re ponctuel, g\u00e9n\u00e9rique ou r\u00e9capitulatif.<\/p>\n\n\n\n<p>Au niveau A2, l&rsquo;utilisateur n&rsquo;est pas sens\u00e9 \u00eatre capable de r\u00e9soudre des situations pi\u00e9geuses. Selon les cas, et selon l&rsquo;entra\u00eenement re\u00e7u, poser les questions dans un ordre qui correspond \u00e0 celui des informations dans le texte peut cr\u00e9er ou lever une difficult\u00e9 pour les candidats. La r\u00e9flexion sur cet aspect doit rester ouverte et tenir compte des observations r\u00e9alis\u00e9es sur les candidats au cours de l&rsquo;entra\u00eenement.<\/p>\n\n\n\n<p>Pour le questionnaire de compr\u00e9hension \u00e9crite, la d\u00e9finition d&rsquo;\u00e9preuve indique que la progression va du g\u00e9n\u00e9ral au particulier. Il est possible d&rsquo;encadrer les questions visant \u00e0 l\u2019identification d\u2019\u00e9l\u00e9ments factuels par une question initiale g\u00e9n\u00e9rique et une question finale de r\u00e9capitulation ou de synth\u00e8se. Des questions qui, d\u2019une certaine fa\u00e7on, conduisent les \u00e9l\u00e8ves \u00e0 effectuer une traduction en fran\u00e7ais de tel ou tel \u00e9l\u00e9ment d\u2019information ou de tel ou tel bref segment du texte ne sont pas \u00e0 exclure, notamment dans l\u2019optique d\u2019une mise en \u0153uvre de la comp\u00e9tence de m\u00e9diation linguistique. Toutefois, cela ne revient pas \u00e0 demander directement de traduire un passage. Enfin les questions ferm\u00e9es sont \u00e0 proscrire.<\/p>\n\n\n\n<h3 class=\"wp-block-heading\">A propos des sujets d&rsquo;expression \u00e9crite<\/h3>\n\n\n\n<p>Il est n\u00e9cessaire de veiller \u00e0 la plausibilit\u00e9 et \u00e0 la vraisemblance des situations d\u2019\u00e9criture propos\u00e9es (il est par exemple difficile de demander aux \u00e9l\u00e8ves de se mettre dans la peau d\u2019un patron ou d\u2019un \u00ab responsable \u00bb).<\/p>\n\n\n\n<p>On \u00e9vitera les sujets qui risqueraient de faire appel de fa\u00e7on trop intrusive et\/ou d\u00e9stabilisante \u00e0 l\u2019exp\u00e9rience personnelle des \u00e9l\u00e8ves, notamment leur situation familiale.<\/p>\n\n\n\n<p><\/p>\n","protected":false},"excerpt":{"rendered":"<p>L&rsquo;\u00e9preuve obligatoire de langue vivante \u00e9trang\u00e8re comporte une \u00e9preuve \u00e9crite commune. Pour l&rsquo;\u00e9preuve ponctuelle, le sujet est national. Pour le contr\u00f4le en cours de formation, le sujet est \u00e9labor\u00e9 au sein de l&rsquo;\u00e9tablissement ou du CFA. Les ressources et r\u00e9flexions r\u00e9unies sur cette page ont \u00e9t\u00e9 produites par diff\u00e9rentes acad\u00e9mies et par l&rsquo;inspection g\u00e9n\u00e9rale de [&hellip;]<\/p>\n","protected":false},"author":16,"featured_media":0,"parent":74,"menu_order":0,"comment_status":"closed","ping_status":"closed","template":"","meta":{"ngg_post_thumbnail":0,"footnotes":""},"class_list":["post-193","page","type-page","status-publish","czr-hentry"],"publishpress_future_action":{"enabled":false,"date":"2026-04-23 01:47:57","action":"change-status","newStatus":"draft","terms":[],"taxonomy":"","extraData":[]},"publishpress_future_workflow_manual_trigger":{"enabledWorkflows":[]},"_links":{"self":[{"href":"http:\/\/pedagogie.ac-lille.fr\/lv-voiepro\/wp-json\/wp\/v2\/pages\/193","targetHints":{"allow":["GET"]}}],"collection":[{"href":"http:\/\/pedagogie.ac-lille.fr\/lv-voiepro\/wp-json\/wp\/v2\/pages"}],"about":[{"href":"http:\/\/pedagogie.ac-lille.fr\/lv-voiepro\/wp-json\/wp\/v2\/types\/page"}],"author":[{"embeddable":true,"href":"http:\/\/pedagogie.ac-lille.fr\/lv-voiepro\/wp-json\/wp\/v2\/users\/16"}],"replies":[{"embeddable":true,"href":"http:\/\/pedagogie.ac-lille.fr\/lv-voiepro\/wp-json\/wp\/v2\/comments?post=193"}],"version-history":[{"count":25,"href":"http:\/\/pedagogie.ac-lille.fr\/lv-voiepro\/wp-json\/wp\/v2\/pages\/193\/revisions"}],"predecessor-version":[{"id":404,"href":"http:\/\/pedagogie.ac-lille.fr\/lv-voiepro\/wp-json\/wp\/v2\/pages\/193\/revisions\/404"}],"up":[{"embeddable":true,"href":"http:\/\/pedagogie.ac-lille.fr\/lv-voiepro\/wp-json\/wp\/v2\/pages\/74"}],"wp:attachment":[{"href":"http:\/\/pedagogie.ac-lille.fr\/lv-voiepro\/wp-json\/wp\/v2\/media?parent=193"}],"curies":[{"name":"wp","href":"https:\/\/api.w.org\/{rel}","templated":true}]}}