{"id":264,"date":"2021-01-12T17:39:12","date_gmt":"2021-01-12T16:39:12","guid":{"rendered":"https:\/\/pedagogie.ac-lille.fr\/lv-voiepro\/?page_id=264"},"modified":"2025-04-04T07:18:53","modified_gmt":"2025-04-04T05:18:53","slug":"apprentissage","status":"publish","type":"page","link":"http:\/\/pedagogie.ac-lille.fr\/lv-voiepro\/apprentissage\/","title":{"rendered":"Apprentissage"},"content":{"rendered":"\n<p>Les formations par apprentissage conduisant \u00e0 la d\u00e9livrance d&rsquo;un CAP, d&rsquo;un baccalaur\u00e9at professionnel ou d&rsquo;un brevet professionnel comportent un enseignement de langue vivante. Le programme est alors \u00e0 mettre en \u0153uvre.<\/p>\n\n\n\n<p>Par ailleurs, les langues vivantes contribuent \u00e0 la r\u00e9ussite de certaines missions confi\u00e9es aux centres de formation par apprentissage : sensibilisation \u00e0 l&rsquo;\u00e9galit\u00e9 entre les femmes et les hommes, lutte contre les discriminations, encouragement de la mobilit\u00e9. Un d\u00e9tour par les cultures anglophones peut enrichir la r\u00e9flexion sur ces sujets. <\/p>\n\n\n\n<p>L&rsquo;apprentissage d&rsquo;une langue vivante \u00e9trang\u00e8re exige une pratique r\u00e9guli\u00e8re. Les projets p\u00e9dagogiques men\u00e9s dans le cadre de l&rsquo;alternance devront, autant que possible, prendre appui sur des observations et des relev\u00e9s effectu\u00e9s dans le milieu professionnel.<\/p>\n\n\n\n<p>Une organisation sp\u00e9cifique des s\u00e9quences est \u00e0 mettre en place en fonction de la dur\u00e9e des p\u00e9riodes d&rsquo;alternance, afin d&rsquo;\u00e9viter le risque de leur morcellement ou de leur \u00e9tirement. <\/p>\n\n\n\n<p><\/p>\n\n\n\n<p><\/p>\n\n\n\n<h2 class=\"wp-block-heading\">Examens et programme en un clin d&rsquo;\u0153il<\/h2>\n\n\n\n<p>Vous trouverez, sur ce Digipad, un guide du programme de Langues Vivantes en Lyc\u00e9e Professionnel 2019, avec quelques conseils \u00e0 destination des formateurs en langues vivantes, en Centres ou Unit\u00e9s de Formation d&rsquo;Apprentis. Des informations concernant les examens y sont \u00e9galement propos\u00e9es.<\/p>\n\n\n\n<p><a href=\"https:\/\/digipad.app\/p\/1028035\/c3f42f5a9b57b\">https:\/\/digipad.app\/p\/1028035\/c3f42f5a9b57b<\/a><\/p>\n\n\n\n<p><\/p>\n","protected":false},"excerpt":{"rendered":"<p>Les formations par apprentissage conduisant \u00e0 la d\u00e9livrance d&rsquo;un CAP, d&rsquo;un baccalaur\u00e9at professionnel ou d&rsquo;un brevet professionnel comportent un enseignement de langue vivante. Le programme est alors \u00e0 mettre en \u0153uvre. Par ailleurs, les langues vivantes contribuent \u00e0 la r\u00e9ussite de certaines missions confi\u00e9es aux centres de formation par apprentissage : sensibilisation \u00e0 l&rsquo;\u00e9galit\u00e9 entre [&hellip;]<\/p>\n","protected":false},"author":16,"featured_media":0,"parent":0,"menu_order":0,"comment_status":"closed","ping_status":"closed","template":"","meta":{"ngg_post_thumbnail":0,"footnotes":""},"class_list":["post-264","page","type-page","status-publish","czr-hentry"],"publishpress_future_action":{"enabled":false,"date":"2026-04-23 03:47:41","action":"change-status","newStatus":"draft","terms":[],"taxonomy":"","extraData":[]},"publishpress_future_workflow_manual_trigger":{"enabledWorkflows":[]},"_links":{"self":[{"href":"http:\/\/pedagogie.ac-lille.fr\/lv-voiepro\/wp-json\/wp\/v2\/pages\/264","targetHints":{"allow":["GET"]}}],"collection":[{"href":"http:\/\/pedagogie.ac-lille.fr\/lv-voiepro\/wp-json\/wp\/v2\/pages"}],"about":[{"href":"http:\/\/pedagogie.ac-lille.fr\/lv-voiepro\/wp-json\/wp\/v2\/types\/page"}],"author":[{"embeddable":true,"href":"http:\/\/pedagogie.ac-lille.fr\/lv-voiepro\/wp-json\/wp\/v2\/users\/16"}],"replies":[{"embeddable":true,"href":"http:\/\/pedagogie.ac-lille.fr\/lv-voiepro\/wp-json\/wp\/v2\/comments?post=264"}],"version-history":[{"count":9,"href":"http:\/\/pedagogie.ac-lille.fr\/lv-voiepro\/wp-json\/wp\/v2\/pages\/264\/revisions"}],"predecessor-version":[{"id":890,"href":"http:\/\/pedagogie.ac-lille.fr\/lv-voiepro\/wp-json\/wp\/v2\/pages\/264\/revisions\/890"}],"wp:attachment":[{"href":"http:\/\/pedagogie.ac-lille.fr\/lv-voiepro\/wp-json\/wp\/v2\/media?parent=264"}],"curies":[{"name":"wp","href":"https:\/\/api.w.org\/{rel}","templated":true}]}}