{"id":449,"date":"2022-02-28T17:24:13","date_gmt":"2022-02-28T16:24:13","guid":{"rendered":"https:\/\/pedagogie.ac-lille.fr\/3eme-prepa-metiers\/?page_id=449"},"modified":"2022-04-26T13:01:25","modified_gmt":"2022-04-26T11:01:25","slug":"la-salle-flexible","status":"publish","type":"page","link":"https:\/\/pedagogie.ac-lille.fr\/3eme-prepa-metiers\/la-salle-flexible\/","title":{"rendered":"La salle flexible"},"content":{"rendered":"\n<figure class=\"wp-block-image size-full is-resized\"><img loading=\"lazy\" decoding=\"async\" src=\"https:\/\/pedagogie.ac-lille.fr\/3eme-prepa-metiers\/wp-content\/uploads\/sites\/47\/2022\/02\/salle-flexible.png\" alt=\"\" class=\"wp-image-450\" width=\"407\" height=\"205\" srcset=\"https:\/\/pedagogie.ac-lille.fr\/3eme-prepa-metiers\/wp-content\/uploads\/sites\/47\/2022\/02\/salle-flexible.png 800w, https:\/\/pedagogie.ac-lille.fr\/3eme-prepa-metiers\/wp-content\/uploads\/sites\/47\/2022\/02\/salle-flexible-300x151.png 300w, https:\/\/pedagogie.ac-lille.fr\/3eme-prepa-metiers\/wp-content\/uploads\/sites\/47\/2022\/02\/salle-flexible-768x386.png 768w\" sizes=\"auto, (max-width: 407px) 100vw, 407px\" \/><\/figure>\n\n\n\n<p>N\u00e9 en Am\u00e9rique du Nord, l&rsquo;am\u00e9nagement de la salle flexible a prouv\u00e9 son utilit\u00e9 pour favoriser le d\u00e9veloppement de la cr\u00e9ativit\u00e9, de la libert\u00e9 d\u2019expression ou encore de la motivation des \u00e9l\u00e8ves\u00a0!\u00a0<\/p>\n\n\n\n<p>Retrouvez <strong><a href=\"https:\/\/view.genial.ly\/624d8a0e58094c001181dc56\/presentation-vibrant-flipped-classroom-presentation\" data-type=\"URL\" data-id=\"https:\/\/view.genial.ly\/624d8a0e58094c001181dc56\/presentation-vibrant-flipped-classroom-presentation\" target=\"_blank\" rel=\"noreferrer noopener\">ici<\/a><\/strong> la salle flexible exp\u00e9riment\u00e9e au lyc\u00e9e professionnel de la Peupleraie \u00e0 Sallaumines.<\/p>\n","protected":false},"excerpt":{"rendered":"<p>N\u00e9 en Am\u00e9rique du Nord, l&rsquo;am\u00e9nagement de la salle flexible a prouv\u00e9 son utilit\u00e9 pour favoriser le d\u00e9veloppement de la cr\u00e9ativit\u00e9, de la libert\u00e9 d\u2019expression ou encore de la motivation des \u00e9l\u00e8ves\u00a0!\u00a0 Retrouvez ici la salle flexible exp\u00e9riment\u00e9e au lyc\u00e9e professionnel de la Peupleraie \u00e0 Sallaumines.<\/p>\n","protected":false},"author":25,"featured_media":0,"parent":0,"menu_order":0,"comment_status":"closed","ping_status":"closed","template":"","meta":{"ngg_post_thumbnail":0,"footnotes":""},"class_list":["post-449","page","type-page","status-publish","czr-hentry"],"publishpress_future_action":{"enabled":false,"date":"2026-04-11 11:55:47","action":"change-status","newStatus":"draft","terms":[],"taxonomy":"","extraData":[]},"publishpress_future_workflow_manual_trigger":{"enabledWorkflows":[]},"_links":{"self":[{"href":"https:\/\/pedagogie.ac-lille.fr\/3eme-prepa-metiers\/wp-json\/wp\/v2\/pages\/449","targetHints":{"allow":["GET"]}}],"collection":[{"href":"https:\/\/pedagogie.ac-lille.fr\/3eme-prepa-metiers\/wp-json\/wp\/v2\/pages"}],"about":[{"href":"https:\/\/pedagogie.ac-lille.fr\/3eme-prepa-metiers\/wp-json\/wp\/v2\/types\/page"}],"author":[{"embeddable":true,"href":"https:\/\/pedagogie.ac-lille.fr\/3eme-prepa-metiers\/wp-json\/wp\/v2\/users\/25"}],"replies":[{"embeddable":true,"href":"https:\/\/pedagogie.ac-lille.fr\/3eme-prepa-metiers\/wp-json\/wp\/v2\/comments?post=449"}],"version-history":[{"count":13,"href":"https:\/\/pedagogie.ac-lille.fr\/3eme-prepa-metiers\/wp-json\/wp\/v2\/pages\/449\/revisions"}],"predecessor-version":[{"id":585,"href":"https:\/\/pedagogie.ac-lille.fr\/3eme-prepa-metiers\/wp-json\/wp\/v2\/pages\/449\/revisions\/585"}],"wp:attachment":[{"href":"https:\/\/pedagogie.ac-lille.fr\/3eme-prepa-metiers\/wp-json\/wp\/v2\/media?parent=449"}],"curies":[{"name":"wp","href":"https:\/\/api.w.org\/{rel}","templated":true}]}}