{"id":641,"date":"2024-05-12T09:47:13","date_gmt":"2024-05-12T07:47:13","guid":{"rendered":"https:\/\/pedagogie.ac-lille.fr\/3eme-prepa-metiers\/?page_id=641"},"modified":"2024-06-11T09:32:26","modified_gmt":"2024-06-11T07:32:26","slug":"presentation-dune-sequence-commune","status":"publish","type":"page","link":"https:\/\/pedagogie.ac-lille.fr\/3eme-prepa-metiers\/presentation-dune-sequence-commune\/","title":{"rendered":"Pr\u00e9sentation d&rsquo;une s\u00e9quence commune"},"content":{"rendered":"\n<p>Vous trouverez ci-dessous <strong>une r\u00e9flexion<\/strong> autour d&rsquo;une s\u00e9quence commune aux 3 disciplines , le th\u00e8me abord\u00e9 est <strong><mark style=\"background-color:#ffffff\" class=\"has-inline-color has-vivid-red-color\">le CO<sub>2<\/sub> <\/mark><\/strong><\/p>\n\n\n\n<p>Cette s\u00e9quence commune vient s&rsquo;int\u00e9grer au cours de l&rsquo;ann\u00e9e scolaire dans le projet p\u00e9dagogique de la classe : <strong>Les bienfaits et les m\u00e9faits du progr\u00e8s<\/strong>. Il est fortement conseill\u00e9 de d\u00e9marrer cette s\u00e9quence par une <strong>situation dite \u00ab\u00a0d\u00e9clenchante\u00a0\u00bb<\/strong> , dans le cas pr\u00e9sent les cons\u00e9quences du d\u00e9r\u00e8glement climatique et les effets sur l&rsquo;organisme de l&rsquo;augmentation du taux de CO<sub>2<\/sub> dans une salle. A souligner \u00e9galement que les activit\u00e9s propos\u00e9es pour les s\u00e9ances des 3 disciplines doivent se d\u00e9rouler \u00e9videmment <mark style=\"background-color:#ffffff\" class=\"has-inline-color has-vivid-red-color\"><strong>en \u00ab\u00a0m\u00eame\u00a0\u00bb temps<\/strong> <\/mark>et ne doivent <strong><mark style=\"background-color:#ffffff\" class=\"has-inline-color has-vivid-red-color\">pas durer trop longtemps<\/mark><\/strong> afin de conserver l&rsquo;int\u00e9r\u00eat de l&rsquo;\u00e9l\u00e8ve pour la s\u00e9quence commune. ( Ex. : 2 \u00e0 3 s\u00e9ances d&rsquo;une heure par discipline ) .<\/p>\n\n\n<div class=\"wp-block-image\">\n<figure class=\"aligncenter size-full is-resized\"><a href=\"https:\/\/pedagogie.ac-lille.fr\/3eme-prepa-metiers\/wp-content\/uploads\/sites\/47\/2024\/05\/Reflexion-Bloc-Sciences-Seclin-formations-2023-2024-1.pdf\"><img loading=\"lazy\" decoding=\"async\" width=\"421\" height=\"232\" src=\"https:\/\/pedagogie.ac-lille.fr\/3eme-prepa-metiers\/wp-content\/uploads\/sites\/47\/2024\/05\/Image-presentation-reflexion.jpg\" alt=\"\" class=\"wp-image-709\" style=\"width:254px;height:auto\" srcset=\"https:\/\/pedagogie.ac-lille.fr\/3eme-prepa-metiers\/wp-content\/uploads\/sites\/47\/2024\/05\/Image-presentation-reflexion.jpg 421w, https:\/\/pedagogie.ac-lille.fr\/3eme-prepa-metiers\/wp-content\/uploads\/sites\/47\/2024\/05\/Image-presentation-reflexion-300x165.jpg 300w\" sizes=\"auto, (max-width: 421px) 100vw, 421px\" \/><\/a><figcaption class=\"wp-element-caption\">S\u00e9quence commune CO<sub>2<\/sub><\/figcaption><\/figure>\n<\/div>\n\n\n<p><\/p>\n\n\n\n<p><\/p>\n\n\n\n<p><\/p>\n\n\n\n<p><\/p>\n\n\n\n<p><\/p>\n\n\n\n<p>La fiche 16 permet de <strong>synth\u00e9tiser les activit\u00e9s propos\u00e9es<\/strong> aux \u00e9l\u00e8ves pour les 3 disciplines et donner du sens \u00e0 ces activit\u00e9s. Elle cible \u00e9galement les <strong>th\u00e9matiques abord\u00e9es <\/strong>dans le programme de chacune des disciplines. La <strong>d\u00e9couverte professionnelle<\/strong> peut \u00eatre pr\u00e9cis\u00e9e : visite(s) d&rsquo;entreprise \/ poursuite d&rsquo;\u00e9tude . Cette fiche permet \u00e9galement de faire le lien avec des<strong> activit\u00e9s en math\u00e9matiques <\/strong>notamment en consolidation de ctte dioscipline<\/p>\n\n\n\n<p><\/p>\n\n\n\n<p>Vous trouverez ci-dessous la fiche 16 du vademecum compl\u00e9t\u00e9e concernant les activit\u00e9s propos\u00e9es pour la s\u00e9quence commune.<\/p>\n\n\n<div class=\"wp-block-image\">\n<figure class=\"aligncenter size-full is-resized\"><a href=\"https:\/\/pedagogie.ac-lille.fr\/3eme-prepa-metiers\/wp-content\/uploads\/sites\/47\/2024\/05\/Fiche-16-du-vademecum-SECLIN.pdf\"><img loading=\"lazy\" decoding=\"async\" width=\"943\" height=\"715\" src=\"https:\/\/pedagogie.ac-lille.fr\/3eme-prepa-metiers\/wp-content\/uploads\/sites\/47\/2024\/05\/Fiche-16-seclin.jpg\" alt=\"\" class=\"wp-image-735\" style=\"width:142px;height:auto\" srcset=\"https:\/\/pedagogie.ac-lille.fr\/3eme-prepa-metiers\/wp-content\/uploads\/sites\/47\/2024\/05\/Fiche-16-seclin.jpg 943w, https:\/\/pedagogie.ac-lille.fr\/3eme-prepa-metiers\/wp-content\/uploads\/sites\/47\/2024\/05\/Fiche-16-seclin-300x227.jpg 300w, https:\/\/pedagogie.ac-lille.fr\/3eme-prepa-metiers\/wp-content\/uploads\/sites\/47\/2024\/05\/Fiche-16-seclin-768x582.jpg 768w\" sizes=\"auto, (max-width: 943px) 100vw, 943px\" \/><\/a><figcaption class=\"wp-element-caption\">Fiche 16 compl\u00e9t\u00e9e<\/figcaption><\/figure>\n<\/div>\n\n\n<p>Il est important de se rappeler que les <strong><mark style=\"background-color:#ffffff\" class=\"has-inline-color has-vivid-red-color\">comp\u00e9tences \u00e9valu\u00e9es du socle commun sont identiques <\/mark><\/strong>pour les 3 disciplines.<\/p>\n\n\n<div class=\"wp-block-image\">\n<figure class=\"aligncenter size-large is-resized\"><a href=\"https:\/\/pedagogie.ac-lille.fr\/3eme-prepa-metiers\/wp-content\/uploads\/sites\/47\/2024\/05\/Gabarit-Seclin.pdf\"><img loading=\"lazy\" decoding=\"async\" width=\"1024\" height=\"572\" src=\"https:\/\/pedagogie.ac-lille.fr\/3eme-prepa-metiers\/wp-content\/uploads\/sites\/47\/2024\/05\/Gabarit-image-1024x572.jpg\" alt=\"\" class=\"wp-image-754\" style=\"width:152px;height:auto\" srcset=\"https:\/\/pedagogie.ac-lille.fr\/3eme-prepa-metiers\/wp-content\/uploads\/sites\/47\/2024\/05\/Gabarit-image-1024x572.jpg 1024w, https:\/\/pedagogie.ac-lille.fr\/3eme-prepa-metiers\/wp-content\/uploads\/sites\/47\/2024\/05\/Gabarit-image-300x168.jpg 300w, https:\/\/pedagogie.ac-lille.fr\/3eme-prepa-metiers\/wp-content\/uploads\/sites\/47\/2024\/05\/Gabarit-image-768x429.jpg 768w, https:\/\/pedagogie.ac-lille.fr\/3eme-prepa-metiers\/wp-content\/uploads\/sites\/47\/2024\/05\/Gabarit-image.jpg 1406w\" sizes=\"auto, (max-width: 1024px) 100vw, 1024px\" \/><\/a><figcaption class=\"wp-element-caption\">Aper\u00e7u des comp\u00e9tences cibl\u00e9es<\/figcaption><\/figure>\n<\/div>\n\n\n<p>Vous pouvez <strong>t\u00e9l\u00e9charger ci-dessous<\/strong> les documents  de chacune des disciplines concernant la s\u00e9quence sur le CO<sub>2<\/sub><\/p>\n\n\n\n<p><a href=\"https:\/\/pedagogie.ac-lille.fr\/3eme-prepa-metiers\/wp-content\/uploads\/sites\/47\/2024\/05\/seance_experience_C02-1.pdf\"><mark style=\"background-color:#ffffff\" class=\"has-inline-color has-vivid-green-cyan-color\"><strong>S\u00e9ances SVT<\/strong> <\/mark><\/a>: Mise en \u00e9vidence du CO2 dans l&rsquo;air expir\u00e9 et \u00e9volution du taux de CO2 dans une salle de classe.<\/p>\n\n\n\n<p><strong><a href=\"https:\/\/pedagogie.ac-lille.fr\/3eme-prepa-metiers\/wp-content\/uploads\/sites\/47\/2024\/05\/Seance-Physique-Chimie.pdf\"><mark style=\"background-color:#ffffff\" class=\"has-inline-color has-vivid-green-cyan-color\">S\u00e9ances Physique-Chimie<\/mark><\/a><\/strong> : Qu&rsquo;est ce que l&rsquo;effet de serre \/ Montrer que le CO2 est un gaz \u00e0 effet de serre.<\/p>\n\n\n\n<p>S\u00e9ances Technologie<mark style=\"background-color:#ffffff\" class=\"has-inline-color has-vivid-red-color\">*<\/mark> : R\u00e9alisation d&rsquo;un prototype \u00ab\u00a0afficheur CO2\u00a0\u00bb \/ R\u00e9alisation d&rsquo;un d\u00e9tecteur-avertisseur du taux de CO2<\/p>\n\n\n\n<ul class=\"wp-block-list\">\n<li><a href=\"https:\/\/pedagogie.ac-lille.fr\/3eme-prepa-metiers\/wp-content\/uploads\/sites\/47\/2024\/05\/Document-reponse-besoin.pdf\">Document R\u00e9ponse \u00ab\u00a0Besoin\u00a0\u00bb<\/a><\/li>\n\n\n\n<li><a href=\"https:\/\/pedagogie.ac-lille.fr\/3eme-prepa-metiers\/wp-content\/uploads\/sites\/47\/2024\/05\/Document-reponse-programmation.pdf\">Document R\u00e9ponse \u00ab\u00a0Programmation\u00a0\u00bb<\/a><\/li>\n\n\n\n<li><a href=\"https:\/\/pedagogie.ac-lille.fr\/3eme-prepa-metiers\/wp-content\/uploads\/sites\/47\/2024\/05\/Commande-materiel-sur-vittascience-avec-calcul-du-prix-total.xlsx\">Commande Mat\u00e9riel \u00ab\u00a0Vittascience\u00a0\u00bb \/ Chaine d&rsquo;information<\/a><\/li>\n\n\n\n<li>Vues projet\u00e9es composants<\/li>\n\n\n\n<li><a href=\"https:\/\/pedagogie.ac-lille.fr\/3eme-prepa-metiers\/wp-content\/uploads\/sites\/47\/2024\/05\/Eclate-de-la-berline.pdf\">\u00c9clat\u00e9 d\u00e9tecteur de CO<sub>2<\/sub><\/a><\/li>\n\n\n\n<li>Document R\u00e9ponse \u00ab\u00a0Mod\u00e9lisation\u00a0\u00bb<\/li>\n<\/ul>\n\n\n\n<p class=\"has-text-align-center\"><strong><mark style=\"background-color:#ffffff\" class=\"has-inline-color has-vivid-red-color\">* Le projet a \u00e9volu\u00e9 entre le d\u00e9but et la r\u00e9alisation finale<\/mark><\/strong> (Changement de composant , Probl\u00e8me rencontr\u00e9 avec l&rsquo;impression 3D)<\/p>\n\n\n\n<p>Pour vous permettre de travailler en \u00e9quipe sur une s\u00e9quence commune vous retrouverez ci-dessous la fiche 16 \u00ab\u00a0vierge\u00a0\u00bb sous format Word.<\/p>\n\n\n<div class=\"wp-block-image\">\n<figure class=\"aligncenter size-large is-resized\"><a href=\"https:\/\/pedagogie.ac-lille.fr\/3eme-prepa-metiers\/wp-content\/uploads\/sites\/47\/2024\/06\/Fiche-16-du-vademecum-zones-de-texte-et-cliquable.docx\" target=\"_blank\" rel=\"noreferrer noopener\"><img loading=\"lazy\" decoding=\"async\" width=\"1024\" height=\"723\" src=\"https:\/\/pedagogie.ac-lille.fr\/3eme-prepa-metiers\/wp-content\/uploads\/sites\/47\/2024\/06\/Fiche-16-avec-zones-cliquables-et-zones-de-textes-1024x723.jpg\" alt=\"\" class=\"wp-image-854\" style=\"width:150px;height:auto\" srcset=\"https:\/\/pedagogie.ac-lille.fr\/3eme-prepa-metiers\/wp-content\/uploads\/sites\/47\/2024\/06\/Fiche-16-avec-zones-cliquables-et-zones-de-textes-1024x723.jpg 1024w, https:\/\/pedagogie.ac-lille.fr\/3eme-prepa-metiers\/wp-content\/uploads\/sites\/47\/2024\/06\/Fiche-16-avec-zones-cliquables-et-zones-de-textes-300x212.jpg 300w, https:\/\/pedagogie.ac-lille.fr\/3eme-prepa-metiers\/wp-content\/uploads\/sites\/47\/2024\/06\/Fiche-16-avec-zones-cliquables-et-zones-de-textes-768x542.jpg 768w, https:\/\/pedagogie.ac-lille.fr\/3eme-prepa-metiers\/wp-content\/uploads\/sites\/47\/2024\/06\/Fiche-16-avec-zones-cliquables-et-zones-de-textes.jpg 1119w\" sizes=\"auto, (max-width: 1024px) 100vw, 1024px\" \/><\/a><\/figure>\n<\/div>","protected":false},"excerpt":{"rendered":"<p>Vous trouverez ci-dessous une r\u00e9flexion autour d&rsquo;une s\u00e9quence commune aux 3 disciplines , le th\u00e8me abord\u00e9 est le CO2 Cette s\u00e9quence commune vient s&rsquo;int\u00e9grer au cours de l&rsquo;ann\u00e9e scolaire dans le projet p\u00e9dagogique de la classe : Les bienfaits et les m\u00e9faits du progr\u00e8s. Il est fortement conseill\u00e9 de d\u00e9marrer cette s\u00e9quence par une situation [&hellip;]<\/p>\n","protected":false},"author":25,"featured_media":0,"parent":0,"menu_order":0,"comment_status":"closed","ping_status":"closed","template":"","meta":{"ngg_post_thumbnail":0,"footnotes":""},"class_list":["post-641","page","type-page","status-publish","czr-hentry"],"publishpress_future_action":{"enabled":false,"date":"2026-04-11 11:55:47","action":"change-status","newStatus":"draft","terms":[],"taxonomy":"","extraData":[]},"publishpress_future_workflow_manual_trigger":{"enabledWorkflows":[]},"_links":{"self":[{"href":"https:\/\/pedagogie.ac-lille.fr\/3eme-prepa-metiers\/wp-json\/wp\/v2\/pages\/641","targetHints":{"allow":["GET"]}}],"collection":[{"href":"https:\/\/pedagogie.ac-lille.fr\/3eme-prepa-metiers\/wp-json\/wp\/v2\/pages"}],"about":[{"href":"https:\/\/pedagogie.ac-lille.fr\/3eme-prepa-metiers\/wp-json\/wp\/v2\/types\/page"}],"author":[{"embeddable":true,"href":"https:\/\/pedagogie.ac-lille.fr\/3eme-prepa-metiers\/wp-json\/wp\/v2\/users\/25"}],"replies":[{"embeddable":true,"href":"https:\/\/pedagogie.ac-lille.fr\/3eme-prepa-metiers\/wp-json\/wp\/v2\/comments?post=641"}],"version-history":[{"count":50,"href":"https:\/\/pedagogie.ac-lille.fr\/3eme-prepa-metiers\/wp-json\/wp\/v2\/pages\/641\/revisions"}],"predecessor-version":[{"id":856,"href":"https:\/\/pedagogie.ac-lille.fr\/3eme-prepa-metiers\/wp-json\/wp\/v2\/pages\/641\/revisions\/856"}],"wp:attachment":[{"href":"https:\/\/pedagogie.ac-lille.fr\/3eme-prepa-metiers\/wp-json\/wp\/v2\/media?parent=641"}],"curies":[{"name":"wp","href":"https:\/\/api.w.org\/{rel}","templated":true}]}}