{"id":62,"date":"2021-01-06T05:12:53","date_gmt":"2021-01-06T04:12:53","guid":{"rendered":"http:\/\/pedagogie.ac-lille.fr\/chaudronnerie-lp\/?page_id=62"},"modified":"2022-01-31T11:12:34","modified_gmt":"2022-01-31T10:12:34","slug":"page1-1","status":"publish","type":"page","link":"https:\/\/pedagogie.ac-lille.fr\/chaudronnerie-lp\/page1-2\/page1-1\/","title":{"rendered":"Les Activit\u00e9s d&rsquo;Apprentissages Finales"},"content":{"rendered":"\n<p>Retrouvez l&rsquo;ensemble des documents de travail r\u00e9alis\u00e9 par les coll\u00e8gues de l&rsquo;acad\u00e9mie<\/p>\n","protected":false},"excerpt":{"rendered":"<p>Retrouvez l&rsquo;ensemble des documents de travail r\u00e9alis\u00e9 par les coll\u00e8gues de l&rsquo;acad\u00e9mie<\/p>\n","protected":false},"author":4,"featured_media":455,"parent":58,"menu_order":1,"comment_status":"closed","ping_status":"closed","template":"","meta":{"ngg_post_thumbnail":0,"footnotes":""},"class_list":["post-62","page","type-page","status-publish","has-post-thumbnail","czr-hentry"],"publishpress_future_action":{"enabled":false,"date":"2026-04-16 22:43:02","action":"change-status","newStatus":"draft","terms":[],"taxonomy":"","extraData":[]},"publishpress_future_workflow_manual_trigger":{"enabledWorkflows":[]},"_links":{"self":[{"href":"https:\/\/pedagogie.ac-lille.fr\/chaudronnerie-lp\/wp-json\/wp\/v2\/pages\/62","targetHints":{"allow":["GET"]}}],"collection":[{"href":"https:\/\/pedagogie.ac-lille.fr\/chaudronnerie-lp\/wp-json\/wp\/v2\/pages"}],"about":[{"href":"https:\/\/pedagogie.ac-lille.fr\/chaudronnerie-lp\/wp-json\/wp\/v2\/types\/page"}],"author":[{"embeddable":true,"href":"https:\/\/pedagogie.ac-lille.fr\/chaudronnerie-lp\/wp-json\/wp\/v2\/users\/4"}],"replies":[{"embeddable":true,"href":"https:\/\/pedagogie.ac-lille.fr\/chaudronnerie-lp\/wp-json\/wp\/v2\/comments?post=62"}],"version-history":[{"count":3,"href":"https:\/\/pedagogie.ac-lille.fr\/chaudronnerie-lp\/wp-json\/wp\/v2\/pages\/62\/revisions"}],"predecessor-version":[{"id":445,"href":"https:\/\/pedagogie.ac-lille.fr\/chaudronnerie-lp\/wp-json\/wp\/v2\/pages\/62\/revisions\/445"}],"up":[{"embeddable":true,"href":"https:\/\/pedagogie.ac-lille.fr\/chaudronnerie-lp\/wp-json\/wp\/v2\/pages\/58"}],"wp:featuredmedia":[{"embeddable":true,"href":"https:\/\/pedagogie.ac-lille.fr\/chaudronnerie-lp\/wp-json\/wp\/v2\/media\/455"}],"wp:attachment":[{"href":"https:\/\/pedagogie.ac-lille.fr\/chaudronnerie-lp\/wp-json\/wp\/v2\/media?parent=62"}],"curies":[{"name":"wp","href":"https:\/\/api.w.org\/{rel}","templated":true}]}}