{"id":454,"date":"2021-04-13T16:36:13","date_gmt":"2021-04-13T14:36:13","guid":{"rendered":"https:\/\/pedagogie.ac-lille.fr\/chinois\/?page_id=454"},"modified":"2022-03-21T12:31:33","modified_gmt":"2022-03-21T11:31:33","slug":"pedagogie-numerique","status":"publish","type":"page","link":"https:\/\/pedagogie.ac-lille.fr\/chinois\/pedagogie-numerique\/","title":{"rendered":"P\u00e9dagogie &amp; num\u00e9rique"},"content":{"rendered":"\n<div class=\"wp-block-group\"><div class=\"wp-block-group__inner-container is-layout-flow wp-block-group-is-layout-flow\">\n<div class=\"wp-block-media-text alignwide is-stacked-on-mobile\" style=\"grid-template-columns:30% auto\"><figure class=\"wp-block-media-text__media\"><img loading=\"lazy\" decoding=\"async\" width=\"700\" height=\"366\" src=\"https:\/\/pedagogie.ac-lille.fr\/chinois\/wp-content\/uploads\/sites\/39\/2022\/03\/2015_BO_blocmarque_1200x627_FB_459154.jpg\" alt=\"\" class=\"wp-image-3844 size-full\" srcset=\"https:\/\/pedagogie.ac-lille.fr\/chinois\/wp-content\/uploads\/sites\/39\/2022\/03\/2015_BO_blocmarque_1200x627_FB_459154.jpg 700w, https:\/\/pedagogie.ac-lille.fr\/chinois\/wp-content\/uploads\/sites\/39\/2022\/03\/2015_BO_blocmarque_1200x627_FB_459154-300x157.jpg 300w\" sizes=\"auto, (max-width: 700px) 100vw, 700px\" \/><\/figure><div class=\"wp-block-media-text__content\">\n<p class=\"has-medium-font-size\">Bulletin officiel sur la propri\u00e9t\u00e9 intellectuelle.<\/p>\n\n\n\n<p><a href=\"https:\/\/www.education.gouv.fr\/bo\/2009\/34\/menj0900756x.htm\" target=\"_blank\" rel=\"noreferrer noopener\">Lire le bulletin officiel<\/a><\/p>\n<\/div><\/div>\n<\/div><\/div>\n\n\n\n<div class=\"wp-block-media-text alignwide is-stacked-on-mobile\" style=\"grid-template-columns:30% auto\"><figure class=\"wp-block-media-text__media\"><img loading=\"lazy\" decoding=\"async\" width=\"499\" height=\"122\" src=\"https:\/\/pedagogie.ac-lille.fr\/chinois\/wp-content\/uploads\/sites\/39\/2022\/03\/Logo-Eduscol.jpg\" alt=\"\" class=\"wp-image-3826 size-full\" srcset=\"https:\/\/pedagogie.ac-lille.fr\/chinois\/wp-content\/uploads\/sites\/39\/2022\/03\/Logo-Eduscol.jpg 499w, https:\/\/pedagogie.ac-lille.fr\/chinois\/wp-content\/uploads\/sites\/39\/2022\/03\/Logo-Eduscol-300x73.jpg 300w\" sizes=\"auto, (max-width: 499px) 100vw, 499px\" \/><\/figure><div class=\"wp-block-media-text__content\">\n<p class=\"has-medium-font-size\">Le r\u00e9f\u00e9rentiel CNIL de formation des \u00e9l\u00e8ves \u00e0 la protection des donn\u00e9es personnelles  <\/p>\n\n\n\n<p><a rel=\"noreferrer noopener\" href=\"https:\/\/eduscol.education.fr\/574\/le-referentiel-cnil-de-formation-des-eleves-la-protection-des-donnees-personnelles\" target=\"_blank\">&gt;<\/a><a rel=\"noreferrer noopener\" href=\"https:\/\/eduscol.education.fr\/574\/le-referentiel-cnil-de-formation-des-eleves-la-protection-des-donnees-personnelles\" target=\"_blank\"> <\/a><a rel=\"noreferrer noopener\" href=\"https:\/\/eduscol.education.fr\/574\/le-referentiel-cnil-de-formation-des-eleves-la-protection-des-donnees-personnelles\" target=\"_blank\"> <\/a><a rel=\"noreferrer noopener\" href=\"https:\/\/eduscol.education.fr\/574\/le-referentiel-cnil-de-formation-des-eleves-la-protection-des-donnees-personnelles\" target=\"_blank\">C<\/a><a rel=\"noreferrer noopener\" href=\"https:\/\/eduscol.education.fr\/574\/le-referentiel-cnil-de-formation-des-eleves-la-protection-des-donnees-personnelles\" target=\"_blank\">onsulter sur le site d&rsquo;Eduscol<\/a><\/p>\n<\/div><\/div>\n\n\n\n<hr class=\"wp-block-separator\" \/>\n\n\n\n<div class=\"wp-block-buttons is-layout-flex wp-block-buttons-is-layout-flex\">\n<div class=\"wp-block-button\"><a class=\"wp-block-button__link has-vivid-cyan-blue-background-color has-background\" href=\"https:\/\/pedagogie.ac-lille.fr\/chinois\/pedagogie-numerique\/crise-sanitaire-et-continuite-pedagogique\/\">Crise sanitaire et continuit\u00e9 p\u00e9dagogique<\/a><\/div>\n\n\n\n<div class=\"wp-block-button\"><a class=\"wp-block-button__link has-vivid-cyan-blue-background-color has-background\" href=\"https:\/\/pedagogie.ac-lille.fr\/chinois\/pedagogie-numerique\/sautoformer\/\">S&rsquo;autoformer<\/a><\/div>\n\n\n\n<div class=\"wp-block-button\"><a class=\"wp-block-button__link has-vivid-cyan-blue-background-color has-background\" href=\"https:\/\/pedagogie.ac-lille.fr\/chinois\/pedagogie-numerique\/classe-de-chinois-et-numerique\/\">Classe de chinois et num\u00e9rique<\/a><\/div>\n<\/div>\n","protected":false},"excerpt":{"rendered":"<p>Bulletin officiel sur la propri\u00e9t\u00e9 intellectuelle. Lire le bulletin officiel Le r\u00e9f\u00e9rentiel CNIL de formation des \u00e9l\u00e8ves \u00e0 la protection des donn\u00e9es personnelles &gt; Consulter sur le site d&rsquo;Eduscol<\/p>\n","protected":false},"author":44,"featured_media":0,"parent":0,"menu_order":0,"comment_status":"closed","ping_status":"closed","template":"","meta":{"footnotes":""},"class_list":["post-454","page","type-page","status-publish","czr-hentry"],"publishpress_future_action":{"enabled":false,"date":"2026-04-11 16:04:07","action":"change-status","newStatus":"draft","terms":[],"taxonomy":"","extraData":[]},"publishpress_future_workflow_manual_trigger":{"enabledWorkflows":[]},"_links":{"self":[{"href":"https:\/\/pedagogie.ac-lille.fr\/chinois\/wp-json\/wp\/v2\/pages\/454","targetHints":{"allow":["GET"]}}],"collection":[{"href":"https:\/\/pedagogie.ac-lille.fr\/chinois\/wp-json\/wp\/v2\/pages"}],"about":[{"href":"https:\/\/pedagogie.ac-lille.fr\/chinois\/wp-json\/wp\/v2\/types\/page"}],"author":[{"embeddable":true,"href":"https:\/\/pedagogie.ac-lille.fr\/chinois\/wp-json\/wp\/v2\/users\/44"}],"replies":[{"embeddable":true,"href":"https:\/\/pedagogie.ac-lille.fr\/chinois\/wp-json\/wp\/v2\/comments?post=454"}],"version-history":[{"count":11,"href":"https:\/\/pedagogie.ac-lille.fr\/chinois\/wp-json\/wp\/v2\/pages\/454\/revisions"}],"predecessor-version":[{"id":3846,"href":"https:\/\/pedagogie.ac-lille.fr\/chinois\/wp-json\/wp\/v2\/pages\/454\/revisions\/3846"}],"wp:attachment":[{"href":"https:\/\/pedagogie.ac-lille.fr\/chinois\/wp-json\/wp\/v2\/media?parent=454"}],"curies":[{"name":"wp","href":"https:\/\/api.w.org\/{rel}","templated":true}]}}