{"id":676,"date":"2021-04-15T15:41:16","date_gmt":"2021-04-15T13:41:16","guid":{"rendered":"https:\/\/pedagogie.ac-lille.fr\/chinois\/?page_id=676"},"modified":"2022-05-09T16:35:33","modified_gmt":"2022-05-09T14:35:33","slug":"annales-du-baccalaureat","status":"publish","type":"page","link":"https:\/\/pedagogie.ac-lille.fr\/chinois\/concours\/annales-du-baccalaureat\/","title":{"rendered":"Le baccalaur\u00e9at"},"content":{"rendered":"\n<div class=\"wp-block-image\"><figure class=\"alignleft size-full is-resized\"><img loading=\"lazy\" decoding=\"async\" src=\"https:\/\/pedagogie.ac-lille.fr\/chinois\/wp-content\/uploads\/sites\/39\/2021\/04\/actualit-bac-2021-jpg-51903.jpg\" alt=\"\" class=\"wp-image-668\" width=\"524\" height=\"285\" srcset=\"https:\/\/pedagogie.ac-lille.fr\/chinois\/wp-content\/uploads\/sites\/39\/2021\/04\/actualit-bac-2021-jpg-51903.jpg 698w, https:\/\/pedagogie.ac-lille.fr\/chinois\/wp-content\/uploads\/sites\/39\/2021\/04\/actualit-bac-2021-jpg-51903-300x163.jpg 300w\" sizes=\"auto, (max-width: 524px) 100vw, 524px\" \/><figcaption>Photos \u00a9 www.devenirenseignant.gouv.fr \u2013 MENJS \u2013 droits r\u00e9serv\u00e9s<\/figcaption><\/figure><\/div>\n\n\n\n<div class=\"wp-block-image\"><figure class=\"alignleft size-full\"><a href=\"https:\/\/eduscol.education.fr\/725\/presentation-du-baccalaureat-general\" target=\"_blank\" rel=\"noopener\"><img loading=\"lazy\" decoding=\"async\" width=\"499\" height=\"122\" src=\"https:\/\/pedagogie.ac-lille.fr\/chinois\/wp-content\/uploads\/sites\/39\/2021\/06\/Logo-Eduscol.jpg\" alt=\"\" class=\"wp-image-1765\" srcset=\"https:\/\/pedagogie.ac-lille.fr\/chinois\/wp-content\/uploads\/sites\/39\/2021\/06\/Logo-Eduscol.jpg 499w, https:\/\/pedagogie.ac-lille.fr\/chinois\/wp-content\/uploads\/sites\/39\/2021\/06\/Logo-Eduscol-300x73.jpg 300w\" sizes=\"auto, (max-width: 499px) 100vw, 499px\" \/><\/a><figcaption><a href=\"https:\/\/eduscol.education.fr\/725\/presentation-du-baccalaureat-general\" target=\"_blank\" rel=\"noreferrer noopener\">Pr\u00e9sentation du baccalaur\u00e9at g\u00e9n\u00e9ral sur le site d&rsquo;Eduscol<\/a><\/figcaption><\/figure><\/div>\n\n\n\n<div class=\"wp-block-media-text alignwide is-stacked-on-mobile\" style=\"grid-template-columns:15% auto\"><figure class=\"wp-block-media-text__media\"><img loading=\"lazy\" decoding=\"async\" width=\"256\" height=\"256\" src=\"https:\/\/pedagogie.ac-lille.fr\/chinois\/wp-content\/uploads\/sites\/39\/2021\/04\/logo-PDF-256x256-1.jpg\" alt=\"Fichier PDF\" class=\"wp-image-1314 size-full\" srcset=\"https:\/\/pedagogie.ac-lille.fr\/chinois\/wp-content\/uploads\/sites\/39\/2021\/04\/logo-PDF-256x256-1.jpg 256w, https:\/\/pedagogie.ac-lille.fr\/chinois\/wp-content\/uploads\/sites\/39\/2021\/04\/logo-PDF-256x256-1-150x150.jpg 150w\" sizes=\"auto, (max-width: 256px) 100vw, 256px\" \/><\/figure><div class=\"wp-block-media-text__content\">\n<p class=\"has-medium-font-size\"><a rel=\"noreferrer noopener\" href=\"https:\/\/eduscol.education.fr\/document\/5470\/download\" target=\"_blank\">Guide de l\u2019\u00e9valuation des apprentissages et des acquis des \u00e9l\u00e8ves dans le cadre de la r\u00e9forme du lyc\u00e9e g\u00e9n\u00e9ral et technologique<\/a> <strong>(voir les langues page 8)<\/strong>, site d&rsquo;Eduscol<\/p>\n\n\n\n<p class=\"has-medium-font-size\"><a rel=\"noreferrer noopener\" href=\"https:\/\/pedagogie.ac-lille.fr\/chinois\/wp-content\/uploads\/sites\/39\/2021\/12\/2020-2021-Le-controle-continu-en-LV-bac-GT-2021.pdf\" target=\"_blank\">Baccalaur\u00e9at g\u00e9n\u00e9ral et technologique 2021 : Le contr\u00f4le continu en langues vivantes<\/a> (recommandations du groupe de l\u2019inspection g\u00e9n\u00e9rale des langues)<\/p>\n<\/div><\/div>\n\n\n\n<hr class=\"wp-block-separator\" \/>\n\n\n\n<div class=\"wp-block-buttons is-layout-flex wp-block-buttons-is-layout-flex\">\n<div class=\"wp-block-button is-style-outline is-style-outline--1\"><a class=\"wp-block-button__link\" href=\"https:\/\/pedagogie.ac-lille.fr\/chinois\/concours\/annales\/annales-du-baccalaureat\/\">Annales du baccalaur\u00e9at<\/a><\/div>\n<\/div>\n","protected":false},"excerpt":{"rendered":"<p>Guide de l\u2019\u00e9valuation des apprentissages et des acquis des \u00e9l\u00e8ves dans le cadre de la r\u00e9forme du lyc\u00e9e g\u00e9n\u00e9ral et technologique (voir les langues page 8), site d&rsquo;Eduscol Baccalaur\u00e9at g\u00e9n\u00e9ral et technologique 2021 : Le contr\u00f4le continu en langues vivantes (recommandations du groupe de l\u2019inspection g\u00e9n\u00e9rale des langues)<\/p>\n","protected":false},"author":44,"featured_media":0,"parent":203,"menu_order":0,"comment_status":"closed","ping_status":"closed","template":"","meta":{"footnotes":""},"class_list":["post-676","page","type-page","status-publish","czr-hentry"],"publishpress_future_action":{"enabled":false,"date":"2026-04-11 16:03:50","action":"change-status","newStatus":"draft","terms":[],"taxonomy":"","extraData":[]},"publishpress_future_workflow_manual_trigger":{"enabledWorkflows":[]},"_links":{"self":[{"href":"https:\/\/pedagogie.ac-lille.fr\/chinois\/wp-json\/wp\/v2\/pages\/676","targetHints":{"allow":["GET"]}}],"collection":[{"href":"https:\/\/pedagogie.ac-lille.fr\/chinois\/wp-json\/wp\/v2\/pages"}],"about":[{"href":"https:\/\/pedagogie.ac-lille.fr\/chinois\/wp-json\/wp\/v2\/types\/page"}],"author":[{"embeddable":true,"href":"https:\/\/pedagogie.ac-lille.fr\/chinois\/wp-json\/wp\/v2\/users\/44"}],"replies":[{"embeddable":true,"href":"https:\/\/pedagogie.ac-lille.fr\/chinois\/wp-json\/wp\/v2\/comments?post=676"}],"version-history":[{"count":51,"href":"https:\/\/pedagogie.ac-lille.fr\/chinois\/wp-json\/wp\/v2\/pages\/676\/revisions"}],"predecessor-version":[{"id":4679,"href":"https:\/\/pedagogie.ac-lille.fr\/chinois\/wp-json\/wp\/v2\/pages\/676\/revisions\/4679"}],"up":[{"embeddable":true,"href":"https:\/\/pedagogie.ac-lille.fr\/chinois\/wp-json\/wp\/v2\/pages\/203"}],"wp:attachment":[{"href":"https:\/\/pedagogie.ac-lille.fr\/chinois\/wp-json\/wp\/v2\/media?parent=676"}],"curies":[{"name":"wp","href":"https:\/\/api.w.org\/{rel}","templated":true}]}}