{"id":1474,"date":"2023-10-02T10:34:22","date_gmt":"2023-10-02T08:34:22","guid":{"rendered":"https:\/\/pedagogie.ac-lille.fr\/ecogestion\/?page_id=1474"},"modified":"2023-10-02T11:55:49","modified_gmt":"2023-10-02T09:55:49","slug":"escape-game-pedagogique-enfermes-dans-lusine","status":"publish","type":"page","link":"https:\/\/pedagogie.ac-lille.fr\/ecogestion\/ressources-pedagogiques\/escape-game-pedagogique-enfermes-dans-lusine\/","title":{"rendered":"Escape Game p\u00e9dagogique \u00ab\u00a0Enferm\u00e9s dans l&rsquo;usine\u00a0\u00bb"},"content":{"rendered":"\n<h2 class=\"wp-block-heading has-text-align-center has-text-color has-large-font-size\" style=\"color:#096397\"><strong>D\u00e9couvrez ici un Escape Game p\u00e9dagogique destin\u00e9 aux classes de Premi\u00e8re STMG en Sciences de Gestion et du Num\u00e9rique.<\/strong> <\/h2>\n\n\n\n<div class=\"wp-block-group has-medium-font-size\" style=\"font-style:italic;font-weight:300\"><div class=\"wp-block-group__inner-container is-layout-constrained wp-block-group-is-layout-constrained\">\n<p>Cet Escape Game num\u00e9rique, r\u00e9alisable par les \u00e9l\u00e8ves en 1H30 environ, permet de r\u00e9activer les notions suivantes vues en SDGN :<\/p>\n\n\n\n<ul class=\"wp-block-list\">\n<li><strong>Question de gestion 9 <\/strong>: <br>Quelle prise en compte du temps dans la gestion de l&rsquo;organisation ?<br><\/li>\n\n\n\n<li><strong>Notions<\/strong> : <br>horizon et p\u00e9riode, prospective en mati\u00e8re d&rsquo;activit\u00e9, lien entre temps et valeur financi\u00e8re<\/li>\n<\/ul>\n<\/div><\/div>\n\n\n\n<p>Cliquez sur l&rsquo;image ci-dessous pour acc\u00e9der au jeu<\/p>\n\n\n\n<figure class=\"wp-block-image\"><a href=\"https:\/\/view.genial.ly\/5e4acec6c663b40ee7298f65\"><img loading=\"lazy\" decoding=\"async\" width=\"1611\" height=\"822\" src=\"https:\/\/pedagogie.ac-lille.fr\/ecogestion\/wp-content\/uploads\/sites\/53\/2023\/08\/capture-enfermes-dans-lusine.jpg\" alt=\"enferm\u00e9s dans l'usine\" class=\"wp-image-945\" srcset=\"https:\/\/pedagogie.ac-lille.fr\/ecogestion\/wp-content\/uploads\/sites\/53\/2023\/08\/capture-enfermes-dans-lusine.jpg 1611w, https:\/\/pedagogie.ac-lille.fr\/ecogestion\/wp-content\/uploads\/sites\/53\/2023\/08\/capture-enfermes-dans-lusine-300x153.jpg 300w, https:\/\/pedagogie.ac-lille.fr\/ecogestion\/wp-content\/uploads\/sites\/53\/2023\/08\/capture-enfermes-dans-lusine-1024x522.jpg 1024w, https:\/\/pedagogie.ac-lille.fr\/ecogestion\/wp-content\/uploads\/sites\/53\/2023\/08\/capture-enfermes-dans-lusine-768x392.jpg 768w, https:\/\/pedagogie.ac-lille.fr\/ecogestion\/wp-content\/uploads\/sites\/53\/2023\/08\/capture-enfermes-dans-lusine-1536x784.jpg 1536w\" sizes=\"auto, (max-width: 1611px) 100vw, 1611px\" \/><\/a><\/figure>\n\n\n\n<p class=\"has-black-color has-text-color has-medium-font-size\" style=\"font-style:italic;font-weight:400\"><a href=\"https:\/\/docs.google.com\/spreadsheets\/d\/1_fdTVPw28UpeGJfwhTkY4PiPBIgIt3uK\/edit?usp=sharing&amp;ouid=100600030176878645862&amp;rtpof=true&amp;sd=true\">Lien vers le fichier Excel \u00e0 t\u00e9l\u00e9charger<\/a> pour r\u00e9soudre l&rsquo;\u00e9nigme de l&rsquo;atelier.<\/p>\n","protected":false},"excerpt":{"rendered":"<p>R\u00e9viser le th\u00e8me 4 du programme de Sciences de Gestion et du Num\u00e9rique en jouant \u00e0 un jeu s\u00e9rieux en \u00e9quipe.<\/p>\n","protected":false},"author":120,"featured_media":945,"parent":800,"menu_order":0,"comment_status":"closed","ping_status":"closed","template":"","meta":{"_acf_changed":false,"ngg_post_thumbnail":0,"footnotes":""},"class_list":["post-1474","page","type-page","status-publish","has-post-thumbnail","czr-hentry"],"featured_image_src":"https:\/\/pedagogie.ac-lille.fr\/ecogestion\/wp-content\/uploads\/sites\/53\/2023\/08\/capture-enfermes-dans-lusine.jpg","acf":[],"publishpress_future_action":{"enabled":false,"date":"2026-04-13 03:14:18","action":"change-status","newStatus":"draft","terms":[],"taxonomy":"","extraData":[]},"publishpress_future_workflow_manual_trigger":{"enabledWorkflows":[]},"_links":{"self":[{"href":"https:\/\/pedagogie.ac-lille.fr\/ecogestion\/wp-json\/wp\/v2\/pages\/1474","targetHints":{"allow":["GET"]}}],"collection":[{"href":"https:\/\/pedagogie.ac-lille.fr\/ecogestion\/wp-json\/wp\/v2\/pages"}],"about":[{"href":"https:\/\/pedagogie.ac-lille.fr\/ecogestion\/wp-json\/wp\/v2\/types\/page"}],"author":[{"embeddable":true,"href":"https:\/\/pedagogie.ac-lille.fr\/ecogestion\/wp-json\/wp\/v2\/users\/120"}],"replies":[{"embeddable":true,"href":"https:\/\/pedagogie.ac-lille.fr\/ecogestion\/wp-json\/wp\/v2\/comments?post=1474"}],"version-history":[{"count":10,"href":"https:\/\/pedagogie.ac-lille.fr\/ecogestion\/wp-json\/wp\/v2\/pages\/1474\/revisions"}],"predecessor-version":[{"id":1498,"href":"https:\/\/pedagogie.ac-lille.fr\/ecogestion\/wp-json\/wp\/v2\/pages\/1474\/revisions\/1498"}],"up":[{"embeddable":true,"href":"https:\/\/pedagogie.ac-lille.fr\/ecogestion\/wp-json\/wp\/v2\/pages\/800"}],"wp:featuredmedia":[{"embeddable":true,"href":"https:\/\/pedagogie.ac-lille.fr\/ecogestion\/wp-json\/wp\/v2\/media\/945"}],"wp:attachment":[{"href":"https:\/\/pedagogie.ac-lille.fr\/ecogestion\/wp-json\/wp\/v2\/media?parent=1474"}],"curies":[{"name":"wp","href":"https:\/\/api.w.org\/{rel}","templated":true}]}}