{"id":1667,"date":"2023-12-01T07:43:23","date_gmt":"2023-12-01T06:43:23","guid":{"rendered":"https:\/\/pedagogie.ac-lille.fr\/ecogestion\/?page_id=1667"},"modified":"2024-05-14T09:58:58","modified_gmt":"2024-05-14T07:58:58","slug":"abonnez-vous-au-site-economie-gestion","status":"publish","type":"page","link":"https:\/\/pedagogie.ac-lille.fr\/ecogestion\/abonnez-vous-au-site-economie-gestion\/","title":{"rendered":"Abonnez-vous au site \u00c9conomie Gestion"},"content":{"rendered":"\n<p class=\"has-text-color has-link-color has-medium-font-size wp-elements-e39e0efaf8f4fa9d72f8c31415ff7723\" style=\"color:#096397;font-style:italic;font-weight:600\"><strong>Pour suivre les actualit\u00e9s acad\u00e9miques et acc\u00e9der aux ressources mises en ligne r\u00e9guli\u00e8rement sur notre site, abonnez-vous en suivant l&rsquo;une des proc\u00e9dures suivantes :<\/strong> <\/p>\n\n\n\n<h2 class=\"wp-block-heading\">Via la liste de diffusion site.ecogestion@liste.ac-lille.fr<\/h2>\n\n\n\n<p><a href=\"https:\/\/webmail.ac-lille.fr\/wws\/\/subscribe\/site.ecogestion?previous_action=editfile\" target=\"_blank\" rel=\"noreferrer noopener\">S\u2019abonner \u00e0 la liste de diffusion du site Economie Gestion<\/a><\/p>\n\n\n\n<h2 class=\"wp-block-heading\">Via le flux RSS https:\/\/pedagogie.ac-lille.fr\/ecogestion\/feed\/rss<\/h2>\n\n\n\n<p><a href=\"https:\/\/support.mozilla.org\/fr\/kb\/comment-s-abonner-aux-flux-de-nouvelles-et-blogs#w_etape-2-abonnez-vous-a-des-flux\" target=\"_blank\" rel=\"noreferrer noopener\">Comment s\u2019abonner \u00e0 un flux via Thundirbird<\/a><\/p>\n","protected":false},"excerpt":{"rendered":"<p>Pour suivre les actualit\u00e9s acad\u00e9miques et acc\u00e9der aux ressources mises en ligne r\u00e9guli\u00e8rement sur notre site, abonnez-vous en suivant l&rsquo;une des proc\u00e9dures suivantes : Via la liste de diffusion site.ecogestion@liste.ac-lille.fr S\u2019abonner \u00e0 la liste de diffusion du site Economie Gestion Via le flux RSS https:\/\/pedagogie.ac-lille.fr\/ecogestion\/feed\/rss Comment s\u2019abonner \u00e0 un flux via Thundirbird<\/p>\n","protected":false},"author":4,"featured_media":0,"parent":0,"menu_order":0,"comment_status":"closed","ping_status":"closed","template":"","meta":{"_acf_changed":false,"ngg_post_thumbnail":0,"footnotes":""},"class_list":["post-1667","page","type-page","status-publish","czr-hentry"],"featured_image_src":null,"acf":[],"publishpress_future_action":{"enabled":false,"date":"2026-04-14 09:17:47","action":"change-status","newStatus":"draft","terms":[],"taxonomy":"","extraData":[]},"publishpress_future_workflow_manual_trigger":{"enabledWorkflows":[]},"_links":{"self":[{"href":"https:\/\/pedagogie.ac-lille.fr\/ecogestion\/wp-json\/wp\/v2\/pages\/1667","targetHints":{"allow":["GET"]}}],"collection":[{"href":"https:\/\/pedagogie.ac-lille.fr\/ecogestion\/wp-json\/wp\/v2\/pages"}],"about":[{"href":"https:\/\/pedagogie.ac-lille.fr\/ecogestion\/wp-json\/wp\/v2\/types\/page"}],"author":[{"embeddable":true,"href":"https:\/\/pedagogie.ac-lille.fr\/ecogestion\/wp-json\/wp\/v2\/users\/4"}],"replies":[{"embeddable":true,"href":"https:\/\/pedagogie.ac-lille.fr\/ecogestion\/wp-json\/wp\/v2\/comments?post=1667"}],"version-history":[{"count":3,"href":"https:\/\/pedagogie.ac-lille.fr\/ecogestion\/wp-json\/wp\/v2\/pages\/1667\/revisions"}],"predecessor-version":[{"id":1860,"href":"https:\/\/pedagogie.ac-lille.fr\/ecogestion\/wp-json\/wp\/v2\/pages\/1667\/revisions\/1860"}],"wp:attachment":[{"href":"https:\/\/pedagogie.ac-lille.fr\/ecogestion\/wp-json\/wp\/v2\/media?parent=1667"}],"curies":[{"name":"wp","href":"https:\/\/api.w.org\/{rel}","templated":true}]}}