{"id":443,"date":"2023-06-20T15:29:52","date_gmt":"2023-06-20T13:29:52","guid":{"rendered":"https:\/\/pedagogie.ac-lille.fr\/ecogestion\/?page_id=443"},"modified":"2024-11-27T10:48:50","modified_gmt":"2024-11-27T09:48:50","slug":"actualites-academiques","status":"publish","type":"page","link":"https:\/\/pedagogie.ac-lille.fr\/ecogestion\/actualites-academiques\/","title":{"rendered":"Actualit\u00e9s acad\u00e9miques"},"content":{"rendered":"\n<div class=\"wp-block-buttons is-content-justification-right is-layout-flex wp-container-core-buttons-is-layout-d445cf74 wp-block-buttons-is-layout-flex\">\n<div class=\"wp-block-button has-custom-font-size is-style-fill has-medium-font-size\"><a class=\"wp-block-button__link has-white-color has-vivid-cyan-blue-background-color has-text-color has-background has-link-color wp-element-button\" style=\"border-radius:100px\">Retour <\/a><\/div>\n<\/div>\n\n\n\n<p class=\"has-text-align-left has-text-color has-large-font-size\" style=\"color:#096397;font-style:italic;font-weight:500\">Retrouvez ici toutes les actualit\u00e9s acad\u00e9miques et nationales concernant la fili\u00e8re<\/p>\n\n\n\n<div class=\"wp-block-query alignwide is-layout-flow wp-block-query-is-layout-flow\"><ul style=\"color:#096397; font-style:normal;font-weight:200;text-transform:none;\" class=\"has-link-color columns-3 wp-elements-d118c462cd03cd92a53de74e5e9b900c wp-block-post-template has-text-color has-medium-font-size is-layout-grid wp-container-core-post-template-is-layout-572542b5 wp-block-post-template-is-layout-grid\"><li class=\"wp-block-post post-3862 post type-post status-publish format-standard has-post-thumbnail category-actualites_academiques category-stmg czr-hentry\">\n\n<div class=\"wp-block-group has-very-light-gray-to-cyan-bluish-gray-gradient-background has-background wp-elements-d118c462cd03cd92a53de74e5e9b900c\"><div class=\"wp-block-group__inner-container is-layout-constrained wp-block-group-is-layout-constrained\"><figure class=\"wp-block-post-featured-image\"><a href=\"https:\/\/pedagogie.ac-lille.fr\/ecogestion\/actualites-educfi\/\" target=\"_self\"  ><img loading=\"lazy\" decoding=\"async\" width=\"309\" height=\"163\" src=\"https:\/\/pedagogie.ac-lille.fr\/ecogestion\/wp-content\/uploads\/sites\/53\/2026\/01\/logo-educfi.png\" class=\"attachment-post-thumbnail size-post-thumbnail no-lazy wp-post-image\" alt=\"Actualit\u00e9s  EDUCFI\" style=\"object-fit:cover;\" srcset=\"https:\/\/pedagogie.ac-lille.fr\/ecogestion\/wp-content\/uploads\/sites\/53\/2026\/01\/logo-educfi.png 309w, https:\/\/pedagogie.ac-lille.fr\/ecogestion\/wp-content\/uploads\/sites\/53\/2026\/01\/logo-educfi-300x158.png 300w\" sizes=\"auto, (max-width: 309px) 100vw, 309px\" \/><\/a><\/figure>\n\n<div class=\"wp-block-post-date\"><time datetime=\"2026-01-30T09:28:45+01:00\">30 janvier 2026<\/time><\/div>\n\n<h2 class=\"has-text-align-center wp-block-post-title\"><a href=\"https:\/\/pedagogie.ac-lille.fr\/ecogestion\/actualites-educfi\/\" target=\"_self\" >Actualit\u00e9s  EDUCFI<\/a><\/h2>\n\n<div class=\"wp-block-post-excerpt\"><p class=\"wp-block-post-excerpt__excerpt\">Conf\u00e9rences Les conf\u00e9rences EDUCFI sont \u00e0 retrouver sur le portail EDUSCOL \u00e0 la rubrique \u00ab\u00a0Des conf\u00e9rences pour se former\u00ab\u00a0. Conf\u00e9rence du 15 janvier : \u00ab\u00a0Ouverture Internationale et Protectionnisme\u00a0\u00bb Autres \u00e9v\u00e9nements propos\u00e9s par EDUCFI La semaine de l&rsquo;\u00e9conomie est propos\u00e9e par l&rsquo;OCDE pour sensibiliser les jeunes \u00e0 l&rsquo;\u00e9ducation financi\u00e8re et l&rsquo;\u00e9conomie. Elle aura lieu cette ann\u00e9e\u2026 <\/p><\/div><\/div><\/div>\n\n<\/li><li class=\"wp-block-post post-3852 post type-post status-publish format-standard has-post-thumbnail category-actualites_academiques category-formations_acad category-ia czr-hentry\">\n\n<div class=\"wp-block-group has-very-light-gray-to-cyan-bluish-gray-gradient-background has-background wp-elements-d118c462cd03cd92a53de74e5e9b900c\"><div class=\"wp-block-group__inner-container is-layout-constrained wp-block-group-is-layout-constrained\"><figure class=\"wp-block-post-featured-image\"><a href=\"https:\/\/pedagogie.ac-lille.fr\/ecogestion\/formation-a-lia-eafc-lille\/\" target=\"_self\"  ><img loading=\"lazy\" decoding=\"async\" width=\"1280\" height=\"1280\" src=\"https:\/\/pedagogie.ac-lille.fr\/ecogestion\/wp-content\/uploads\/sites\/53\/2024\/10\/ai-generated-8668923_1280.jpg\" class=\"attachment-post-thumbnail size-post-thumbnail no-lazy wp-post-image\" alt=\"Formation \u00e0 L&rsquo;IA &#8211; EAFC Lille\" style=\"object-fit:cover;\" srcset=\"https:\/\/pedagogie.ac-lille.fr\/ecogestion\/wp-content\/uploads\/sites\/53\/2024\/10\/ai-generated-8668923_1280.jpg 1280w, https:\/\/pedagogie.ac-lille.fr\/ecogestion\/wp-content\/uploads\/sites\/53\/2024\/10\/ai-generated-8668923_1280-300x300.jpg 300w, https:\/\/pedagogie.ac-lille.fr\/ecogestion\/wp-content\/uploads\/sites\/53\/2024\/10\/ai-generated-8668923_1280-1024x1024.jpg 1024w, https:\/\/pedagogie.ac-lille.fr\/ecogestion\/wp-content\/uploads\/sites\/53\/2024\/10\/ai-generated-8668923_1280-150x150.jpg 150w, https:\/\/pedagogie.ac-lille.fr\/ecogestion\/wp-content\/uploads\/sites\/53\/2024\/10\/ai-generated-8668923_1280-768x768.jpg 768w, https:\/\/pedagogie.ac-lille.fr\/ecogestion\/wp-content\/uploads\/sites\/53\/2024\/10\/ai-generated-8668923_1280-510x510.jpg 510w\" sizes=\"auto, (max-width: 1280px) 100vw, 1280px\" \/><\/a><\/figure>\n\n<div class=\"wp-block-post-date\"><time datetime=\"2026-01-29T12:16:30+01:00\">29 janvier 2026<\/time><\/div>\n\n<h2 class=\"has-text-align-center wp-block-post-title\"><a href=\"https:\/\/pedagogie.ac-lille.fr\/ecogestion\/formation-a-lia-eafc-lille\/\" target=\"_self\" >Formation \u00e0 L&rsquo;IA &#8211; EAFC Lille<\/a><\/h2>\n\n<div class=\"wp-block-post-excerpt\"><p class=\"wp-block-post-excerpt__excerpt\">\u00c0 l&rsquo;\u00e8re de l&rsquo;explosion des outils IA et de leur utilisation g\u00e9n\u00e9ralis\u00e9e, l&rsquo;EAFC LILLE propose un Parcours Magist\u00e8re IA : L&rsquo;intelligence artificielle au service des personnels de l&rsquo;Education Nationale. Lettre d&rsquo;information EAFC LILLE &#8211; Janvier 2026 <\/p><\/div><\/div><\/div>\n\n<\/li><li class=\"wp-block-post post-3820 post type-post status-publish format-standard has-post-thumbnail category-1stmg-sdgn category-actualites_academiques category-t-stmg tag-economie tag-jeu-serieux tag-outils-numeriques tag-pedagogie tag-ressources tag-stmg czr-hentry\">\n\n<div class=\"wp-block-group has-very-light-gray-to-cyan-bluish-gray-gradient-background has-background wp-elements-d118c462cd03cd92a53de74e5e9b900c\"><div class=\"wp-block-group__inner-container is-layout-constrained wp-block-group-is-layout-constrained\"><figure class=\"wp-block-post-featured-image\"><a href=\"https:\/\/pedagogie.ac-lille.fr\/ecogestion\/un-nouveau-jeu-educatif-publie-par-educfi-banque-de-france\/\" target=\"_self\"  ><img loading=\"lazy\" decoding=\"async\" width=\"1522\" height=\"810\" src=\"https:\/\/pedagogie.ac-lille.fr\/ecogestion\/wp-content\/uploads\/sites\/53\/2025\/11\/logo-gardiens-de-la-monnaie.png\" class=\"attachment-post-thumbnail size-post-thumbnail no-lazy wp-post-image\" alt=\"Un nouveau jeu \u00e9ducatif publi\u00e9 par EDUCFI (Banque de France)\" style=\"object-fit:cover;\" srcset=\"https:\/\/pedagogie.ac-lille.fr\/ecogestion\/wp-content\/uploads\/sites\/53\/2025\/11\/logo-gardiens-de-la-monnaie.png 1522w, https:\/\/pedagogie.ac-lille.fr\/ecogestion\/wp-content\/uploads\/sites\/53\/2025\/11\/logo-gardiens-de-la-monnaie-300x160.png 300w, https:\/\/pedagogie.ac-lille.fr\/ecogestion\/wp-content\/uploads\/sites\/53\/2025\/11\/logo-gardiens-de-la-monnaie-1024x545.png 1024w, https:\/\/pedagogie.ac-lille.fr\/ecogestion\/wp-content\/uploads\/sites\/53\/2025\/11\/logo-gardiens-de-la-monnaie-768x409.png 768w\" sizes=\"auto, (max-width: 1522px) 100vw, 1522px\" \/><\/a><\/figure>\n\n<div class=\"wp-block-post-date\"><time datetime=\"2025-11-28T14:38:20+01:00\">28 novembre 2025<\/time><\/div>\n\n<h2 class=\"has-text-align-center wp-block-post-title\"><a href=\"https:\/\/pedagogie.ac-lille.fr\/ecogestion\/un-nouveau-jeu-educatif-publie-par-educfi-banque-de-france\/\" target=\"_self\" >Un nouveau jeu \u00e9ducatif publi\u00e9 par EDUCFI (Banque de France)<\/a><\/h2>\n\n<div class=\"wp-block-post-excerpt\"><p class=\"wp-block-post-excerpt__excerpt\">LES GARDIENS DE LA MONNAIE \u00ab\u00a0Les gardiens de la monnaie\u00a0\u00bb : un jeu immersif destin\u00e9s \u00e0 des lyc\u00e9ens en classe de premi\u00e8re ou terminale et propos\u00e9 par la Banque de France dans le cadre de sa mission de promouvoir l\u2019\u00e9ducation \u00e9conomique, budg\u00e9taire et financi\u00e8re aupr\u00e8s de tous les publics. R\u00e9pondre \u00e0 des questions sur la\u2026 <\/p><\/div><\/div><\/div>\n\n<\/li><li class=\"wp-block-post post-3696 post type-post status-publish format-standard has-post-thumbnail category-actualites_academiques category-bts-mco category-iane category-traam tag-pedagogie czr-hentry\">\n\n<div class=\"wp-block-group has-very-light-gray-to-cyan-bluish-gray-gradient-background has-background wp-elements-d118c462cd03cd92a53de74e5e9b900c\"><div class=\"wp-block-group__inner-container is-layout-constrained wp-block-group-is-layout-constrained\"><figure class=\"wp-block-post-featured-image\"><a href=\"https:\/\/pedagogie.ac-lille.fr\/ecogestion\/restitution-traam-economie-gestion-2024-2025\/\" target=\"_self\"  ><img loading=\"lazy\" decoding=\"async\" width=\"780\" height=\"441\" src=\"https:\/\/pedagogie.ac-lille.fr\/ecogestion\/wp-content\/uploads\/sites\/53\/2025\/09\/logo_traam.png\" class=\"attachment-post-thumbnail size-post-thumbnail no-lazy wp-post-image\" alt=\"Restitution TRAAM \u00e9conomie gestion 2024 2025\" style=\"object-fit:cover;\" srcset=\"https:\/\/pedagogie.ac-lille.fr\/ecogestion\/wp-content\/uploads\/sites\/53\/2025\/09\/logo_traam.png 780w, https:\/\/pedagogie.ac-lille.fr\/ecogestion\/wp-content\/uploads\/sites\/53\/2025\/09\/logo_traam-300x170.png 300w, https:\/\/pedagogie.ac-lille.fr\/ecogestion\/wp-content\/uploads\/sites\/53\/2025\/09\/logo_traam-768x434.png 768w\" sizes=\"auto, (max-width: 780px) 100vw, 780px\" \/><\/a><\/figure>\n\n<div class=\"wp-block-post-date\"><time datetime=\"2025-09-12T15:30:24+02:00\">12 septembre 2025<\/time><\/div>\n\n<h2 class=\"has-text-align-center wp-block-post-title\"><a href=\"https:\/\/pedagogie.ac-lille.fr\/ecogestion\/restitution-traam-economie-gestion-2024-2025\/\" target=\"_self\" >Restitution TRAAM \u00e9conomie gestion 2024 2025<\/a><\/h2>\n\n<div class=\"wp-block-post-excerpt\"><p class=\"wp-block-post-excerpt__excerpt\">Retour sur les productions acad\u00e9miques r\u00e9alis\u00e9es dans le cadre de la participation de l&rsquo;Acad\u00e9mie aux TRAAM 2022-2023 sur le th\u00e8me : \u00ab\u00a0Favoriser l&rsquo;engagement scolaire gr\u00e2ce au num\u00e9rique\u00a0\u00bb <\/p><\/div><\/div><\/div>\n\n<\/li><li class=\"wp-block-post post-3655 post type-post status-publish format-standard has-post-thumbnail category-1stmg-sdgn category-actualites_academiques category-non-classe category-tournoi-academique czr-hentry\">\n\n<div class=\"wp-block-group has-very-light-gray-to-cyan-bluish-gray-gradient-background has-background wp-elements-d118c462cd03cd92a53de74e5e9b900c\"><div class=\"wp-block-group__inner-container is-layout-constrained wp-block-group-is-layout-constrained\"><figure class=\"wp-block-post-featured-image\"><a href=\"https:\/\/pedagogie.ac-lille.fr\/ecogestion\/finale-regionale-du-tournoi-de-gestion-2024-2025\/\" target=\"_self\"  ><img loading=\"lazy\" decoding=\"async\" width=\"2560\" height=\"1707\" src=\"https:\/\/pedagogie.ac-lille.fr\/ecogestion\/wp-content\/uploads\/sites\/53\/2025\/06\/TournoideGestionPreBacArras20250604-249-1-scaled.jpg\" class=\"attachment-post-thumbnail size-post-thumbnail no-lazy wp-post-image\" alt=\"Finale r\u00e9gionale du Tournoi de Gestion 2024-2025\" style=\"object-fit:cover;\" srcset=\"https:\/\/pedagogie.ac-lille.fr\/ecogestion\/wp-content\/uploads\/sites\/53\/2025\/06\/TournoideGestionPreBacArras20250604-249-1-scaled.jpg 2560w, https:\/\/pedagogie.ac-lille.fr\/ecogestion\/wp-content\/uploads\/sites\/53\/2025\/06\/TournoideGestionPreBacArras20250604-249-1-300x200.jpg 300w, https:\/\/pedagogie.ac-lille.fr\/ecogestion\/wp-content\/uploads\/sites\/53\/2025\/06\/TournoideGestionPreBacArras20250604-249-1-1024x683.jpg 1024w, https:\/\/pedagogie.ac-lille.fr\/ecogestion\/wp-content\/uploads\/sites\/53\/2025\/06\/TournoideGestionPreBacArras20250604-249-1-768x512.jpg 768w, https:\/\/pedagogie.ac-lille.fr\/ecogestion\/wp-content\/uploads\/sites\/53\/2025\/06\/TournoideGestionPreBacArras20250604-249-1-1536x1024.jpg 1536w, https:\/\/pedagogie.ac-lille.fr\/ecogestion\/wp-content\/uploads\/sites\/53\/2025\/06\/TournoideGestionPreBacArras20250604-249-1-2048x1365.jpg 2048w\" sizes=\"auto, (max-width: 2560px) 100vw, 2560px\" \/><\/a><\/figure>\n\n<div class=\"wp-block-post-date\"><time datetime=\"2025-06-11T10:34:14+02:00\">11 juin 2025<\/time><\/div>\n\n<h2 class=\"has-text-align-center wp-block-post-title\"><a href=\"https:\/\/pedagogie.ac-lille.fr\/ecogestion\/finale-regionale-du-tournoi-de-gestion-2024-2025\/\" target=\"_self\" >Finale r\u00e9gionale du Tournoi de Gestion 2024-2025<\/a><\/h2>\n\n<div class=\"wp-block-post-excerpt\"><p class=\"wp-block-post-excerpt__excerpt\">Les 10 \u00e9quipes finalistes se sont affront\u00e9es le 4 juin 2025 au Lyc\u00e9e Guy Mollet \u00e0 ARRAS La deuxi\u00e8me \u00e9dition de la finale du tournoi pr\u00e9-bac de gestion Hauts-de-France a rassembl\u00e9 les 10 \u00e9quipes finalistes au lyc\u00e9e Guy Mollet d&rsquo;ARRAS. Cette manifestation, issue du partenariat entre la R\u00e9gion Acad\u00e9mique Hauts-de-France, l&rsquo;Ordre des Experts-Comptables et la\u2026 <\/p><\/div><\/div><\/div>\n\n<\/li><li class=\"wp-block-post post-3649 post type-post status-publish format-standard has-post-thumbnail category-actualites_academiques czr-hentry\">\n\n<div class=\"wp-block-group has-very-light-gray-to-cyan-bluish-gray-gradient-background has-background wp-elements-d118c462cd03cd92a53de74e5e9b900c\"><div class=\"wp-block-group__inner-container is-layout-constrained wp-block-group-is-layout-constrained\"><figure class=\"wp-block-post-featured-image\"><a href=\"https:\/\/pedagogie.ac-lille.fr\/ecogestion\/conf-de-prof-2\/\" target=\"_self\"  ><img loading=\"lazy\" decoding=\"async\" width=\"792\" height=\"442\" src=\"https:\/\/pedagogie.ac-lille.fr\/ecogestion\/wp-content\/uploads\/sites\/53\/2024\/05\/31A67A-66476700-5-47D61F80.jpg\" class=\"attachment-post-thumbnail size-post-thumbnail no-lazy wp-post-image\" alt=\"CONF&rsquo; DES PROF 2025\" style=\"object-fit:cover;\" srcset=\"https:\/\/pedagogie.ac-lille.fr\/ecogestion\/wp-content\/uploads\/sites\/53\/2024\/05\/31A67A-66476700-5-47D61F80.jpg 792w, https:\/\/pedagogie.ac-lille.fr\/ecogestion\/wp-content\/uploads\/sites\/53\/2024\/05\/31A67A-66476700-5-47D61F80-300x167.jpg 300w, https:\/\/pedagogie.ac-lille.fr\/ecogestion\/wp-content\/uploads\/sites\/53\/2024\/05\/31A67A-66476700-5-47D61F80-768x429.jpg 768w\" sizes=\"auto, (max-width: 792px) 100vw, 792px\" \/><\/a><\/figure>\n\n<div class=\"wp-block-post-date\"><time datetime=\"2025-05-31T11:08:33+02:00\">31 mai 2025<\/time><\/div>\n\n<h2 class=\"has-text-align-center wp-block-post-title\"><a href=\"https:\/\/pedagogie.ac-lille.fr\/ecogestion\/conf-de-prof-2\/\" target=\"_self\" >CONF&rsquo; DES PROF 2025<\/a><\/h2>\n\n<div class=\"wp-block-post-excerpt\"><p class=\"wp-block-post-excerpt__excerpt\">Prochaine conf\u00e9rence \u00e0 destination des professeurs, organis\u00e9e par EDUCFI &#8211; Banque de France <\/p><\/div><\/div><\/div>\n\n<\/li><\/ul>\n\n<nav class=\"wp-block-query-pagination is-horizontal is-content-justification-left is-layout-flex wp-container-core-query-pagination-is-layout-20be11b6 wp-block-query-pagination-is-layout-flex\" aria-label=\"Pagination\">\n\n\n<div class=\"wp-block-query-pagination-numbers has-medium-font-size\"><span aria-current=\"page\" class=\"page-numbers current\">1<\/span>\n<a class=\"page-numbers\" href=\"?query-16-page=2\">2<\/a>\n<a class=\"page-numbers\" href=\"?query-16-page=3\">3<\/a>\n<a class=\"page-numbers\" href=\"?query-16-page=4\">4<\/a><\/div>\n\n<a href=\"\/ecogestion\/wp-json\/wp\/v2\/pages\/443?query-16-page=2\" class=\"wp-block-query-pagination-next\">Page suivante<span class='wp-block-query-pagination-next-arrow is-arrow-arrow' aria-hidden='true'>\u2192<\/span><\/a>\n<\/nav>\n\n<\/div>\n","protected":false},"excerpt":{"rendered":"<p>Retrouvez ici toutes les actualit\u00e9s acad\u00e9miques et nationales concernant la fili\u00e8re<\/p>\n","protected":false},"author":120,"featured_media":0,"parent":0,"menu_order":0,"comment_status":"closed","ping_status":"closed","template":"","meta":{"_acf_changed":false,"ngg_post_thumbnail":0,"footnotes":""},"class_list":["post-443","page","type-page","status-publish","czr-hentry"],"featured_image_src":null,"acf":[],"publishpress_future_action":{"enabled":false,"date":"2026-04-14 18:14:17","action":"change-status","newStatus":"draft","terms":[],"taxonomy":"","extraData":[]},"publishpress_future_workflow_manual_trigger":{"enabledWorkflows":[]},"_links":{"self":[{"href":"https:\/\/pedagogie.ac-lille.fr\/ecogestion\/wp-json\/wp\/v2\/pages\/443","targetHints":{"allow":["GET"]}}],"collection":[{"href":"https:\/\/pedagogie.ac-lille.fr\/ecogestion\/wp-json\/wp\/v2\/pages"}],"about":[{"href":"https:\/\/pedagogie.ac-lille.fr\/ecogestion\/wp-json\/wp\/v2\/types\/page"}],"author":[{"embeddable":true,"href":"https:\/\/pedagogie.ac-lille.fr\/ecogestion\/wp-json\/wp\/v2\/users\/120"}],"replies":[{"embeddable":true,"href":"https:\/\/pedagogie.ac-lille.fr\/ecogestion\/wp-json\/wp\/v2\/comments?post=443"}],"version-history":[{"count":19,"href":"https:\/\/pedagogie.ac-lille.fr\/ecogestion\/wp-json\/wp\/v2\/pages\/443\/revisions"}],"predecessor-version":[{"id":3585,"href":"https:\/\/pedagogie.ac-lille.fr\/ecogestion\/wp-json\/wp\/v2\/pages\/443\/revisions\/3585"}],"wp:attachment":[{"href":"https:\/\/pedagogie.ac-lille.fr\/ecogestion\/wp-json\/wp\/v2\/media?parent=443"}],"curies":[{"name":"wp","href":"https:\/\/api.w.org\/{rel}","templated":true}]}}