{"id":464,"date":"2023-02-12T22:02:23","date_gmt":"2023-02-12T21:02:23","guid":{"rendered":"https:\/\/pedagogie.ac-lille.fr\/ecogestionlp\/?page_id=464"},"modified":"2023-03-22T21:20:25","modified_gmt":"2023-03-22T20:20:25","slug":"eco-gestion-secteur-production","status":"publish","type":"page","link":"https:\/\/pedagogie.ac-lille.fr\/ecogestionlp\/eco-gestion-secteur-production\/","title":{"rendered":"\u00c9conomie-Gestion"},"content":{"rendered":"\n<p>\u00ab\u00a0La science \u00e9conomique et les sciences de gestion permettent d\u2019\u00e9clairer la compr\u00e9hension de l\u2019environnement professionnel du futur bachelier professionnel. <\/p>\n\n\n\n<p>Cet enseignement pr\u00e9sent dans l\u2019ensemble des fili\u00e8res du secteur de la production poursuit plusieurs enjeux :<br>&#8211; par le d\u00e9cryptage de quelques m\u00e9canismes fondamentaux en \u00e9conomie et en gestion, d\u00e9velopper chez l\u2019\u00e9l\u00e8ve la capacit\u00e9 \u00e0 comprendre son environnement pour appr\u00e9hender les cons\u00e9quences des mutations \u00e9conomiques contemporaines et ainsi d\u00e9velopper son adaptabilit\u00e9 ;<br>&#8211; accompagner l\u2019\u00e9l\u00e8ve dans son parcours de citoyen responsable, en explicitant les cadres juridique et organisationnel dans lesquels il \u00e9voluera tant dans sa vie professionnelle que personnelle, et en l\u2019amenant \u00e0 comprendre les cons\u00e9quences de ses actions pour lui-m\u00eame et les organisations avec lesquelles il est engag\u00e9 au sein de la soci\u00e9t\u00e9 fran\u00e7aise et europ\u00e9enne ;<br>&#8211; favoriser l\u2019autonomie et l\u2019apprentissage personnel de l\u2019\u00e9l\u00e8ve pour le rendre acteur de son avenir (&#8230;)\u00a0\u00bb<\/p>\n\n\n\n<p><\/p>\n\n\n\n<p>Cet espace est pilot\u00e9 par Odile Delerue IEN-ET Economie et Gestion\u00a0<\/p>\n\n\n\n<div style=\"height:27px\" aria-hidden=\"true\" class=\"wp-block-spacer\"><\/div>\n\n\n\n<div class=\"wp-block-buttons is-layout-flex wp-block-buttons-is-layout-flex\">\n<div class=\"wp-block-button\"><a class=\"wp-block-button__link wp-element-button\" href=\"https:\/\/drive.google.com\/file\/d\/1PLaCIP4_ykypuQFHNt7CyrpHyexJu8sL\/view\" target=\"_blank\" rel=\"noreferrer noopener\">Lire la suite du bulletin officiel<\/a><\/div>\n<\/div>\n\n\n\n<div style=\"height:27px\" aria-hidden=\"true\" class=\"wp-block-spacer\"><\/div>\n\n\n\n<div class=\"wp-block-buttons is-layout-flex wp-block-buttons-is-layout-flex\">\n<div class=\"wp-block-button\"><a class=\"wp-block-button__link wp-element-button\" href=\"https:\/\/www.pearltrees.com\/t\/eco-gestion\/ressources\/id30928687\" target=\"_blank\" rel=\"noreferrer noopener\">D\u00e9couvrir des ressources<\/a><\/div>\n<\/div>\n\n\n\n<div style=\"height:27px\" aria-hidden=\"true\" class=\"wp-block-spacer\"><\/div>\n\n\n\n<div class=\"wp-block-buttons is-layout-flex wp-block-buttons-is-layout-flex\">\n<div class=\"wp-block-button\"><a class=\"wp-block-button__link wp-element-button\" href=\"https:\/\/www.pearltrees.com\/t\/eco-gestion\/sujets\/id30754396\" target=\"_blank\" rel=\"noreferrer noopener\">Sujets<\/a><\/div>\n<\/div>\n","protected":false},"excerpt":{"rendered":"<p>\u00ab\u00a0La science \u00e9conomique et les sciences de gestion permettent d\u2019\u00e9clairer la compr\u00e9hension de l\u2019environnement professionnel du futur bachelier professionnel. Cet enseignement pr\u00e9sent dans l\u2019ensemble des fili\u00e8res du secteur de la production poursuit plusieurs enjeux :&#8211; par le d\u00e9cryptage de quelques m\u00e9canismes fondamentaux en \u00e9conomie et en gestion, d\u00e9velopper chez l\u2019\u00e9l\u00e8ve la capacit\u00e9 \u00e0 comprendre son [&hellip;]<\/p>\n","protected":false},"author":71,"featured_media":0,"parent":0,"menu_order":0,"comment_status":"closed","ping_status":"closed","template":"","meta":{"footnotes":""},"class_list":["post-464","page","type-page","status-publish","czr-hentry"],"publishpress_future_action":{"enabled":false,"date":"2026-04-14 07:12:08","action":"change-status","newStatus":"draft","terms":[],"taxonomy":"","extraData":[]},"publishpress_future_workflow_manual_trigger":{"enabledWorkflows":[]},"_links":{"self":[{"href":"https:\/\/pedagogie.ac-lille.fr\/ecogestionlp\/wp-json\/wp\/v2\/pages\/464","targetHints":{"allow":["GET"]}}],"collection":[{"href":"https:\/\/pedagogie.ac-lille.fr\/ecogestionlp\/wp-json\/wp\/v2\/pages"}],"about":[{"href":"https:\/\/pedagogie.ac-lille.fr\/ecogestionlp\/wp-json\/wp\/v2\/types\/page"}],"author":[{"embeddable":true,"href":"https:\/\/pedagogie.ac-lille.fr\/ecogestionlp\/wp-json\/wp\/v2\/users\/71"}],"replies":[{"embeddable":true,"href":"https:\/\/pedagogie.ac-lille.fr\/ecogestionlp\/wp-json\/wp\/v2\/comments?post=464"}],"version-history":[{"count":9,"href":"https:\/\/pedagogie.ac-lille.fr\/ecogestionlp\/wp-json\/wp\/v2\/pages\/464\/revisions"}],"predecessor-version":[{"id":975,"href":"https:\/\/pedagogie.ac-lille.fr\/ecogestionlp\/wp-json\/wp\/v2\/pages\/464\/revisions\/975"}],"wp:attachment":[{"href":"https:\/\/pedagogie.ac-lille.fr\/ecogestionlp\/wp-json\/wp\/v2\/media?parent=464"}],"curies":[{"name":"wp","href":"https:\/\/api.w.org\/{rel}","templated":true}]}}