{"id":684,"date":"2023-03-08T18:36:17","date_gmt":"2023-03-08T17:36:17","guid":{"rendered":"https:\/\/pedagogie.ac-lille.fr\/ecogestionlp\/?page_id=684"},"modified":"2023-09-17T15:39:12","modified_gmt":"2023-09-17T13:39:12","slug":"sinformer","status":"publish","type":"page","link":"https:\/\/pedagogie.ac-lille.fr\/ecogestionlp\/sinformer\/","title":{"rendered":"Textes officiels"},"content":{"rendered":"\n<h2 class=\"wp-block-heading\">R\u00e9f\u00e9rentiel de comp\u00e9tences professionnelles <\/h2>\n\n\n\n<p>Un r\u00e9f\u00e9rentiel des comp\u00e9tences des m\u00e9tiers du professorat et de l&rsquo;\u00e9ducation d\u00e9finit les objectifs et la culture commune \u00e0 tous les professionnels du professorat et de l&rsquo;\u00e9ducation. Ces comp\u00e9tences s&rsquo;acqui\u00e8rent et s&rsquo;approfondissent au cours d&rsquo;un processus continu d\u00e9butant en formation initiale et se poursuivant tout au long de la carri\u00e8re par l&rsquo;exp\u00e9rience professionnelle accumul\u00e9e et par l&rsquo;apport de la formation continue.<\/p>\n\n\n\n<div class=\"wp-block-buttons is-layout-flex wp-block-buttons-is-layout-flex\">\n<div class=\"wp-block-button\"><a class=\"wp-block-button__link wp-element-button\" href=\"https:\/\/www.education.gouv.fr\/le-referentiel-de-competences-des-metiers-du-professorat-et-de-l-education-5753\" target=\"_blank\" rel=\"noreferrer noopener\">Lire le document<\/a><\/div>\n<\/div>\n\n\n\n<h2 class=\"wp-block-heading\">Transformation de la voie professionnelle <\/h2>\n\n\n\n<p>Le lyc\u00e9e professionnel est sans cesse en \u00e9volution pour s&rsquo;adapter aux m\u00e9tiers d&rsquo;aujourd&rsquo;hui et de demain. La TVP s&rsquo;est op\u00e9r\u00e9e depuis 4 ans et de nombreux dispositifs sont d\u00e9sormais mis en oeuvre. Nous vous accompagnons dans la compr\u00e9hension et le d\u00e9ploiement de ces diff\u00e9rents modules (co-intervention, chef d&rsquo;oeuvre, seconde famille de m\u00e9tiers, accompagnement renforc\u00e9e, insertion et poursuites d&rsquo;\u00e9tudes&#8230;) La TVP a permis de valoriser ce secteur : le LP une voie de l&rsquo;excellence.<\/p>\n\n\n\n<div class=\"wp-block-buttons is-layout-flex wp-block-buttons-is-layout-flex\">\n<div class=\"wp-block-button\"><a class=\"wp-block-button__link wp-element-button\" href=\"https:\/\/www.pearltrees.com\/t\/eco-gestion\/transformation-voie-pro\/id30581272\" target=\"_blank\" rel=\"noreferrer noopener\">Voir les documents<\/a><\/div>\n<\/div>\n\n\n\n<h2 class=\"wp-block-heading\">Organisation acad\u00e9mique <\/h2>\n\n\n\n<p>\u00ab\u00a0Excellence et inclusion (entendue au sens large du terme) sont deux mots qui caract\u00e9risent bien l\u2019acad\u00e9mie de Lille. C\u2019est la raison pour laquelle le nouveau projet acad\u00e9mique a \u00e9t\u00e9 construit autour d\u2019une expression : l\u2019excellence inclusive, d\u00e9clin\u00e9e pour nos \u00e9l\u00e8ves, pour nos personnels et dans le cadre de nos partenariats.\u00a0\u00bb<\/p>\n\n\n\n<div class=\"wp-block-buttons is-layout-flex wp-block-buttons-is-layout-flex\">\n<div class=\"wp-block-button\"><a class=\"wp-block-button__link wp-element-button\" href=\"https:\/\/www1.ac-lille.fr\/projet-academique-2022-2025-pour-une-excellence-inclusive-123544\" target=\"_blank\" rel=\"noreferrer noopener\">Lire le projet acad\u00e9mique<\/a><\/div>\n<\/div>\n\n\n\n<h2 class=\"wp-block-heading\">\u00c9quipe des inspecteurs <\/h2>\n\n\n\n<p>L&rsquo;\u00e9quipe des inspecteurs en \u00e9co-gestion est l\u00e0 pour vous accompagner. \u00c0 travers nos rencontres notamment lors de formations, de rendez-vous de carri\u00e8re ou encore \u00e0 travers ce site ou la lettre d&rsquo;information, nous souhaitons vous aider \u00e0 oeuvrer dans les meilleures conditions.<\/p>\n\n\n\n<figure class=\"wp-block-image size-full\"><img loading=\"lazy\" decoding=\"async\" width=\"756\" height=\"759\" src=\"https:\/\/pedagogie.ac-lille.fr\/ecogestionlp\/wp-content\/uploads\/sites\/56\/2023\/09\/Capture-de\u0301cran-2023-09-17-a\u0300-15.37.32.png\" alt=\"\" class=\"wp-image-1135\" srcset=\"https:\/\/pedagogie.ac-lille.fr\/ecogestionlp\/wp-content\/uploads\/sites\/56\/2023\/09\/Capture-de\u0301cran-2023-09-17-a\u0300-15.37.32.png 756w, https:\/\/pedagogie.ac-lille.fr\/ecogestionlp\/wp-content\/uploads\/sites\/56\/2023\/09\/Capture-de\u0301cran-2023-09-17-a\u0300-15.37.32-300x300.png 300w, https:\/\/pedagogie.ac-lille.fr\/ecogestionlp\/wp-content\/uploads\/sites\/56\/2023\/09\/Capture-de\u0301cran-2023-09-17-a\u0300-15.37.32-150x150.png 150w\" sizes=\"auto, (max-width: 756px) 100vw, 756px\" \/><\/figure>\n\n\n\n<div class=\"wp-block-buttons is-layout-flex wp-block-buttons-is-layout-flex\"><\/div>\n\n\n\n<h2 class=\"wp-block-heading\">Autres textes officiels<\/h2>\n\n\n<ul class=\"wp-block-latest-posts__list has-dates wp-block-latest-posts\"><li><div class=\"wp-block-latest-posts__featured-image alignleft\"><img loading=\"lazy\" decoding=\"async\" width=\"150\" height=\"150\" src=\"https:\/\/pedagogie.ac-lille.fr\/ecogestionlp\/wp-content\/uploads\/sites\/56\/2023\/09\/back-to-school-4445644_1280-150x150.jpeg\" class=\"attachment-thumbnail size-thumbnail no-lazy wp-post-image\" alt=\"\" style=\"\" srcset=\"https:\/\/pedagogie.ac-lille.fr\/ecogestionlp\/wp-content\/uploads\/sites\/56\/2023\/09\/back-to-school-4445644_1280-150x150.jpeg 150w, https:\/\/pedagogie.ac-lille.fr\/ecogestionlp\/wp-content\/uploads\/sites\/56\/2023\/09\/back-to-school-4445644_1280-510x510.jpeg 510w\" sizes=\"auto, (max-width: 150px) 100vw, 150px\" \/><\/div><a class=\"wp-block-latest-posts__post-title\" href=\"https:\/\/pedagogie.ac-lille.fr\/ecogestionlp\/flash-de-rentree-2023\/\">Flash de rentr\u00e9e 2023<\/a><time datetime=\"2023-09-17T15:34:28+02:00\" class=\"wp-block-latest-posts__post-date\">17 septembre 2023<\/time><div class=\"wp-block-latest-posts__post-excerpt\">Le groupe des IEN-ET \u00c9conomie et Gestion vous souhaite une belle ann\u00e9e scolaire et vous partage quelques informations.<\/div><\/li>\n<\/ul>","protected":false},"excerpt":{"rendered":"<p>R\u00e9f\u00e9rentiel de comp\u00e9tences professionnelles Un r\u00e9f\u00e9rentiel des comp\u00e9tences des m\u00e9tiers du professorat et de l&rsquo;\u00e9ducation d\u00e9finit les objectifs et la culture commune \u00e0 tous les professionnels du professorat et de l&rsquo;\u00e9ducation. Ces comp\u00e9tences s&rsquo;acqui\u00e8rent et s&rsquo;approfondissent au cours d&rsquo;un processus continu d\u00e9butant en formation initiale et se poursuivant tout au long de la carri\u00e8re par [&hellip;]<\/p>\n","protected":false},"author":71,"featured_media":0,"parent":0,"menu_order":0,"comment_status":"closed","ping_status":"closed","template":"","meta":{"footnotes":""},"class_list":["post-684","page","type-page","status-publish","czr-hentry"],"publishpress_future_action":{"enabled":false,"date":"2026-04-14 07:12:08","action":"change-status","newStatus":"draft","terms":[],"taxonomy":"","extraData":[]},"publishpress_future_workflow_manual_trigger":{"enabledWorkflows":[]},"_links":{"self":[{"href":"https:\/\/pedagogie.ac-lille.fr\/ecogestionlp\/wp-json\/wp\/v2\/pages\/684","targetHints":{"allow":["GET"]}}],"collection":[{"href":"https:\/\/pedagogie.ac-lille.fr\/ecogestionlp\/wp-json\/wp\/v2\/pages"}],"about":[{"href":"https:\/\/pedagogie.ac-lille.fr\/ecogestionlp\/wp-json\/wp\/v2\/types\/page"}],"author":[{"embeddable":true,"href":"https:\/\/pedagogie.ac-lille.fr\/ecogestionlp\/wp-json\/wp\/v2\/users\/71"}],"replies":[{"embeddable":true,"href":"https:\/\/pedagogie.ac-lille.fr\/ecogestionlp\/wp-json\/wp\/v2\/comments?post=684"}],"version-history":[{"count":22,"href":"https:\/\/pedagogie.ac-lille.fr\/ecogestionlp\/wp-json\/wp\/v2\/pages\/684\/revisions"}],"predecessor-version":[{"id":1137,"href":"https:\/\/pedagogie.ac-lille.fr\/ecogestionlp\/wp-json\/wp\/v2\/pages\/684\/revisions\/1137"}],"wp:attachment":[{"href":"https:\/\/pedagogie.ac-lille.fr\/ecogestionlp\/wp-json\/wp\/v2\/media?parent=684"}],"curies":[{"name":"wp","href":"https:\/\/api.w.org\/{rel}","templated":true}]}}