{"id":736,"date":"2023-03-11T17:10:19","date_gmt":"2023-03-11T16:10:19","guid":{"rendered":"https:\/\/pedagogie.ac-lille.fr\/ecogestionlp\/?page_id=736"},"modified":"2023-03-28T12:36:44","modified_gmt":"2023-03-28T10:36:44","slug":"numerique","status":"publish","type":"page","link":"https:\/\/pedagogie.ac-lille.fr\/ecogestionlp\/numerique\/","title":{"rendered":"Num\u00e9rique"},"content":{"rendered":"\n<p>Plusieurs textes t\u00e9moignent de l&rsquo;importance accord\u00e9e \u00e0 l&rsquo;int\u00e9gration du num\u00e9rique dans l&rsquo;enseignement et \u00e0 la formation des \u00e9l\u00e8ves aux comp\u00e9tences num\u00e9riques.<\/p>\n\n\n\n<p><\/p>\n\n\n\n<ul class=\"wp-block-list\">\n<li>La loi pour la refondation de l&rsquo;\u00e9cole de 2013 mentionne la n\u00e9cessit\u00e9 de d\u00e9velopper les usages du num\u00e9rique dans l&rsquo;\u00e9ducation. Elle pr\u00e9voit notamment la mise en place d&rsquo;un service public du num\u00e9rique \u00e9ducatif.<\/li>\n\n\n\n<li>Le r\u00e9f\u00e9rentiel de comp\u00e9tences num\u00e9riques de l&rsquo;\u00e9ducation nationale, publi\u00e9 en 2019, d\u00e9crit les comp\u00e9tences num\u00e9riques que les \u00e9l\u00e8ves doivent acqu\u00e9rir \u00e0 diff\u00e9rents niveaux de leur scolarit\u00e9. Ce r\u00e9f\u00e9rentiel montre que le num\u00e9rique est d\u00e9sormais consid\u00e9r\u00e9 comme une comp\u00e9tence transversale indispensable pour r\u00e9ussir dans les \u00e9tudes et dans la vie professionnelle.<\/li>\n<\/ul>\n\n\n\n<p><\/p>\n\n\n\n<h2 class=\"wp-block-heading\">Interventions en \u00e9tablissement<\/h2>\n\n\n\n<p>M\u00e9lanie Serret, professeure documentaliste au lyc\u00e9e polyvalent Giraux Sannier de Saint Martin Boulogne, est charg\u00e9e de mission pour le d\u00e9veloppement du num\u00e9rique au service des apprentissages. N&rsquo;h\u00e9sitez pas \u00e0 la contacter pour une intervention en \u00e9tablissement (sur une d\u00e9couverte large d&rsquo;outils, sur un outil en particulier ou encore sur un projet). Pour la contacter : @melanieserret<\/p>\n\n\n\n<p><\/p>\n\n\n\n<h2 class=\"wp-block-heading\">Tutoriels<\/h2>\n\n\n<ul class=\"wp-block-latest-posts__list has-dates wp-block-latest-posts\"><li><div class=\"wp-block-latest-posts__featured-image alignleft\"><a href=\"https:\/\/pedagogie.ac-lille.fr\/ecogestionlp\/printfriendly\/\" aria-label=\"PrintFriendly\"><img loading=\"lazy\" decoding=\"async\" width=\"150\" height=\"150\" src=\"https:\/\/pedagogie.ac-lille.fr\/ecogestionlp\/wp-content\/uploads\/sites\/56\/2024\/01\/Capture-decran-2024-01-09-a-21.47.00-150x150.png\" class=\"attachment-thumbnail size-thumbnail no-lazy wp-post-image\" alt=\"\" style=\"\" srcset=\"https:\/\/pedagogie.ac-lille.fr\/ecogestionlp\/wp-content\/uploads\/sites\/56\/2024\/01\/Capture-decran-2024-01-09-a-21.47.00-150x150.png 150w, https:\/\/pedagogie.ac-lille.fr\/ecogestionlp\/wp-content\/uploads\/sites\/56\/2024\/01\/Capture-decran-2024-01-09-a-21.47.00-510x510.png 510w\" sizes=\"auto, (max-width: 150px) 100vw, 150px\" \/><\/a><\/div><a class=\"wp-block-latest-posts__post-title\" href=\"https:\/\/pedagogie.ac-lille.fr\/ecogestionlp\/printfriendly\/\">PrintFriendly<\/a><time datetime=\"2024-01-09T21:46:09+01:00\" class=\"wp-block-latest-posts__post-date\">9 janvier 2024<\/time><div class=\"wp-block-latest-posts__post-excerpt\">Comment se d\u00e9barrasser des publicit\u00e9s, images ou de certaines informations non essentielles avant de lancer l&rsquo;impression d\u2019une page web ? L\u2019outil PrintFriendly fait \u00e7a tr\u00e8s bien : apr\u00e8s avoir indiqu\u00e9 une adresse URL, nous pouvons tr\u00e8s facilement supprimer des blocs (images, textes&#8230;) puis t\u00e9l\u00e9charger le document ou lancer l\u2019impression. Un tuto vid\u00e9o sur la chaine\u2026 <a class=\"wp-block-latest-posts__read-more\" href=\"https:\/\/pedagogie.ac-lille.fr\/ecogestionlp\/printfriendly\/\" rel=\"noopener noreferrer\">Lire la suite<span class=\"screen-reader-text\">\u00a0: PrintFriendly<\/span><\/a><\/div><\/li>\n<li><div class=\"wp-block-latest-posts__featured-image alignleft\"><a href=\"https:\/\/pedagogie.ac-lille.fr\/ecogestionlp\/outil-de-synthese-vocale\/\" aria-label=\"Outil de synth\u00e8se vocale\"><img loading=\"lazy\" decoding=\"async\" width=\"150\" height=\"150\" src=\"https:\/\/pedagogie.ac-lille.fr\/ecogestionlp\/wp-content\/uploads\/sites\/56\/2023\/10\/Capture-decran-2023-10-28-a-10.30.43-150x150.png\" class=\"attachment-thumbnail size-thumbnail no-lazy wp-post-image\" alt=\"\" style=\"\" srcset=\"https:\/\/pedagogie.ac-lille.fr\/ecogestionlp\/wp-content\/uploads\/sites\/56\/2023\/10\/Capture-decran-2023-10-28-a-10.30.43-150x150.png 150w, https:\/\/pedagogie.ac-lille.fr\/ecogestionlp\/wp-content\/uploads\/sites\/56\/2023\/10\/Capture-decran-2023-10-28-a-10.30.43-510x510.png 510w\" sizes=\"auto, (max-width: 150px) 100vw, 150px\" \/><\/a><\/div><a class=\"wp-block-latest-posts__post-title\" href=\"https:\/\/pedagogie.ac-lille.fr\/ecogestionlp\/outil-de-synthese-vocale\/\">Outil de synth\u00e8se vocale<\/a><time datetime=\"2023-10-28T10:47:04+02:00\" class=\"wp-block-latest-posts__post-date\">28 octobre 2023<\/time><div class=\"wp-block-latest-posts__post-excerpt\">Comme le dit si bien \u00ab\u00a0Un prof heureux\u00a0\u00bb sur sa cha\u00eene Youtube, il est toujours utile d&rsquo;avoir une version audio de nos documents \u00e9crits. Il nous propose une solution avec l&rsquo;outil TTSmaker dans ce tuto. Il explique \u00e9galement comment h\u00e9berger la piste audio obtenue pour la proposer aux \u00e9l\u00e8ves gr\u00e2ce \u00e0 un lien ou un\u2026 <a class=\"wp-block-latest-posts__read-more\" href=\"https:\/\/pedagogie.ac-lille.fr\/ecogestionlp\/outil-de-synthese-vocale\/\" rel=\"noopener noreferrer\">Lire la suite<span class=\"screen-reader-text\">\u00a0: Outil de synth\u00e8se vocale<\/span><\/a><\/div><\/li>\n<li><div class=\"wp-block-latest-posts__featured-image alignleft\"><a href=\"https:\/\/pedagogie.ac-lille.fr\/ecogestionlp\/un-site-pour-afficher-les-photos-de-son-smartphone-sur-son-ordi\/\" aria-label=\"Un site pour afficher les photos de son smartphone sur son ordi\"><img loading=\"lazy\" decoding=\"async\" width=\"150\" height=\"150\" src=\"https:\/\/pedagogie.ac-lille.fr\/ecogestionlp\/wp-content\/uploads\/sites\/56\/2023\/09\/Capture-decran-2024-01-09-a-21.43.30-150x150.png\" class=\"attachment-thumbnail size-thumbnail no-lazy wp-post-image\" alt=\"\" style=\"\" srcset=\"https:\/\/pedagogie.ac-lille.fr\/ecogestionlp\/wp-content\/uploads\/sites\/56\/2023\/09\/Capture-decran-2024-01-09-a-21.43.30-150x150.png 150w, https:\/\/pedagogie.ac-lille.fr\/ecogestionlp\/wp-content\/uploads\/sites\/56\/2023\/09\/Capture-decran-2024-01-09-a-21.43.30-510x510.png 510w\" sizes=\"auto, (max-width: 150px) 100vw, 150px\" \/><\/a><\/div><a class=\"wp-block-latest-posts__post-title\" href=\"https:\/\/pedagogie.ac-lille.fr\/ecogestionlp\/un-site-pour-afficher-les-photos-de-son-smartphone-sur-son-ordi\/\">Un site pour afficher les photos de son smartphone sur son ordi<\/a><time datetime=\"2023-09-20T14:50:28+02:00\" class=\"wp-block-latest-posts__post-date\">20 septembre 2023<\/time><div class=\"wp-block-latest-posts__post-excerpt\">On s&rsquo;est tous d\u00e9j\u00e0 (auto)envoy\u00e9 un mail avec une photo pour passer de notre smartphone \u00e0 notre ordinateur. Et parfois, on doit le faire vite car, par exemple, on veut vid\u00e9oprojeter cette photo \u00e0 nos \u00e9l\u00e8ves&#8230; Macamdoc est une appli gratuite, sans inscription qui permet de prendre une photo avec son smartphone ou sa tablette\u2026 <a class=\"wp-block-latest-posts__read-more\" href=\"https:\/\/pedagogie.ac-lille.fr\/ecogestionlp\/un-site-pour-afficher-les-photos-de-son-smartphone-sur-son-ordi\/\" rel=\"noopener noreferrer\">Lire la suite<span class=\"screen-reader-text\">\u00a0: Un site pour afficher les photos de son smartphone sur son ordi<\/span><\/a><\/div><\/li>\n<li><div class=\"wp-block-latest-posts__featured-image alignleft\"><a href=\"https:\/\/pedagogie.ac-lille.fr\/ecogestionlp\/idees-recues-sur-le-numerique\/\" aria-label=\"Webinaires \u00ab\u00a0Id\u00e9es re\u00e7ues sur le num\u00e9rique\u00a0\u00bb\"><img loading=\"lazy\" decoding=\"async\" width=\"150\" height=\"150\" src=\"https:\/\/pedagogie.ac-lille.fr\/ecogestionlp\/wp-content\/uploads\/sites\/56\/2023\/03\/2E50C394-DD84-4E7E-8A83-0A9DB23C2719-150x150.jpeg\" class=\"attachment-thumbnail size-thumbnail no-lazy wp-post-image\" alt=\"\" style=\"\" srcset=\"https:\/\/pedagogie.ac-lille.fr\/ecogestionlp\/wp-content\/uploads\/sites\/56\/2023\/03\/2E50C394-DD84-4E7E-8A83-0A9DB23C2719-150x150.jpeg 150w, https:\/\/pedagogie.ac-lille.fr\/ecogestionlp\/wp-content\/uploads\/sites\/56\/2023\/03\/2E50C394-DD84-4E7E-8A83-0A9DB23C2719-510x510.jpeg 510w\" sizes=\"auto, (max-width: 150px) 100vw, 150px\" \/><\/a><\/div><a class=\"wp-block-latest-posts__post-title\" href=\"https:\/\/pedagogie.ac-lille.fr\/ecogestionlp\/idees-recues-sur-le-numerique\/\">Webinaires \u00ab\u00a0Id\u00e9es re\u00e7ues sur le num\u00e9rique\u00a0\u00bb<\/a><time datetime=\"2023-03-30T14:47:27+02:00\" class=\"wp-block-latest-posts__post-date\">30 mars 2023<\/time><div class=\"wp-block-latest-posts__post-excerpt\">La trousse \u00e0 projets propose une s\u00e9rie de 8 vid\u00e9os pour se former et travailler ces questions avec les \u00e9l\u00e8ves ou pouvoir ensuite animer des rencontres (comme un caf\u00e9 des parents) sur plusieurs th\u00e9matiques li\u00e9es au num\u00e9rique. Retrouvez cette s\u00e9rie de webinaires sur en cliquant ici.<\/div><\/li>\n<li><div class=\"wp-block-latest-posts__featured-image alignleft\"><a href=\"https:\/\/pedagogie.ac-lille.fr\/ecogestionlp\/lettre-edunum-economie-et-gestion-n57\/\" aria-label=\"Lettre \u00c9duNum \u00c9conomie et gestion n\u00b057\"><img loading=\"lazy\" decoding=\"async\" width=\"150\" height=\"121\" src=\"https:\/\/pedagogie.ac-lille.fr\/ecogestionlp\/wp-content\/uploads\/sites\/56\/2023\/03\/Capture-de\u0301cran-2023-03-28-a\u0300-14.23.44-150x121.png\" class=\"attachment-thumbnail size-thumbnail no-lazy wp-post-image\" alt=\"\" style=\"\" \/><\/a><\/div><a class=\"wp-block-latest-posts__post-title\" href=\"https:\/\/pedagogie.ac-lille.fr\/ecogestionlp\/lettre-edunum-economie-et-gestion-n57\/\">Lettre \u00c9duNum \u00c9conomie et gestion n\u00b057<\/a><time datetime=\"2023-03-28T14:23:00+02:00\" class=\"wp-block-latest-posts__post-date\">28 mars 2023<\/time><div class=\"wp-block-latest-posts__post-excerpt\">Cette publication signale la publication de la\u00a0charte pour l&rsquo;\u00e9ducation \u00e0 la culture et \u00e0 la citoyennet\u00e9 num\u00e9riques\u00a0et pr\u00e9sente\u00a0le dispositif Pix+ \u00c9du. Elle met aussi en avant des ateliers d&rsquo;entra\u00eenement interactifs, des ressources ludiques, des vid\u00e9os p\u00e9dagogiques, des parcours de formation ainsi que des retours d\u2019usages num\u00e9riques sur la th\u00e9matique de l\u2019engagement scolaire.<\/div><\/li>\n<li><div class=\"wp-block-latest-posts__featured-image alignleft\"><a href=\"https:\/\/pedagogie.ac-lille.fr\/ecogestionlp\/tutoriel-canva-education\/\" aria-label=\"Tutoriel Canva Education\"><img loading=\"lazy\" decoding=\"async\" width=\"150\" height=\"150\" src=\"https:\/\/pedagogie.ac-lille.fr\/ecogestionlp\/wp-content\/uploads\/sites\/56\/2023\/03\/Capture-decran-2023-03-11-a-18.52.53-150x150.png\" class=\"attachment-thumbnail size-thumbnail no-lazy wp-post-image\" alt=\"\" style=\"\" srcset=\"https:\/\/pedagogie.ac-lille.fr\/ecogestionlp\/wp-content\/uploads\/sites\/56\/2023\/03\/Capture-decran-2023-03-11-a-18.52.53-150x150.png 150w, https:\/\/pedagogie.ac-lille.fr\/ecogestionlp\/wp-content\/uploads\/sites\/56\/2023\/03\/Capture-decran-2023-03-11-a-18.52.53-510x510.png 510w\" sizes=\"auto, (max-width: 150px) 100vw, 150px\" \/><\/a><\/div><a class=\"wp-block-latest-posts__post-title\" href=\"https:\/\/pedagogie.ac-lille.fr\/ecogestionlp\/tutoriel-canva-education\/\">Tutoriel Canva Education<\/a><time datetime=\"2023-03-09T15:19:49+01:00\" class=\"wp-block-latest-posts__post-date\">9 mars 2023<\/time><div class=\"wp-block-latest-posts__post-excerpt\">Canva \u00c9ducation est une version \u00e9ducative du c\u00e9l\u00e8bre outil de conception graphique en ligne, Canva. Con\u00e7ue sp\u00e9cifiquement pour les enseignants et les \u00e9tudiants, cette plateforme offre une gamme d&rsquo;outils et de fonctionnalit\u00e9s con\u00e7us pour faciliter la cr\u00e9ation de supports visuels et p\u00e9dagogiques. Canva \u00c9ducation est une ressource particuli\u00e8rement utile pour les enseignants qui cherchent \u00e0\u2026 <a class=\"wp-block-latest-posts__read-more\" href=\"https:\/\/pedagogie.ac-lille.fr\/ecogestionlp\/tutoriel-canva-education\/\" rel=\"noopener noreferrer\">Lire la suite<span class=\"screen-reader-text\">\u00a0: Tutoriel Canva Education<\/span><\/a><\/div><\/li>\n<\/ul>","protected":false},"excerpt":{"rendered":"<p>Plusieurs textes t\u00e9moignent de l&rsquo;importance accord\u00e9e \u00e0 l&rsquo;int\u00e9gration du num\u00e9rique dans l&rsquo;enseignement et \u00e0 la formation des \u00e9l\u00e8ves aux comp\u00e9tences num\u00e9riques. Interventions en \u00e9tablissement M\u00e9lanie Serret, professeure documentaliste au lyc\u00e9e polyvalent Giraux Sannier de Saint Martin Boulogne, est charg\u00e9e de mission pour le d\u00e9veloppement du num\u00e9rique au service des apprentissages. N&rsquo;h\u00e9sitez pas \u00e0 la contacter [&hellip;]<\/p>\n","protected":false},"author":71,"featured_media":739,"parent":0,"menu_order":0,"comment_status":"closed","ping_status":"closed","template":"","meta":{"footnotes":""},"class_list":["post-736","page","type-page","status-publish","has-post-thumbnail","czr-hentry"],"publishpress_future_action":{"enabled":false,"date":"2026-04-14 07:12:08","action":"change-status","newStatus":"draft","terms":[],"taxonomy":"","extraData":[]},"publishpress_future_workflow_manual_trigger":{"enabledWorkflows":[]},"_links":{"self":[{"href":"https:\/\/pedagogie.ac-lille.fr\/ecogestionlp\/wp-json\/wp\/v2\/pages\/736","targetHints":{"allow":["GET"]}}],"collection":[{"href":"https:\/\/pedagogie.ac-lille.fr\/ecogestionlp\/wp-json\/wp\/v2\/pages"}],"about":[{"href":"https:\/\/pedagogie.ac-lille.fr\/ecogestionlp\/wp-json\/wp\/v2\/types\/page"}],"author":[{"embeddable":true,"href":"https:\/\/pedagogie.ac-lille.fr\/ecogestionlp\/wp-json\/wp\/v2\/users\/71"}],"replies":[{"embeddable":true,"href":"https:\/\/pedagogie.ac-lille.fr\/ecogestionlp\/wp-json\/wp\/v2\/comments?post=736"}],"version-history":[{"count":5,"href":"https:\/\/pedagogie.ac-lille.fr\/ecogestionlp\/wp-json\/wp\/v2\/pages\/736\/revisions"}],"predecessor-version":[{"id":998,"href":"https:\/\/pedagogie.ac-lille.fr\/ecogestionlp\/wp-json\/wp\/v2\/pages\/736\/revisions\/998"}],"wp:featuredmedia":[{"embeddable":true,"href":"https:\/\/pedagogie.ac-lille.fr\/ecogestionlp\/wp-json\/wp\/v2\/media\/739"}],"wp:attachment":[{"href":"https:\/\/pedagogie.ac-lille.fr\/ecogestionlp\/wp-json\/wp\/v2\/media?parent=736"}],"curies":[{"name":"wp","href":"https:\/\/api.w.org\/{rel}","templated":true}]}}