{"id":777,"date":"2023-03-11T18:50:02","date_gmt":"2023-03-11T17:50:02","guid":{"rendered":"https:\/\/pedagogie.ac-lille.fr\/ecogestionlp\/?page_id=777"},"modified":"2023-03-28T12:35:30","modified_gmt":"2023-03-28T10:35:30","slug":"carriere","status":"publish","type":"page","link":"https:\/\/pedagogie.ac-lille.fr\/ecogestionlp\/carriere\/","title":{"rendered":"Carri\u00e8re"},"content":{"rendered":"\n<h2 class=\"wp-block-heading\">Les rendez-vous de carri\u00e8re <\/h2>\n\n\n\n<p>Le rendez-vous de carri\u00e8re est un temps d\u00e9di\u00e9 pour porter un regard sur une p\u00e9riode de vie professionnelle (en moyenne tous les 7 ans), \u00e0 des moments o\u00f9 il semble pertinent de faire le point sur le chemin parcouru professionnellement. Il s&rsquo;agit d&rsquo;un temps d&rsquo;\u00e9change sur les comp\u00e9tences acquises et sur les perspectives d&rsquo;\u00e9volution professionnelle.<\/p>\n\n\n\n<div class=\"wp-block-buttons is-layout-flex wp-block-buttons-is-layout-flex\">\n<div class=\"wp-block-button\"><a class=\"wp-block-button__link wp-element-button\" href=\"https:\/\/www.education.gouv.fr\/rendez-vous-de-carriere-mode-d-emploi-41627\" target=\"_blank\" rel=\"noreferrer noopener\">En savoir plus<\/a><\/div>\n<\/div>\n\n\n\n<h2 class=\"wp-block-heading\">Les \u00e9volutions possibles <\/h2>\n\n\n\n<p>L\u2019\u00e9quipe des inspecteurs en \u00e9conomie gestion s\u2019engagent \u00e0 vous accompagner dans votre d\u00e9marche d\u2019\u00e9volution de carri\u00e8re. Dans un premier temps, vous pouvez solliciter un entretien avec votre inspecteur r\u00e9f\u00e9rent.<\/p>\n\n\n<ul class=\"wp-block-latest-posts__list wp-block-latest-posts\"><li><a class=\"wp-block-latest-posts__post-title\" href=\"https:\/\/pedagogie.ac-lille.fr\/ecogestionlp\/opter-pour-un-changement-volontaire-de-discipline-avec-maintien-dans-le-corps-des-plp\/\"><strong>Opter pour un changement volontaire de discipline avec maintien dans le corps des PLP<\/strong><\/a><div class=\"wp-block-latest-posts__post-excerpt\">L&rsquo;\u00c9ducation nationale, accompagne la mobilit\u00e9 de ses agents dans le cadre de l&rsquo;\u00e9volution de carri\u00e8re vers un parcours diversifi\u00e9. Parmi les dispositifs propos\u00e9s, les personnels enseignants du second degr\u00e9 public ont la possibilit\u00e9 de solliciter un changement volontaire de discipline. Cette proc\u00e9dure&nbsp;pour&nbsp;enseigner dans une autre sp\u00e9cialit\u00e9, par exemple tertiaire (commerce et vente, transport et logistique,\u2026 <a class=\"wp-block-latest-posts__read-more\" href=\"https:\/\/pedagogie.ac-lille.fr\/ecogestionlp\/opter-pour-un-changement-volontaire-de-discipline-avec-maintien-dans-le-corps-des-plp\/\" rel=\"noopener noreferrer\">Lire la suite<span class=\"screen-reader-text\">\u00a0: &lt;strong&gt;Opter pour un changement volontaire de discipline avec maintien dans le corps des PLP&lt;\/strong&gt;<\/span><\/a><\/div><\/li>\n<li><a class=\"wp-block-latest-posts__post-title\" href=\"https:\/\/pedagogie.ac-lille.fr\/ecogestionlp\/enseigner-dans-la-voie-technologique-par-voie-de-detachement\/\"><strong>Enseigner dans la voie technologique par voie de d\u00e9tachement<\/strong><\/a><div class=\"wp-block-latest-posts__post-excerpt\">La voie de d\u00e9tachement de fonctionnaires de cat\u00e9gorie A dans les corps des personnels enseignants des premier et second degr\u00e9s, des personnels d&rsquo;\u00e9ducation et des psychologues de l&rsquo;\u00e9ducation nationale relevant du minist\u00e8re charg\u00e9 de l&rsquo;\u00e9ducation nationale. Les demandes de d\u00e9tachement sont prises en compte au regard des besoins d&rsquo;enseignement d\u00e9termin\u00e9s en fonction des capacit\u00e9s offertes\u2026 <a class=\"wp-block-latest-posts__read-more\" href=\"https:\/\/pedagogie.ac-lille.fr\/ecogestionlp\/enseigner-dans-la-voie-technologique-par-voie-de-detachement\/\" rel=\"noopener noreferrer\">Lire la suite<span class=\"screen-reader-text\">\u00a0: &lt;strong&gt;Enseigner dans la voie technologique par voie de d\u00e9tachement&lt;\/strong&gt;<\/span><\/a><\/div><\/li>\n<li><a class=\"wp-block-latest-posts__post-title\" href=\"https:\/\/pedagogie.ac-lille.fr\/ecogestionlp\/enseigner-en-bts\/\"><strong>Enseigner en BTS<\/strong><\/a><div class=\"wp-block-latest-posts__post-excerpt\">Une possibilit\u00e9 inscrite dans la loi (d\u00e9cret n\u00b0 2009-918 du 28 juillet 2009 portant modification du d\u00e9cret n\u00b0 92-1189 du 6 novembre 1992 relatif au statut particulier des professeurs de lyc\u00e9e professionnel) Certains enseignants sont particuli\u00e8rement impliqu\u00e9s d\u2019ores et d\u00e9j\u00e0 dans la liaison bac pro-STS, dont leur connaissance des attendus leur permet de mieux orienter\u2026 <a class=\"wp-block-latest-posts__read-more\" href=\"https:\/\/pedagogie.ac-lille.fr\/ecogestionlp\/enseigner-en-bts\/\" rel=\"noopener noreferrer\">Lire la suite<span class=\"screen-reader-text\">\u00a0: &lt;strong&gt;Enseigner en BTS&lt;\/strong&gt;<\/span><\/a><\/div><\/li>\n<li><a class=\"wp-block-latest-posts__post-title\" href=\"https:\/\/pedagogie.ac-lille.fr\/ecogestionlp\/la-voie-des-concours-5-options-en-economie-gestion\/\"><strong>La voie des concours, 5 options en \u00e9conomie gestion<\/strong><\/a><div class=\"wp-block-latest-posts__post-excerpt\">CAPET externe &#8211; CAPET interne (3 ans de services publics \u00e0 la parution des r\u00e9sultats d\u2019admissibilit\u00e9)&nbsp; Troisi\u00e8me concours (5 ans d\u2019exp\u00e9rience professionnelle dans le priv\u00e9 pas de condition de dipl\u00f4me)&nbsp; Agr\u00e9gation externe &#8211; Agr\u00e9gation interne (5 ans de services publics \u00e0 la parution des r\u00e9sultats d\u2019admissibilit\u00e9)&nbsp;&nbsp; En savoir plus sur le site \u00ab\u00a0devenir enseignant\u00ab\u00a0, rubrique\u2026 <a class=\"wp-block-latest-posts__read-more\" href=\"https:\/\/pedagogie.ac-lille.fr\/ecogestionlp\/la-voie-des-concours-5-options-en-economie-gestion\/\" rel=\"noopener noreferrer\">Lire la suite<span class=\"screen-reader-text\">\u00a0: &lt;strong&gt;La voie des concours, 5 options en \u00e9conomie gestion&lt;\/strong&gt;<\/span><\/a><\/div><\/li>\n<li><a class=\"wp-block-latest-posts__post-title\" href=\"https:\/\/pedagogie.ac-lille.fr\/ecogestionlp\/devenir-conseillere-en-formation-continue-pour-le-reseau-des-greta-de-lacademie-de-lille\/\"><strong>Devenir conseiller(e) en formation continue pour le r\u00e9seau des GRETA de l\u2019acad\u00e9mie de Lille<\/strong><\/a><div class=\"wp-block-latest-posts__post-excerpt\">Qu\u2019est-ce qu\u2019un GRETA ?Un groupement d\u2019\u00e9tablissements publics d\u2019enseignement (lyc\u00e9es professionnels, lyc\u00e9es et coll\u00e8ges). Il f\u00e9d\u00e8re les ressources humaines et mat\u00e9rielles pour organiser des actions de formation continue pour adultes. Qu\u2019est-ce que le m\u00e9tier de CFC ?Son activit\u00e9 s\u2019organise autour des axes suivants :\u2022 La n\u00e9gociation de projets avec les partenaires publics et les entreprises\u2022 La\u2026 <a class=\"wp-block-latest-posts__read-more\" href=\"https:\/\/pedagogie.ac-lille.fr\/ecogestionlp\/devenir-conseillere-en-formation-continue-pour-le-reseau-des-greta-de-lacademie-de-lille\/\" rel=\"noopener noreferrer\">Lire la suite<span class=\"screen-reader-text\">\u00a0: &lt;strong&gt;Devenir conseiller(e) en formation continue pour le r\u00e9seau des GRETA de l\u2019acad\u00e9mie de Lille&lt;\/strong&gt;<\/span><\/a><\/div><\/li>\n<li><a class=\"wp-block-latest-posts__post-title\" href=\"https:\/\/pedagogie.ac-lille.fr\/ecogestionlp\/evoluer-vers-des-fonctions-administratives\/\"><strong>\u00c9voluer vers des fonctions administratives<\/strong><\/a><div class=\"wp-block-latest-posts__post-excerpt\">Les missions des attach\u00e9s d&rsquo;administration couvrent les fonctions de conception, d&rsquo;expertise, de gestion, ou de pilotage d&rsquo;unit\u00e9s administratives et des fonctions d&rsquo;encadrement au sein d\u2019un EPLE\u00a0( Adjoint gestionnaire, Fond\u00e9 de pouvoir, Agent comptable) ou en services acad\u00e9miques (Charg\u00e9 de gestion, Chef de bureau) Par voie de concours administratifs ou de d\u00e9tachement (Demandes r\u00e9ceptionn\u00e9es et examin\u00e9es\u2026 <a class=\"wp-block-latest-posts__read-more\" href=\"https:\/\/pedagogie.ac-lille.fr\/ecogestionlp\/evoluer-vers-des-fonctions-administratives\/\" rel=\"noopener noreferrer\">Lire la suite<span class=\"screen-reader-text\">\u00a0: &lt;strong&gt;\u00c9voluer vers des fonctions administratives&lt;\/strong&gt;<\/span><\/a><\/div><\/li>\n<\/ul>\n\n\n<h3 class=\"wp-block-heading\">Devenir DDFPT <\/h3>\n\n\n\n<p>Le directeur d\u00e9l\u00e9gu\u00e9 aux formations professionnelles et technologiques est plac\u00e9 sous l\u2019autorit\u00e9 du chef d\u2019\u00e9tablissement dont il est un proche collaborateur. Sa connaissance g\u00e9n\u00e9rale de l\u2019enseignement technologique et professionnel, des \u00e9volutions p\u00e9dagogiques, technologiques, \u00e9conomiques et sociales les plus r\u00e9centes, et le contact \u00e9troit qu\u2019il entretient avec les milieux professionnels, l\u2019am\u00e8ne \u00e0 le conseiller\u2026 <\/p>\n\n\n\n<p>Les diff\u00e9rentes missions du DDFPT sont d\u00e9clin\u00e9es dans le <a rel=\"noreferrer noopener\" href=\"https:\/\/www.education.gouv.fr\/bo\/16\/Hebdo37\/MENH1613887C.htm\" target=\"_blank\">BO n\u00b0 du 13 octobre 2016 et Circulaire n\u00b02016-137 du 11\/10\/2016<\/a>&nbsp;: Organisation des enseignements professionnels et technologiques, coordination et animation des \u00e9quipes d\u2019enseignants, conseil au chef d\u2019\u00e9tablissement, relations avec les partenaires ext\u00e9rieurs.<\/p>\n\n\n\n<p>\u00c0 venir&#8230;<\/p>\n","protected":false},"excerpt":{"rendered":"<p>Les rendez-vous de carri\u00e8re Le rendez-vous de carri\u00e8re est un temps d\u00e9di\u00e9 pour porter un regard sur une p\u00e9riode de vie professionnelle (en moyenne tous les 7 ans), \u00e0 des moments o\u00f9 il semble pertinent de faire le point sur le chemin parcouru professionnellement. Il s&rsquo;agit d&rsquo;un temps d&rsquo;\u00e9change sur les comp\u00e9tences acquises et sur [&hellip;]<\/p>\n","protected":false},"author":71,"featured_media":0,"parent":0,"menu_order":0,"comment_status":"closed","ping_status":"closed","template":"","meta":{"footnotes":""},"class_list":["post-777","page","type-page","status-publish","czr-hentry"],"publishpress_future_action":{"enabled":false,"date":"2026-04-14 07:31:23","action":"change-status","newStatus":"draft","terms":[],"taxonomy":"","extraData":[]},"publishpress_future_workflow_manual_trigger":{"enabledWorkflows":[]},"_links":{"self":[{"href":"https:\/\/pedagogie.ac-lille.fr\/ecogestionlp\/wp-json\/wp\/v2\/pages\/777","targetHints":{"allow":["GET"]}}],"collection":[{"href":"https:\/\/pedagogie.ac-lille.fr\/ecogestionlp\/wp-json\/wp\/v2\/pages"}],"about":[{"href":"https:\/\/pedagogie.ac-lille.fr\/ecogestionlp\/wp-json\/wp\/v2\/types\/page"}],"author":[{"embeddable":true,"href":"https:\/\/pedagogie.ac-lille.fr\/ecogestionlp\/wp-json\/wp\/v2\/users\/71"}],"replies":[{"embeddable":true,"href":"https:\/\/pedagogie.ac-lille.fr\/ecogestionlp\/wp-json\/wp\/v2\/comments?post=777"}],"version-history":[{"count":13,"href":"https:\/\/pedagogie.ac-lille.fr\/ecogestionlp\/wp-json\/wp\/v2\/pages\/777\/revisions"}],"predecessor-version":[{"id":994,"href":"https:\/\/pedagogie.ac-lille.fr\/ecogestionlp\/wp-json\/wp\/v2\/pages\/777\/revisions\/994"}],"wp:attachment":[{"href":"https:\/\/pedagogie.ac-lille.fr\/ecogestionlp\/wp-json\/wp\/v2\/media?parent=777"}],"curies":[{"name":"wp","href":"https:\/\/api.w.org\/{rel}","templated":true}]}}