{"id":807,"date":"2023-03-11T19:54:02","date_gmt":"2023-03-11T18:54:02","guid":{"rendered":"https:\/\/pedagogie.ac-lille.fr\/ecogestionlp\/?page_id=807"},"modified":"2023-03-11T19:54:45","modified_gmt":"2023-03-11T18:54:45","slug":"partager","status":"publish","type":"page","link":"https:\/\/pedagogie.ac-lille.fr\/ecogestionlp\/partager\/","title":{"rendered":"Partager"},"content":{"rendered":"\n<p>Ce site est con\u00e7u pour vous et nous souhaitons qu&rsquo;il soit le plus possible con\u00e7u par vous afin d&rsquo;en faire un outil de partage au sein de l&rsquo;acad\u00e9mie. <\/p>\n\n\n\n<p>En mutualisant nos connaissances, nos comp\u00e9tences et nos ressources, nous pouvons am\u00e9liorer notre enseignement et offrir une exp\u00e9rience plus riche et plus productive \u00e0 nos \u00e9l\u00e8ves.<\/p>\n\n\n\n<p>En mutualisant, nous pouvons b\u00e9n\u00e9ficier des id\u00e9es et des connaissances de nos coll\u00e8gues, ainsi que de leur exp\u00e9rience pratique. Nous pouvons \u00e9galement \u00e9viter de \u00ab\u00a0r\u00e9inventer la roue\u00a0\u00bb en utilisant des ressources p\u00e9dagogiques et des pratiques qui ont d\u00e9j\u00e0 \u00e9t\u00e9 \u00e9prouv\u00e9es et test\u00e9es.<\/p>\n\n\n\n<p>La mutualisation est une opportunit\u00e9 pour les enseignants de partager leurs connaissances, de collaborer et d&rsquo;am\u00e9liorer leur pratique p\u00e9dagogique. Nous vous encourageons \u00e0 envisager la mutualisation comme un moyen de renforcer la communaut\u00e9 \u00e9ducative dans son ensemble et d&rsquo;offrir autant que vous pourrez profiter de ces partages.<\/p>\n\n\n\n<p>Vous souhaitez partager un contenu, mutualiser une activit\u00e9, une s\u00e9ance, une s\u00e9quence ou un projet ? N&rsquo;h\u00e9sitez pas \u00e0 en parler \u00e0 un formateur, un inspecteur ou \u00e0 envoyer un mail \u00e0 melanie.serret@ac-lille.fr <\/p>\n\n\n\n<p><\/p>\n\n\n\n<p><\/p>\n\n\n\n<p><\/p>\n\n\n\n<p><\/p>\n\n\n\n<p><\/p>\n","protected":false},"excerpt":{"rendered":"<p>Ce site est con\u00e7u pour vous et nous souhaitons qu&rsquo;il soit le plus possible con\u00e7u par vous afin d&rsquo;en faire un outil de partage au sein de l&rsquo;acad\u00e9mie. En mutualisant nos connaissances, nos comp\u00e9tences et nos ressources, nous pouvons am\u00e9liorer notre enseignement et offrir une exp\u00e9rience plus riche et plus productive \u00e0 nos \u00e9l\u00e8ves. En [&hellip;]<\/p>\n","protected":false},"author":71,"featured_media":808,"parent":0,"menu_order":0,"comment_status":"closed","ping_status":"closed","template":"","meta":{"footnotes":""},"class_list":["post-807","page","type-page","status-publish","has-post-thumbnail","czr-hentry"],"publishpress_future_action":{"enabled":false,"date":"2026-04-14 07:12:15","action":"change-status","newStatus":"draft","terms":[],"taxonomy":"","extraData":[]},"publishpress_future_workflow_manual_trigger":{"enabledWorkflows":[]},"_links":{"self":[{"href":"https:\/\/pedagogie.ac-lille.fr\/ecogestionlp\/wp-json\/wp\/v2\/pages\/807","targetHints":{"allow":["GET"]}}],"collection":[{"href":"https:\/\/pedagogie.ac-lille.fr\/ecogestionlp\/wp-json\/wp\/v2\/pages"}],"about":[{"href":"https:\/\/pedagogie.ac-lille.fr\/ecogestionlp\/wp-json\/wp\/v2\/types\/page"}],"author":[{"embeddable":true,"href":"https:\/\/pedagogie.ac-lille.fr\/ecogestionlp\/wp-json\/wp\/v2\/users\/71"}],"replies":[{"embeddable":true,"href":"https:\/\/pedagogie.ac-lille.fr\/ecogestionlp\/wp-json\/wp\/v2\/comments?post=807"}],"version-history":[{"count":2,"href":"https:\/\/pedagogie.ac-lille.fr\/ecogestionlp\/wp-json\/wp\/v2\/pages\/807\/revisions"}],"predecessor-version":[{"id":810,"href":"https:\/\/pedagogie.ac-lille.fr\/ecogestionlp\/wp-json\/wp\/v2\/pages\/807\/revisions\/810"}],"wp:featuredmedia":[{"embeddable":true,"href":"https:\/\/pedagogie.ac-lille.fr\/ecogestionlp\/wp-json\/wp\/v2\/media\/808"}],"wp:attachment":[{"href":"https:\/\/pedagogie.ac-lille.fr\/ecogestionlp\/wp-json\/wp\/v2\/media?parent=807"}],"curies":[{"name":"wp","href":"https:\/\/api.w.org\/{rel}","templated":true}]}}