{"id":744,"date":"2021-04-12T19:36:42","date_gmt":"2021-04-12T17:36:42","guid":{"rendered":"https:\/\/pedagogie.ac-lille.fr\/emcc\/?page_id=744"},"modified":"2025-09-25T15:42:36","modified_gmt":"2025-09-25T13:42:36","slug":"contacts","status":"publish","type":"page","link":"https:\/\/pedagogie.ac-lille.fr\/emcc\/contacts\/","title":{"rendered":"Contacts"},"content":{"rendered":"\n<div class=\"wp-block-columns is-layout-flex wp-container-core-columns-is-layout-28f84493 wp-block-columns-is-layout-flex\">\n<div class=\"wp-block-column is-layout-flow wp-block-column-is-layout-flow\">\n<p><strong>Mme Marie GANDIN<\/strong><\/p>\n\n\n\n<p>Inspectrice d\u2019acad\u00e9mie<br>Inspectrice p\u00e9dagogique r\u00e9gional en \u00c9ducation musicale et chant choral<\/p>\n\n\n\n<p><\/p>\n\n\n\n<p><strong>H\u00f4tel acad\u00e9mique<\/strong><br>144, rue de Bavay \u2013 BP <a rel=\"noreferrer noopener\" target=\"_blank\">669 59033<\/a> LILLE<br>T\u00e9l&nbsp;: <a rel=\"noreferrer noopener\" target=\"_blank\">06 <\/a>19 35 90 28 \u2013 Secr\u00e9tariat&nbsp;: <a rel=\"noreferrer noopener\" target=\"_blank\">03 20 15 65 23<\/a><br>Mail&nbsp;: <a rel=\"noreferrer noopener\" href=\"mailto:marie.gandin@ac-lille.fr\" target=\"_blank\">Mme Marie GANDIN<\/a><\/p>\n<\/div>\n\n\n\n<div class=\"wp-block-column is-layout-flow wp-block-column-is-layout-flow\">\n<p><strong>M. Laurent RAYMOND<\/strong><\/p>\n\n\n\n<p>Inspecteur d\u2019acad\u00e9mie<br>Inspecteur p\u00e9dagogique r\u00e9gional en \u00c9ducation musicale et chant choral<\/p>\n\n\n\n<p>Co-pilote de l&rsquo;Histoire des arts<\/p>\n\n\n\n<p><strong>H\u00f4tel acad\u00e9mique<\/strong><br>144, rue de Bavay \u2013 BP <a rel=\"noreferrer noopener\" target=\"_blank\">669 59033<\/a> LILLE<br>T\u00e9l&nbsp;: <a rel=\"noreferrer noopener\" target=\"_blank\">06 25 92 62 92<\/a> \u2013 Secr\u00e9tariat&nbsp;: <a rel=\"noreferrer noopener\" target=\"_blank\">03 20 15 65 23<\/a><br>Mail&nbsp;: <a rel=\"noreferrer noopener\" href=\"laurent.raymond@ac-lille.fr\" target=\"_blank\">M. Laurent RAYMOND<\/a><\/p>\n<\/div>\n<\/div>\n\n\n\n<hr class=\"wp-block-separator has-css-opacity\" \/>\n\n\n\n<h2 class=\"wp-block-heading\">Charg\u00e9e de mission d&rsquo;inspection<\/h2>\n\n\n\n<p><a href=\"mailto:emeline.le-Cam@ac-lille.fr\" target=\"_blank\" rel=\"noreferrer noopener\">Mme Emeline LE CAM<\/a><\/p>\n\n\n\n<h2 class=\"wp-block-heading\">A<strong>u sein de l\u2019Ecole Acad\u00e9mique de Formation Continue&nbsp;<\/strong>(EAFC)<\/h2>\n\n\n\n<p><a href=\"mailto:guillaume-nicol.pasquinet@ac-lille.fr\" target=\"_blank\" rel=\"noreferrer noopener\">M. Guillaume PASQUINET<\/a><\/p>\n\n\n\n<h2 class=\"wp-block-heading\"><strong>Au sein de la D\u00e9l\u00e9gation r\u00e9gionale acad\u00e9mique au num\u00e9rique \u00e9ducatif<\/strong> (DRANE)<\/h2>\n\n\n\n<p>Interlocuteur acad\u00e9mique pour le num\u00e9rique \u00e9ducatif \u2013 Musique \u2013 <a href=\"mailto:guillaume.dumetz@ac-lille.fr\" target=\"_blank\" rel=\"noreferrer noopener\">M. Guillaume DUMETZ<\/a> <\/p>\n\n\n\n<p>Interlocuteur acad\u00e9mique pour le num\u00e9rique \u00e9ducatif \u2013 Histoire des arts &#8211; <a href=\"mailto:benoit.contant@ac-lille.fr\" target=\"_blank\" rel=\"noreferrer noopener\">M. Beno\u00eet CONTANT<\/a><\/p>\n\n\n\n<h2 class=\"wp-block-heading\">\u00c9quipe Num\u00e9rique Formation Continue<\/h2>\n\n\n\n<p><a href=\"mailto:sebastien.blanquart@ac-lille.fr\" target=\"_blank\" rel=\"noreferrer noopener\">M. S\u00e9bastien BLANQUART<\/a><\/p>\n\n\n\n<p><a href=\"mailto:maxime.Devassine@ac-lille.fr\" target=\"_blank\" rel=\"noreferrer noopener\">M. Maxime DEVASSINE<\/a><\/p>\n\n\n\n<p><a href=\"mailto:guillaume.dumetz@ac-lille.fr\" target=\"_blank\" rel=\"noreferrer noopener\">M. Guillaume DUMETZ<\/a> &#8211; Webmestre et IANE<\/p>\n\n\n\n<p><a href=\"mailto:david.jannequin@ac-lille.fr\" target=\"_blank\" rel=\"noreferrer noopener\">M. David JANNEQUIN<\/a><\/p>\n\n\n\n<p><a href=\"mailto:remi.gravelin-libbrecht@ac-lille.fr\" target=\"_blank\" rel=\"noreferrer noopener\">M. R\u00e9my GRAVELIN<\/a><\/p>\n\n\n\n<p><a href=\"mailto:aguignepain@ac-lille.fr\" target=\"_blank\" rel=\"noreferrer noopener\">Mme Alexandra GUIGNEPAIN<\/a><\/p>\n\n\n\n<p><a href=\"mailto:nadine-valerie.guimberteau@ac-lille.fr\" target=\"_blank\" rel=\"noreferrer noopener\">Mme Nadine GUIMBERTEAU<\/a><\/p>\n\n\n\n<p><a href=\"mailto:gilles.pasbecq@ac-lille.fr\" target=\"_blank\" rel=\"noreferrer noopener\">M. Gilles PASBECQ<\/a> &#8211; R\u00e9f\u00e9rent acad\u00e9mique IA<\/p>\n\n\n\n<p><a rel=\"noreferrer noopener\" href=\"mailto:Eulalie.Tison@ac-lille.fr\" target=\"_blank\">Mme Eulalie TISON<\/a><\/p>\n\n\n\n<p><\/p>\n\n\n\n<p><\/p>\n\n\n\n<h2 class=\"wp-block-heading\"><strong>Au sein la D\u00e9l\u00e9gation r\u00e9gionale acad\u00e9mique \u00e0 l&rsquo;\u00e9ducation artistique et culturelle (DRAEAC)<\/strong><\/h2>\n\n\n\n<p>Missionn\u00e9e musique au sein de la DRAEAC &#8211; <a href=\"mailto:catherine.khoudja@ac-lille.fr\" target=\"_blank\" rel=\"noreferrer noopener\">Mme Catherine KHOUDJA<\/a> (Coordonnatrice musique &#8211; DRAEAC )<\/p>\n\n\n\n<ul class=\"wp-block-list\">\n<li><a href=\"mailto:Camille-Clemenc.Tristram@ac-lille.fr\" target=\"_blank\" rel=\"noreferrer noopener\">Mme Camille-Cl\u00e9mence TRISTRAM<\/a> &#8211; Concert d\u2019Astr\u00e9e de Lille <\/li>\n\n\n\n<li><a href=\"mailto:emmanuelle.lempereur@ac-lille.fr\">Mme Cl\u00e9mentine LELEU<\/a> &#8211; Op\u00e9ra de Lille <\/li>\n\n\n\n<li><a href=\"mailto:sebastien.bouvier@ac-lille.fr\" target=\"_blank\" rel=\"noreferrer noopener\">M. S\u00e9bastien BOUVIER<\/a> &#8211; Orchestre National de Lille <\/li>\n\n\n\n<li><a href=\"mailto:stephan.lautier@ac-lille.fr\" target=\"_blank\" rel=\"noreferrer noopener\">M. Stephan LAUTIER<\/a> &#8211; Atelier lyrique de Tourcoing<\/li>\n\n\n\n<li><a href=\"mailto:nicolas.lukaszewicz@ac-lille.fr\">M. Nicolas LUKASZEWICZ<\/a> &#8211; Les 4Ecluses de Dunkerque <\/li>\n\n\n\n<li><a href=\"mailto:vincent.guerin@ac-lille.fr\" target=\"_blank\" rel=\"noreferrer noopener\">M. Vincent GUERIN<\/a> &#8211; A\u00e9ronef de Lille  &amp; P\u00f4le des Cultures Actuelles d&rsquo;Aulnoye-Aymeries<\/li>\n<\/ul>\n\n\n\n<p><\/p>\n\n\n\n<h2 class=\"wp-block-heading\"><strong>Au sein de l\u2019association acad\u00e9mique de chant choral \u2013 <em>Vocali<\/em><\/strong><\/h2>\n\n\n\n<p><a href=\"mailto:president.vocali@gmail.com\" target=\"_blank\" rel=\"noreferrer noopener\">Mme<\/a><a href=\"mailto:president.vocali@gmail.com\"> Marie-H\u00e9l\u00e8ne GALLO<\/a> (Pr\u00e9sidente)<\/p>\n\n\n\n<p><a href=\"mailto:eric.coeln@ac-lille.fr\">M. \u00c9ric COELN<\/a> (Tr\u00e9sorier)<\/p>\n\n\n\n<p><a href=\"mailto:Gwendoline.Lecron@ac-lille.fr\" target=\"_blank\" rel=\"noreferrer noopener\">Mme Gwendoline ZMUDA<\/a> (Secr\u00e9taire)<\/p>\n\n\n\n<p><\/p>\n\n\n\n<h2 class=\"wp-block-heading\"><strong>Au sein d\u2019autres dispositifs et associations<\/strong><\/h2>\n\n\n\n<p>Interlocuteurs du dispositif Orchestre \u00e0 l\u2019\u00c9cole :<\/p>\n\n\n\n<ul class=\"wp-block-list\">\n<li><a rel=\"noreferrer noopener\" href=\"mailto:Jonathan-Albert.Delepaule@ac-lille.fr\" target=\"_blank\">M. Jonathan DELEPAULE<\/a> (Pas de Calais) <\/li>\n\n\n\n<li><a rel=\"noreferrer noopener\" href=\"mailto:frederic.vanderschaeghe@ac-lille.fr\" target=\"_blank\">M. Fr\u00e9d\u00e9ric VANDERSCHAEGHE<\/a> (Nord)<\/li>\n<\/ul>\n\n\n\n<p>Correspondant acad\u00e9mique de l\u2019Ap\u00e9mu<\/p>\n\n\n\n<ul class=\"wp-block-list\">\n<li><a href=\"mailto:audrey-marie.lavest@ac-lille.fr\" target=\"_blank\" rel=\"noreferrer noopener\">M. Stephan LAUTIER<\/a><\/li>\n<\/ul>\n","protected":false},"excerpt":{"rendered":"<p>Coordonn\u00e9es des personnels ressources de l&rsquo;acad\u00e9mie<\/p>\n","protected":false},"author":53,"featured_media":0,"parent":0,"menu_order":0,"comment_status":"closed","ping_status":"closed","template":"","meta":{"_acf_changed":false,"ngg_post_thumbnail":0,"footnotes":""},"class_list":["post-744","page","type-page","status-publish","czr-hentry"],"acf":[],"publishpress_future_action":{"enabled":false,"date":"2026-04-21 13:25:36","action":"change-status","newStatus":"draft","terms":[],"taxonomy":"","extraData":[]},"publishpress_future_workflow_manual_trigger":{"enabledWorkflows":[]},"_links":{"self":[{"href":"https:\/\/pedagogie.ac-lille.fr\/emcc\/wp-json\/wp\/v2\/pages\/744","targetHints":{"allow":["GET"]}}],"collection":[{"href":"https:\/\/pedagogie.ac-lille.fr\/emcc\/wp-json\/wp\/v2\/pages"}],"about":[{"href":"https:\/\/pedagogie.ac-lille.fr\/emcc\/wp-json\/wp\/v2\/types\/page"}],"author":[{"embeddable":true,"href":"https:\/\/pedagogie.ac-lille.fr\/emcc\/wp-json\/wp\/v2\/users\/53"}],"replies":[{"embeddable":true,"href":"https:\/\/pedagogie.ac-lille.fr\/emcc\/wp-json\/wp\/v2\/comments?post=744"}],"version-history":[{"count":70,"href":"https:\/\/pedagogie.ac-lille.fr\/emcc\/wp-json\/wp\/v2\/pages\/744\/revisions"}],"predecessor-version":[{"id":4458,"href":"https:\/\/pedagogie.ac-lille.fr\/emcc\/wp-json\/wp\/v2\/pages\/744\/revisions\/4458"}],"wp:attachment":[{"href":"https:\/\/pedagogie.ac-lille.fr\/emcc\/wp-json\/wp\/v2\/media?parent=744"}],"curies":[{"name":"wp","href":"https:\/\/api.w.org\/{rel}","templated":true}]}}