{"id":1035,"date":"2024-01-17T11:40:55","date_gmt":"2024-01-17T10:40:55","guid":{"rendered":"https:\/\/pedagogie.ac-lille.fr\/gelp\/?page_id=1035"},"modified":"2024-01-17T12:02:31","modified_gmt":"2024-01-17T11:02:31","slug":"ttac10-2","status":"publish","type":"page","link":"https:\/\/pedagogie.ac-lille.fr\/gelp\/ttac10-2\/","title":{"rendered":"TTAC10"},"content":{"rendered":"\n<p>D\u00e9tecteur de tension alternative sans contact avec signal sonore<\/p>\n\n\n\n<div class=\"wp-block-columns is-layout-flex wp-container-core-columns-is-layout-28f84493 wp-block-columns-is-layout-flex\">\n<div class=\"wp-block-column is-layout-flow wp-block-column-is-layout-flow\" style=\"flex-basis:66.66%\">\n<p>Descriptif :<\/p>\n\n\n\n<ul class=\"wp-block-list\">\n<li>Indication de tension par LED rouge\/verte et signal sonore<\/li>\n\n\n\n<li>Gamme de tension de 50 \u00e0 1.000V<\/li>\n\n\n\n<li>Gamme de fr\u00e9quence de 50 \u00e0 500Hz<\/li>\n\n\n\n<li>Eclairage LED (torche)<\/li>\n\n\n\n<li>Mode de veille automatique<\/li>\n\n\n\n<li>Bo\u00eetier surmoul\u00e9 pour une r\u00e9sistance suppl\u00e9mentaire aux chocs<\/li>\n\n\n\n<li>Possibilit\u00e9 de mise en sourdine du signal sonore<\/li>\n\n\n\n<li>Surtension CAT. III 1.000V<\/li>\n\n\n\n<li>Deux piles 1.5V AAA<\/li>\n<\/ul>\n\n\n\n<p><a href=\"https:\/\/pedagogie.ac-lille.fr\/gelp\/wp-content\/uploads\/sites\/54\/2024\/01\/Notice-TTAC10.pdf\" target=\"_blank\" rel=\"noreferrer noopener\">Notice d&rsquo;utilisation<\/a><\/p>\n<\/div>\n\n\n\n<div class=\"wp-block-column is-layout-flow wp-block-column-is-layout-flow\" style=\"flex-basis:33.33%\">\n<figure class=\"wp-block-image size-full\"><img loading=\"lazy\" decoding=\"async\" width=\"1000\" height=\"1000\" src=\"https:\/\/pedagogie.ac-lille.fr\/gelp\/wp-content\/uploads\/sites\/54\/2024\/01\/TTAC10.jpg\" alt=\"\" class=\"wp-image-1034\" srcset=\"https:\/\/pedagogie.ac-lille.fr\/gelp\/wp-content\/uploads\/sites\/54\/2024\/01\/TTAC10.jpg 1000w, https:\/\/pedagogie.ac-lille.fr\/gelp\/wp-content\/uploads\/sites\/54\/2024\/01\/TTAC10-300x300.jpg 300w, https:\/\/pedagogie.ac-lille.fr\/gelp\/wp-content\/uploads\/sites\/54\/2024\/01\/TTAC10-150x150.jpg 150w, https:\/\/pedagogie.ac-lille.fr\/gelp\/wp-content\/uploads\/sites\/54\/2024\/01\/TTAC10-768x768.jpg 768w, https:\/\/pedagogie.ac-lille.fr\/gelp\/wp-content\/uploads\/sites\/54\/2024\/01\/TTAC10-510x510.jpg 510w\" sizes=\"auto, (max-width: 1000px) 100vw, 1000px\" \/><\/figure>\n<\/div>\n<\/div>\n","protected":false},"excerpt":{"rendered":"<p>D\u00e9tecteur de tension alternative sans contact avec signal sonore Descriptif : Notice d&rsquo;utilisation<\/p>\n","protected":false},"author":124,"featured_media":0,"parent":0,"menu_order":0,"comment_status":"closed","ping_status":"closed","template":"","meta":{"_acf_changed":false,"ngg_post_thumbnail":0,"footnotes":""},"class_list":["post-1035","page","type-page","status-publish","czr-hentry"],"featured_image_src":null,"acf":[],"publishpress_future_action":{"enabled":false,"date":"2026-04-16 22:43:02","action":"change-status","newStatus":"draft","terms":[],"taxonomy":"","extraData":[]},"publishpress_future_workflow_manual_trigger":{"enabledWorkflows":[]},"_links":{"self":[{"href":"https:\/\/pedagogie.ac-lille.fr\/gelp\/wp-json\/wp\/v2\/pages\/1035","targetHints":{"allow":["GET"]}}],"collection":[{"href":"https:\/\/pedagogie.ac-lille.fr\/gelp\/wp-json\/wp\/v2\/pages"}],"about":[{"href":"https:\/\/pedagogie.ac-lille.fr\/gelp\/wp-json\/wp\/v2\/types\/page"}],"author":[{"embeddable":true,"href":"https:\/\/pedagogie.ac-lille.fr\/gelp\/wp-json\/wp\/v2\/users\/124"}],"replies":[{"embeddable":true,"href":"https:\/\/pedagogie.ac-lille.fr\/gelp\/wp-json\/wp\/v2\/comments?post=1035"}],"version-history":[{"count":3,"href":"https:\/\/pedagogie.ac-lille.fr\/gelp\/wp-json\/wp\/v2\/pages\/1035\/revisions"}],"predecessor-version":[{"id":1042,"href":"https:\/\/pedagogie.ac-lille.fr\/gelp\/wp-json\/wp\/v2\/pages\/1035\/revisions\/1042"}],"wp:attachment":[{"href":"https:\/\/pedagogie.ac-lille.fr\/gelp\/wp-json\/wp\/v2\/media?parent=1035"}],"curies":[{"name":"wp","href":"https:\/\/api.w.org\/{rel}","templated":true}]}}