{"id":933,"date":"2023-12-29T11:47:15","date_gmt":"2023-12-29T10:47:15","guid":{"rendered":"https:\/\/pedagogie.ac-lille.fr\/gelp\/?page_id=933"},"modified":"2023-12-29T14:17:25","modified_gmt":"2023-12-29T13:17:25","slug":"qualistar","status":"publish","type":"page","link":"https:\/\/pedagogie.ac-lille.fr\/gelp\/qualistar\/","title":{"rendered":"QUALISTAR+ CA 8336"},"content":{"rendered":"\n<h2 class=\"wp-block-heading has-text-align-left\"><strong>Analyseur de r\u00e9seau QUALISTAR+ CA 8336<\/strong><\/h2>\n\n\n\n<div class=\"wp-block-columns is-layout-flex wp-container-core-columns-is-layout-28f84493 wp-block-columns-is-layout-flex\">\n<div class=\"wp-block-column is-layout-flow wp-block-column-is-layout-flow\" style=\"flex-basis:66.66%\">\n<p><strong>Tous les param\u00e8tres en simultan\u00e9e<\/strong><\/p>\n\n\n\n<p>Destin\u00e9 aux services de contr\u00f4le et de maintenance des b\u00e2timents industriels ou administratifs, le <strong>Qualistar+ C.A 8336<\/strong> permet d\u2019obtenir une image instantan\u00e9e des principales caract\u00e9ristiques de la qualit\u00e9 du r\u00e9seau \u00e9lectrique. Ses fonctionnalit\u00e9s font de cet analyseur l\u2019instrument id\u00e9al pour r\u00e9aliser la <strong>maintenance<\/strong>, quelle soit pr\u00e9ventive ou corrective. Il permet aussi de r\u00e9aliser le <strong>bilan \u00e9nerg\u00e9tique<\/strong> complet d\u2019une installation.<br>Pour le <strong>dimensionnement<\/strong> d\u2019une installation \u00e9lectrique ou pour diagnostiquer les d\u00e9fauts de commutation, le C.A 8336 dispose des fonctions Inrush et <strong>TrueInrush<\/strong>. Maniable et tr\u00e8s compact, cet appareil propose \u00e9galement de nombreuses valeurs calcul\u00e9es et plusieurs fonctions de traitement. Le <strong>C.A 8336<\/strong> dispose de 4 voies de mesure en tension et 4 voies de mesure en courant. Le C.A 8336 capture et enregistre simultan\u00e9ment tous les param\u00e8tres, transitoires, alarmes et forme d\u2019onde.<\/p>\n\n\n\n<p>Lors de leur connexion, les capteurs de courant sont automatiquement reconnus par le C.A 8336. Il offre la possibilit\u00e9 de mixer diff\u00e9rents capteurs de courant, et la configuration des <strong>ratios<\/strong> permet d\u2019obtenir une <strong>lecture directe des mesures<\/strong> <strong>Son ergonomie est adapt\u00e9e au terrain<\/strong> :<\/p>\n\n\n\n<ul class=\"wp-block-list\">\n<li>Acc\u00e8s directs aux fonctions principales (configuration\u2026.)<\/li>\n\n\n\n<li>Acc\u00e8s directs aux mesures (harmoniques, flicker\u2026)<\/li>\n\n\n\n<li>Des entr\u00e9es Tension\/Courant, munies de bagues de rep\u00e9rage couleur<\/li>\n\n\n\n<li>Grand \u00e9cran TFT couleur pour une excellente lisibilit\u00e9<\/li>\n\n\n\n<li>Autonomie batterie 13h<\/li>\n<\/ul>\n\n\n\n<p>Les multiples fonctionnalit\u00e9s du Qualistar+ C.A 8336 le rendent polyvalent. Il est adapt\u00e9 aux applications jusqu\u2019\u00e0 1 000 V en CAT III, et 600 V en CAT IV.<\/p>\n<\/div>\n\n\n\n<div class=\"wp-block-column is-layout-flow wp-block-column-is-layout-flow\" style=\"flex-basis:33.33%\">\n<p> <\/p>\n\n\n<div class=\"wp-block-image\">\n<figure class=\"aligncenter size-full\"><img loading=\"lazy\" decoding=\"async\" width=\"866\" height=\"1000\" src=\"https:\/\/pedagogie.ac-lille.fr\/gelp\/wp-content\/uploads\/sites\/54\/2023\/03\/ca8336_f_1.jpg\" alt=\"\" class=\"wp-image-757\" srcset=\"https:\/\/pedagogie.ac-lille.fr\/gelp\/wp-content\/uploads\/sites\/54\/2023\/03\/ca8336_f_1.jpg 866w, https:\/\/pedagogie.ac-lille.fr\/gelp\/wp-content\/uploads\/sites\/54\/2023\/03\/ca8336_f_1-260x300.jpg 260w, https:\/\/pedagogie.ac-lille.fr\/gelp\/wp-content\/uploads\/sites\/54\/2023\/03\/ca8336_f_1-768x887.jpg 768w\" sizes=\"auto, (max-width: 866px) 100vw, 866px\" \/><\/figure>\n<\/div><\/div>\n<\/div>\n\n\n\n<p><strong>Logiciels<\/strong><\/p>\n\n\n\n<p>L\u2019exploitation des mesures r\u00e9alis\u00e9es avec les Qualistar s\u2019effectue \u00e0 partir de deux logiciels : PAT en standard d\u2019une part et <strong>Dataview\u00ae <\/strong>en option. Ils permettent la configuration, le transfert, le traitement &amp; l\u2019analyse. Le logiciel <strong>Dataview\u00ae <\/strong>offre en plus la possibilit\u00e9 d\u2019\u00e9diter des rapports selon les normes de qualit\u00e9 de tension.<\/p>\n\n\n\n<p><a href=\"https:\/\/pedagogie.ac-lille.fr\/gelp\/wp-content\/uploads\/sites\/54\/2023\/12\/HLHBXUPB-Notice-de-fonctionnement-CA8336.pdf\" target=\"_blank\" rel=\"noreferrer noopener\">Notice de fonctionnement<\/a><\/p>\n","protected":false},"excerpt":{"rendered":"<p>Analyseur de r\u00e9seau QUALISTAR+ CA 8336 Tous les param\u00e8tres en simultan\u00e9e Destin\u00e9 aux services de contr\u00f4le et de maintenance des b\u00e2timents industriels ou administratifs, le Qualistar+ C.A 8336 permet d\u2019obtenir une image instantan\u00e9e des principales caract\u00e9ristiques de la qualit\u00e9 du r\u00e9seau \u00e9lectrique. Ses fonctionnalit\u00e9s font de cet analyseur l\u2019instrument id\u00e9al pour r\u00e9aliser la maintenance, quelle [&hellip;]<\/p>\n","protected":false},"author":124,"featured_media":0,"parent":0,"menu_order":0,"comment_status":"closed","ping_status":"closed","template":"","meta":{"_acf_changed":false,"ngg_post_thumbnail":0,"footnotes":""},"class_list":["post-933","page","type-page","status-publish","czr-hentry"],"featured_image_src":null,"acf":[],"publishpress_future_action":{"enabled":false,"date":"2026-04-16 22:42:05","action":"change-status","newStatus":"draft","terms":[],"taxonomy":"","extraData":[]},"publishpress_future_workflow_manual_trigger":{"enabledWorkflows":[]},"_links":{"self":[{"href":"https:\/\/pedagogie.ac-lille.fr\/gelp\/wp-json\/wp\/v2\/pages\/933","targetHints":{"allow":["GET"]}}],"collection":[{"href":"https:\/\/pedagogie.ac-lille.fr\/gelp\/wp-json\/wp\/v2\/pages"}],"about":[{"href":"https:\/\/pedagogie.ac-lille.fr\/gelp\/wp-json\/wp\/v2\/types\/page"}],"author":[{"embeddable":true,"href":"https:\/\/pedagogie.ac-lille.fr\/gelp\/wp-json\/wp\/v2\/users\/124"}],"replies":[{"embeddable":true,"href":"https:\/\/pedagogie.ac-lille.fr\/gelp\/wp-json\/wp\/v2\/comments?post=933"}],"version-history":[{"count":3,"href":"https:\/\/pedagogie.ac-lille.fr\/gelp\/wp-json\/wp\/v2\/pages\/933\/revisions"}],"predecessor-version":[{"id":992,"href":"https:\/\/pedagogie.ac-lille.fr\/gelp\/wp-json\/wp\/v2\/pages\/933\/revisions\/992"}],"wp:attachment":[{"href":"https:\/\/pedagogie.ac-lille.fr\/gelp\/wp-json\/wp\/v2\/media?parent=933"}],"curies":[{"name":"wp","href":"https:\/\/api.w.org\/{rel}","templated":true}]}}