{"id":301,"date":"2021-03-16T09:30:08","date_gmt":"2021-03-16T08:30:08","guid":{"rendered":"https:\/\/pedagogie.ac-lille.fr\/lettres-histoire-geographie\/?page_id=301"},"modified":"2024-11-27T09:38:55","modified_gmt":"2024-11-27T08:38:55","slug":"mentions-legales","status":"publish","type":"page","link":"https:\/\/pedagogie.ac-lille.fr\/lettres-histoire-geographie\/mentions-legales\/","title":{"rendered":"Mentions l\u00e9gales"},"content":{"rendered":"\n<p><strong>Mentions l\u00e9gales pour le site https:\/\/<em>pedagogie.ac-lille.fr<\/em>\/<em>lettres-histoire-geographie<\/em>, conform\u00e9ment \u00e0 la loi pour la confiance dans l\u2019\u00e9conomie num\u00e9rique n\u00b02004-575 du 21 juin 2004.<\/strong><\/p>\n\n\n\n<p><strong>Editeur<\/strong>&nbsp;: Direction des Syst\u00e8mes d\u2019Information \u2013 acad\u00e9mie de Lille \u2013 Minist\u00e8re de l\u2019\u00c9ducation Nationale, de l\u2019Enseignement Sup\u00e9rieur, de la Recherche et de l\u2019Innovation&nbsp; \u2013 110 avenue Gaston Berger, 59000 Lille \u2013&nbsp;T 0320956900 \u2013&nbsp;<a href=\"mailto:dsi@ac-lille.fr\">dsi@ac-lille.fr<\/a><\/p>\n\n\n\n<p><strong>Directeur de publication<\/strong>&nbsp;: PLANCHE Jean-Christophe<\/p>\n\n\n\n<p><strong>R\u00e9dacteur<\/strong>\u00a0: JIQUEL Fr\u00e9d\u00e9ric, PLANCHE-CODRON Christine, JACQUES S\u00e9verine<\/p>\n\n\n\n<p><strong>Prestataire d\u2019h\u00e9bergement<\/strong>&nbsp;: Direction des Syst\u00e8mes d\u2019Information \u2013 Acad\u00e9mie de Lille<\/p>\n\n\n\n<p><strong>Traitement de donn\u00e9es \u00e0 caract\u00e8re personnel<\/strong>&nbsp;: Conform\u00e9ment aux articles 13 \u00e0 22 du r\u00e8glement n\u00b0 2016\/679, dit R\u00e8glement G\u00e9n\u00e9ral sur la Protection des Donn\u00e9es (RGPD) du 27 avril 2016 et \u00e0 l\u2019article 32 et suivants de la loi 78-17 du 6 janvier 1978 relative \u00e0 l\u2019informatique, aux fichiers et aux libert\u00e9s , vous pouvez vous opposer (partiellement ou totalement) \u00e0 la diffusion d\u2019informations vous concernant sur ce site.<\/p>\n\n\n\n<p>Pour plus d\u2019informations sur le RGPD :&nbsp;<a href=\"https:\/\/eduline.ac-lille.fr\/rgpd\" target=\"_blank\" rel=\"noreferrer noopener\">https:\/\/eduline.ac-lille.fr\/rgpd<\/a><\/p>\n\n\n\n<p>Pour exercer votre droit d\u2019acc\u00e8s, de modification, de rectification, d\u2019opposition, de limitation et de suppression de donn\u00e9es diffus\u00e9es qui vous sont attach\u00e9es (article 12 du r\u00e8glement g\u00e9n\u00e9ral sur la protection des donn\u00e9es), nous vous invitons \u00e0 contacter le service suivant en justifiant votre identit\u00e9 :&nbsp;Pascale BOURBON, d\u00e9l\u00e9gu\u00e9e acad\u00e9mique \u00e0 la protection des donn\u00e9es \u2013 T 03 20 15 67 96 \u2013&nbsp;<a href=\"mailto:dpo@ac-lille.fr\">dpo@ac-lille.fr<\/a><\/p>\n\n\n\n<p>Il vous est loisible d\u2019introduire une r\u00e9clamation aupr\u00e8s de la commission nationale informatique et libert\u00e9s \u00e0 l\u2019aide du lien suivant :&nbsp;<a href=\"https:\/\/eduline.ac-lille.fr\/rgpd\/cnil-plaintes\">https:\/\/<\/a><a href=\"https:\/\/eduline.ac-lille.fr\/rgpd\/cnil-plaintes\">eduline.ac-lille.fr\/rgpd<\/a><a href=\"https:\/\/eduline.ac-lille.fr\/rgpd\/cnil-plaintes\">\/cnil-plaintes<\/a>.<\/p>\n","protected":false},"excerpt":{"rendered":"<p>Mentions l\u00e9gales pour le site https:\/\/pedagogie.ac-lille.fr\/lettres-histoire-geographie, conform\u00e9ment \u00e0 la loi pour la confiance dans l\u2019\u00e9conomie num\u00e9rique n\u00b02004-575 du 21 juin 2004. Editeur&nbsp;: Direction des Syst\u00e8mes d\u2019Information \u2013 acad\u00e9mie de Lille \u2013 Minist\u00e8re de l\u2019\u00c9ducation Nationale, de l\u2019Enseignement Sup\u00e9rieur, de la Recherche et de l\u2019Innovation&nbsp; \u2013 110 avenue Gaston Berger, 59000 Lille \u2013&nbsp;T 0320956900 \u2013&nbsp;dsi@ac-lille.fr Directeur [&hellip;]<\/p>\n","protected":false},"author":4,"featured_media":0,"parent":0,"menu_order":0,"comment_status":"closed","ping_status":"closed","template":"","meta":{"footnotes":""},"class_list":["post-301","page","type-page","status-publish","czr-hentry"],"publishpress_future_action":{"enabled":false,"date":"2026-04-12 09:32:39","action":"change-status","newStatus":"draft","terms":[],"taxonomy":"","extraData":[]},"publishpress_future_workflow_manual_trigger":{"enabledWorkflows":[]},"_links":{"self":[{"href":"https:\/\/pedagogie.ac-lille.fr\/lettres-histoire-geographie\/wp-json\/wp\/v2\/pages\/301","targetHints":{"allow":["GET"]}}],"collection":[{"href":"https:\/\/pedagogie.ac-lille.fr\/lettres-histoire-geographie\/wp-json\/wp\/v2\/pages"}],"about":[{"href":"https:\/\/pedagogie.ac-lille.fr\/lettres-histoire-geographie\/wp-json\/wp\/v2\/types\/page"}],"author":[{"embeddable":true,"href":"https:\/\/pedagogie.ac-lille.fr\/lettres-histoire-geographie\/wp-json\/wp\/v2\/users\/4"}],"replies":[{"embeddable":true,"href":"https:\/\/pedagogie.ac-lille.fr\/lettres-histoire-geographie\/wp-json\/wp\/v2\/comments?post=301"}],"version-history":[{"count":3,"href":"https:\/\/pedagogie.ac-lille.fr\/lettres-histoire-geographie\/wp-json\/wp\/v2\/pages\/301\/revisions"}],"predecessor-version":[{"id":3161,"href":"https:\/\/pedagogie.ac-lille.fr\/lettres-histoire-geographie\/wp-json\/wp\/v2\/pages\/301\/revisions\/3161"}],"wp:attachment":[{"href":"https:\/\/pedagogie.ac-lille.fr\/lettres-histoire-geographie\/wp-json\/wp\/v2\/media?parent=301"}],"curies":[{"name":"wp","href":"https:\/\/api.w.org\/{rel}","templated":true}]}}