{"id":350,"date":"2021-02-17T13:29:59","date_gmt":"2021-02-17T12:29:59","guid":{"rendered":"https:\/\/pedagogie.ac-lille.fr\/lv-voiepro\/?page_id=350"},"modified":"2022-02-28T13:14:46","modified_gmt":"2022-02-28T12:14:46","slug":"tests-evalang","status":"publish","type":"page","link":"https:\/\/pedagogie.ac-lille.fr\/lv-voiepro\/contexte\/tests-evalang\/","title":{"rendered":"Tests Ev@lang en troisi\u00e8me"},"content":{"rendered":"\n<p>Un test de positionnement en anglais est pr\u00e9vu pour toutes les troisi\u00e8mes pr\u00e9pa-m\u00e9tiers du 13 avril au 19 mai 2021. <strong>Il ne s&rsquo;agit pas d&rsquo;un examen<\/strong>. Retrouvez ci-dessous un document de cadrage et une Foire Aux Questions r\u00e9unis par Madame Anne Mayer, IA-IPR r\u00e9f\u00e9rente acad\u00e9mique des tests de positionnement Ev@lang.<\/p>\n\n\n\n<div class=\"wp-block-file\"><a id=\"wp-block-file--media-a4e3e838-12a5-4dcd-885b-61a5a87025a9\" href=\"https:\/\/pedagogie.ac-lille.fr\/lv-voiepro\/wp-content\/uploads\/sites\/7\/2021\/02\/Introduction-aux-tests-de-positionnement-Ev@langue-3e\u0300-anglais-et-FAQ.pdf\">Introduction aux tests de positionnement Ev@lang 3e\u0300me anglais et FAQ<\/a><a href=\"https:\/\/pedagogie.ac-lille.fr\/lv-voiepro\/wp-content\/uploads\/sites\/7\/2021\/02\/Introduction-aux-tests-de-positionnement-Ev@langue-3e\u0300-anglais-et-FAQ.pdf\" class=\"wp-block-file__button\" download aria-describedby=\"wp-block-file--media-a4e3e838-12a5-4dcd-885b-61a5a87025a9\">T\u00e9l\u00e9charger<\/a><\/div>\n\n\n\n<p>La mise en \u0153uvre et les modalit\u00e9s d&rsquo;organisation ont fait l&rsquo;objet d&rsquo;une parution au <a href=\"https:\/\/www.education.gouv.fr\/bo\/21\/Hebdo7\/MENE2103043N.htm\">bulletin officiel n\u00b07 du 18 f\u00e9vrier 2021<\/a>.<\/p>\n\n\n\n<p>La <a rel=\"noreferrer noopener\" href=\"https:\/\/eduscol.education.fr\/2656\/evalang-college\" target=\"_blank\">page \u00e9duscol<\/a> consacr\u00e9e au sujet et le <a rel=\"noreferrer noopener\" href=\"https:\/\/www.evalang.fr\/fr\/evalang-college\" target=\"_blank\">site ev@lang<\/a> pr\u00e9sentent des informations compl\u00e9mentaires que vous pouvez consulter.<\/p>\n\n\n\n<p><\/p>\n\n\n\n<p><strong><em>ACTUALITES<\/em><\/strong><\/p>\n\n\n\n<p class=\"has-vivid-red-color has-text-color has-medium-font-size\" style=\"font-style:normal;font-weight:800\">Calendrier 2022 &#8211; <strong>28 f\u00e9vrier au 25 mars<\/strong><\/p>\n\n\n\n<p>De nouvelles informations au sujet d\u2019Evalang ont \u00e9t\u00e9 communiqu\u00e9es au BO n\u00b047 du 16 d\u00e9cembre 2021.<\/p>\n\n\n\n<p>1) Mise en \u0153uvre et modalit\u00e9s d\u2019organisation du test num\u00e9rique de positionnement en anglais pour les \u00e9l\u00e8ves de troisi\u00e8me \u2013 ann\u00e9e scolaire 2021-2022 Cliquez <a rel=\"noreferrer noopener\" href=\"https:\/\/www.education.gouv.fr\/bo\/21\/Hebdo47\/MENE2129436N.htm\" target=\"_blank\">ici <\/a>pour acc\u00e9der au BO &nbsp;<\/p>\n\n\n\n<p>2) Calendrier 2022 du test num\u00e9rique de positionnement en anglais pour les \u00e9l\u00e8ves de troisi\u00e8me. Cliquez <a rel=\"noreferrer noopener\" href=\"https:\/\/www.education.gouv.fr\/bo\/21\/Hebdo47\/MENE2129438N.htm\" target=\"_blank\">ici <\/a>pour acc\u00e9der au BO<\/p>\n","protected":false},"excerpt":{"rendered":"<p>Un test de positionnement en anglais est pr\u00e9vu pour toutes les troisi\u00e8mes pr\u00e9pa-m\u00e9tiers du 13 avril au 19 mai 2021. Il ne s&rsquo;agit pas d&rsquo;un examen. Retrouvez ci-dessous un document de cadrage et une Foire Aux Questions r\u00e9unis par Madame Anne Mayer, IA-IPR r\u00e9f\u00e9rente acad\u00e9mique des tests de positionnement Ev@lang. La mise en \u0153uvre et [&hellip;]<\/p>\n","protected":false},"author":16,"featured_media":0,"parent":154,"menu_order":1,"comment_status":"closed","ping_status":"closed","template":"","meta":{"ngg_post_thumbnail":0,"footnotes":""},"class_list":["post-350","page","type-page","status-publish","czr-hentry"],"publishpress_future_action":{"enabled":false,"date":"2026-04-23 05:34:06","action":"change-status","newStatus":"draft","terms":[],"taxonomy":"","extraData":[]},"publishpress_future_workflow_manual_trigger":{"enabledWorkflows":[]},"_links":{"self":[{"href":"https:\/\/pedagogie.ac-lille.fr\/lv-voiepro\/wp-json\/wp\/v2\/pages\/350","targetHints":{"allow":["GET"]}}],"collection":[{"href":"https:\/\/pedagogie.ac-lille.fr\/lv-voiepro\/wp-json\/wp\/v2\/pages"}],"about":[{"href":"https:\/\/pedagogie.ac-lille.fr\/lv-voiepro\/wp-json\/wp\/v2\/types\/page"}],"author":[{"embeddable":true,"href":"https:\/\/pedagogie.ac-lille.fr\/lv-voiepro\/wp-json\/wp\/v2\/users\/16"}],"replies":[{"embeddable":true,"href":"https:\/\/pedagogie.ac-lille.fr\/lv-voiepro\/wp-json\/wp\/v2\/comments?post=350"}],"version-history":[{"count":3,"href":"https:\/\/pedagogie.ac-lille.fr\/lv-voiepro\/wp-json\/wp\/v2\/pages\/350\/revisions"}],"predecessor-version":[{"id":582,"href":"https:\/\/pedagogie.ac-lille.fr\/lv-voiepro\/wp-json\/wp\/v2\/pages\/350\/revisions\/582"}],"up":[{"embeddable":true,"href":"https:\/\/pedagogie.ac-lille.fr\/lv-voiepro\/wp-json\/wp\/v2\/pages\/154"}],"wp:attachment":[{"href":"https:\/\/pedagogie.ac-lille.fr\/lv-voiepro\/wp-json\/wp\/v2\/media?parent=350"}],"curies":[{"name":"wp","href":"https:\/\/api.w.org\/{rel}","templated":true}]}}