{"id":78,"date":"2020-09-03T08:19:24","date_gmt":"2020-09-03T06:19:24","guid":{"rendered":"http:\/\/pedagogie.ac-lille.fr\/lv-voiepro\/\/?page_id=78"},"modified":"2024-10-16T21:11:25","modified_gmt":"2024-10-16T19:11:25","slug":"examens","status":"publish","type":"page","link":"https:\/\/pedagogie.ac-lille.fr\/lv-voiepro\/examens\/","title":{"rendered":"Examens"},"content":{"rendered":"\n<p><em>Cette nouvelle ann\u00e9e voit la mise en place de la r\u00e9forme de la voie professionnelle en terminale Baccalaur\u00e9at Professionnel. Nous vous conseillons vivement d\u2019anticiper cette p\u00e9riode de telle sorte \u00e0 assurer les meilleures conditions d\u2019examen \u00e0 vos \u00e9l\u00e8ves<\/em>. <strong>La session 2025 des CCF de langues, en Bac Professionnel, doit \u00eatre totalement termin\u00e9e pour le 1er mai 2025, au plus tard.<\/strong><br><em>Les \u00e9preuves ponctuelles de Bac Professionnel (hors CCF) se d\u00e9rouleront au cours du mois de mai 2025, le mois de juin \u00e9tant consacr\u00e9 \u00e0 l\u2019orientation de l\u2019apprenant.<\/em><br>_______________________________________________________________________________________________________________<\/p>\n\n\n\n<p>Les d\u00e9finitions d&rsquo;\u00e9preuve, les supports d&rsquo;\u00e9valuation et les consignes aux examinateurs sont disponibles dans les pages relatives aux diff\u00e9rents examens :<\/p>\n\n\n\n<ul class=\"wp-block-list\">\n<li>Certificat d&rsquo;Aptitude Professionnelle<\/li>\n\n\n\n<li>Baccalaur\u00e9at professionnel<\/li>\n\n\n\n<li>Brevet professionnel<\/li>\n<\/ul>\n\n\n\n<div style=\"height:20px\" aria-hidden=\"true\" class=\"wp-block-spacer\"><\/div>\n\n\n\n<p class=\"has-very-dark-gray-color has-very-light-gray-background-color has-text-color has-background\"><strong>Remarque <\/strong>: le programme de langues vivantes, plus que l&rsquo;\u00e9preuve d&rsquo;examen, doit inspirer les activit\u00e9s propos\u00e9es aux \u00e9l\u00e8ves pour les apprentissages. <\/p>\n","protected":false},"excerpt":{"rendered":"<p>Cette nouvelle ann\u00e9e voit la mise en place de la r\u00e9forme de la voie professionnelle en terminale Baccalaur\u00e9at Professionnel. Nous vous conseillons vivement d\u2019anticiper cette p\u00e9riode de telle sorte \u00e0 assurer les meilleures conditions d\u2019examen \u00e0 vos \u00e9l\u00e8ves. La session 2025 des CCF de langues, en Bac Professionnel, doit \u00eatre totalement termin\u00e9e pour le 1er [&hellip;]<\/p>\n","protected":false},"author":16,"featured_media":0,"parent":0,"menu_order":0,"comment_status":"closed","ping_status":"closed","template":"","meta":{"ngg_post_thumbnail":0,"footnotes":""},"class_list":["post-78","page","type-page","status-publish","czr-hentry"],"publishpress_future_action":{"enabled":false,"date":"2026-04-23 01:45:23","action":"change-status","newStatus":"draft","terms":[],"taxonomy":"","extraData":[]},"publishpress_future_workflow_manual_trigger":{"enabledWorkflows":[]},"_links":{"self":[{"href":"https:\/\/pedagogie.ac-lille.fr\/lv-voiepro\/wp-json\/wp\/v2\/pages\/78","targetHints":{"allow":["GET"]}}],"collection":[{"href":"https:\/\/pedagogie.ac-lille.fr\/lv-voiepro\/wp-json\/wp\/v2\/pages"}],"about":[{"href":"https:\/\/pedagogie.ac-lille.fr\/lv-voiepro\/wp-json\/wp\/v2\/types\/page"}],"author":[{"embeddable":true,"href":"https:\/\/pedagogie.ac-lille.fr\/lv-voiepro\/wp-json\/wp\/v2\/users\/16"}],"replies":[{"embeddable":true,"href":"https:\/\/pedagogie.ac-lille.fr\/lv-voiepro\/wp-json\/wp\/v2\/comments?post=78"}],"version-history":[{"count":8,"href":"https:\/\/pedagogie.ac-lille.fr\/lv-voiepro\/wp-json\/wp\/v2\/pages\/78\/revisions"}],"predecessor-version":[{"id":771,"href":"https:\/\/pedagogie.ac-lille.fr\/lv-voiepro\/wp-json\/wp\/v2\/pages\/78\/revisions\/771"}],"wp:attachment":[{"href":"https:\/\/pedagogie.ac-lille.fr\/lv-voiepro\/wp-json\/wp\/v2\/media?parent=78"}],"curies":[{"name":"wp","href":"https:\/\/api.w.org\/{rel}","templated":true}]}}