{"id":1335,"date":"2022-01-16T13:02:07","date_gmt":"2022-01-16T12:02:07","guid":{"rendered":"https:\/\/pedagogie.ac-lille.fr\/metiers-btp\/?page_id=1335"},"modified":"2022-04-27T15:00:07","modified_gmt":"2022-04-27T13:00:07","slug":"mutualisation-de-fiches-synthese","status":"publish","type":"page","link":"https:\/\/pedagogie.ac-lille.fr\/metiers-btp\/mutualisation-de-fiches-synthese\/","title":{"rendered":"Mutualisation de fiches synth\u00e8se"},"content":{"rendered":"\n<p class=\"has-white-color has-vivid-cyan-blue-background-color has-text-color has-background\" style=\"font-size:14px\">Ci-apr\u00e8s sont pr\u00e9sent\u00e9es des fiches synth\u00e8se et\/ou TP. Ces \u00e9l\u00e9ments n&rsquo;ont pas vocation \u00e0 \u00eatre des \u00ab\u00a0mod\u00e8les\u00a0\u00bb mais ont pour principal objectif d&rsquo;\u00eatre inspirants et facilitateurs de la formalisation de la formation des apprenants.<\/p>\n\n\n\n<p class=\"has-pale-cyan-blue-background-color has-background\" style=\"font-size:14px\">Un GRAND MERCI aux \u00e9quipes enseignantes qui non seulement s&rsquo;investissent pour la formation des apprenants mais aussi qui enrichissent la mutualisation acad\u00e9mique.<\/p>\n\n\n\n<div class=\"wp-block-media-text alignwide is-stacked-on-mobile\" style=\"grid-template-columns:25% auto\"><figure class=\"wp-block-media-text__media\"><img loading=\"lazy\" decoding=\"async\" width=\"943\" height=\"659\" src=\"https:\/\/pedagogie.ac-lille.fr\/metiers-btp\/wp-content\/uploads\/sites\/5\/2022\/03\/TRAME.jpg\" alt=\"\" class=\"wp-image-1523 size-full\" srcset=\"https:\/\/pedagogie.ac-lille.fr\/metiers-btp\/wp-content\/uploads\/sites\/5\/2022\/03\/TRAME.jpg 943w, https:\/\/pedagogie.ac-lille.fr\/metiers-btp\/wp-content\/uploads\/sites\/5\/2022\/03\/TRAME-300x210.jpg 300w, https:\/\/pedagogie.ac-lille.fr\/metiers-btp\/wp-content\/uploads\/sites\/5\/2022\/03\/TRAME-768x537.jpg 768w\" sizes=\"auto, (max-width: 943px) 100vw, 943px\" \/><\/figure><div class=\"wp-block-media-text__content\">\n<p style=\"font-size:14px\">Proposition de trame pour \u00e9laborer une fiche synth\u00e8se.<\/p>\n\n\n\n<p style=\"font-size:14px\"><a href=\"http:\/\/cro-ce-medias.discipline.ac-lille.fr\/acces-restreint\/EXEMPLES\/FICHES\/A3_trame_fiche_synthese.docx\" data-type=\"URL\" data-id=\"http:\/\/cro-ce-medias.discipline.ac-lille.fr\/acces-restreint\/EXEMPLES\/FICHES\/A3_trame_fiche_synthese.docx\" target=\"_blank\" rel=\"noreferrer noopener\">La d\u00e9couvrir<\/a><\/p>\n<\/div><\/div>\n\n\n\n<h2 class=\"has-cyan-bluish-gray-background-color has-background has-normal-font-size wp-block-heading\">Comp\u00e9tence : d\u00e9coder un dossier technique<\/h2>\n\n\n\n<div class=\"wp-block-media-text alignwide is-stacked-on-mobile\" style=\"grid-template-columns:26% auto\"><figure class=\"wp-block-media-text__media\"><img loading=\"lazy\" decoding=\"async\" width=\"1024\" height=\"721\" src=\"https:\/\/pedagogie.ac-lille.fr\/metiers-btp\/wp-content\/uploads\/sites\/5\/2022\/01\/melachere-1024x721.jpg\" alt=\"\" class=\"wp-image-1337 size-full\" srcset=\"https:\/\/pedagogie.ac-lille.fr\/metiers-btp\/wp-content\/uploads\/sites\/5\/2022\/01\/melachere-1024x721.jpg 1024w, https:\/\/pedagogie.ac-lille.fr\/metiers-btp\/wp-content\/uploads\/sites\/5\/2022\/01\/melachere-300x211.jpg 300w, https:\/\/pedagogie.ac-lille.fr\/metiers-btp\/wp-content\/uploads\/sites\/5\/2022\/01\/melachere-768x541.jpg 768w, https:\/\/pedagogie.ac-lille.fr\/metiers-btp\/wp-content\/uploads\/sites\/5\/2022\/01\/melachere.jpg 1173w\" sizes=\"auto, (max-width: 1024px) 100vw, 1024px\" \/><\/figure><div class=\"wp-block-media-text__content\">\n<p style=\"font-size:14px\"><\/p>\n\n\n\n<p style=\"font-size:14px\">Probl\u00e9matique professionnelle : comment \u00e9laborer un document graphique ?<\/p>\n\n\n\n<p style=\"font-size:14px\">Documents \u00e9labor\u00e9s par Mesdames Lacher\u00e9 Suzy LP N.Niemen Calais et Prince S\u00e9verine LP Voltaire Wingles<\/p>\n\n\n\n<p style=\"font-size:14px\"><a href=\"http:\/\/cro-ce-medias.discipline.ac-lille.fr\/acces-restreint\/EXEMPLES\/FICHES\/Fiche%20synth%C3%A8se%20demarrage%20DIB_%20village%20olympique.pdf\" data-type=\"URL\" data-id=\"http:\/\/cro-ce-medias.discipline.ac-lille.fr\/acces-restreint\/EXEMPLES\/FICHES\/Fiche%20synth%C3%A8se%20demarrage%20DIB_%20village%20olympique.pdf\" target=\"_blank\" rel=\"noreferrer noopener\">D\u00e9couvrir la fiche synth\u00e8se.<\/a><\/p>\n<\/div><\/div>\n\n\n\n<div class=\"wp-block-media-text alignwide is-stacked-on-mobile\" style=\"grid-template-columns:26% auto\"><figure class=\"wp-block-media-text__media\"><img loading=\"lazy\" decoding=\"async\" width=\"1016\" height=\"714\" src=\"https:\/\/pedagogie.ac-lille.fr\/metiers-btp\/wp-content\/uploads\/sites\/5\/2022\/01\/plan.jpg\" alt=\"\" class=\"wp-image-1338 size-full\" srcset=\"https:\/\/pedagogie.ac-lille.fr\/metiers-btp\/wp-content\/uploads\/sites\/5\/2022\/01\/plan.jpg 1016w, https:\/\/pedagogie.ac-lille.fr\/metiers-btp\/wp-content\/uploads\/sites\/5\/2022\/01\/plan-300x211.jpg 300w, https:\/\/pedagogie.ac-lille.fr\/metiers-btp\/wp-content\/uploads\/sites\/5\/2022\/01\/plan-768x540.jpg 768w\" sizes=\"auto, (max-width: 1016px) 100vw, 1016px\" \/><\/figure><div class=\"wp-block-media-text__content\">\n<p style=\"font-size:14px\">Plan associ\u00e9 \u00e0 la fiche synth\u00e8se produite par Mesdames Lacher\u00e9 et Prince.<\/p>\n\n\n\n<p style=\"font-size:14px\"><a rel=\"noreferrer noopener\" href=\"http:\/\/cro-ce-medias.discipline.ac-lille.fr\/acces-restreint\/EXEMPLES\/FICHES\/PLAN%20DES%20DIFFERENTES%20VUES-.pdf\" data-type=\"URL\" data-id=\"http:\/\/cro-ce-medias.discipline.ac-lille.fr\/acces-restreint\/EXEMPLES\/FICHES\/PLAN%20DES%20DIFFERENTES%20VUES-.pdf\" target=\"_blank\">D\u00e9couvrir le plan<\/a>.<\/p>\n\n\n\n<p style=\"font-size:14px\"><\/p>\n<\/div><\/div>\n\n\n\n<h2 class=\"has-cyan-bluish-gray-background-color has-background has-normal-font-size wp-block-heading\">Comp\u00e9tence : intervenir \u00e0 proximit\u00e9 des r\u00e9seaux<\/h2>\n\n\n\n<div class=\"wp-block-media-text alignwide is-stacked-on-mobile\" style=\"grid-template-columns:26% auto\"><figure class=\"wp-block-media-text__media\"><img loading=\"lazy\" decoding=\"async\" width=\"973\" height=\"695\" src=\"https:\/\/pedagogie.ac-lille.fr\/metiers-btp\/wp-content\/uploads\/sites\/5\/2022\/03\/AIPR.jpg\" alt=\"\" class=\"wp-image-1526 size-full\" srcset=\"https:\/\/pedagogie.ac-lille.fr\/metiers-btp\/wp-content\/uploads\/sites\/5\/2022\/03\/AIPR.jpg 973w, https:\/\/pedagogie.ac-lille.fr\/metiers-btp\/wp-content\/uploads\/sites\/5\/2022\/03\/AIPR-300x214.jpg 300w, https:\/\/pedagogie.ac-lille.fr\/metiers-btp\/wp-content\/uploads\/sites\/5\/2022\/03\/AIPR-768x549.jpg 768w\" sizes=\"auto, (max-width: 973px) 100vw, 973px\" \/><\/figure><div class=\"wp-block-media-text__content\">\n<p style=\"font-size:14px\">Probl\u00e9matique professionnelle : comment intervenir \u00e0 proximit\u00e9 des r\u00e9seaux en toute s\u00e9curit\u00e9?<\/p>\n\n\n\n<p style=\"font-size:14px\"><a href=\"http:\/\/cro-ce-medias.discipline.ac-lille.fr\/acces-restreint\/EXEMPLES\/FICHES\/A3_AIPR_CAP_constructeur.pdf\" data-type=\"URL\" data-id=\"http:\/\/cro-ce-medias.discipline.ac-lille.fr\/acces-restreint\/EXEMPLES\/FICHES\/A3_AIPR_CAP_constructeur.pdf\" target=\"_blank\" rel=\"noreferrer noopener\">D\u00e9couvrir la fiche synth\u00e8se. <\/a>(mise \u00e0 jour 27\/03\/2022)<\/p>\n<\/div><\/div>\n\n\n\n<h2 class=\"has-cyan-bluish-gray-background-color has-background has-normal-font-size wp-block-heading\">Comp\u00e9tence : r\u00e9aliser un devis quantitatif<\/h2>\n\n\n\n<div class=\"wp-block-media-text alignwide is-stacked-on-mobile\" style=\"grid-template-columns:17% auto\"><figure class=\"wp-block-media-text__media\"><img loading=\"lazy\" decoding=\"async\" width=\"631\" height=\"875\" src=\"https:\/\/pedagogie.ac-lille.fr\/metiers-btp\/wp-content\/uploads\/sites\/5\/2022\/01\/avant-metre.jpg\" alt=\"\" class=\"wp-image-1357 size-full\" srcset=\"https:\/\/pedagogie.ac-lille.fr\/metiers-btp\/wp-content\/uploads\/sites\/5\/2022\/01\/avant-metre.jpg 631w, https:\/\/pedagogie.ac-lille.fr\/metiers-btp\/wp-content\/uploads\/sites\/5\/2022\/01\/avant-metre-216x300.jpg 216w\" sizes=\"auto, (max-width: 631px) 100vw, 631px\" \/><\/figure><div class=\"wp-block-media-text__content\">\n<p style=\"font-size:14px\">Probl\u00e9matique professionnelle : comment r\u00e9aliser un quantitatif des semelles de fondations du lot gros-oeuvre ?<\/p>\n\n\n\n<p style=\"font-size:14px\">Document \u00e9labor\u00e9 par Madame BIEL Camille &#8211; LP Louis Bl\u00e9riot Cambrai<\/p>\n\n\n\n<p style=\"font-size:14px\"><a href=\"http:\/\/cro-ce-medias.discipline.ac-lille.fr\/acces-restreint\/EXEMPLES\/FICHES\/Rappel%20-%20Synth%C3%A8se.pdf\" data-type=\"URL\" data-id=\"http:\/\/cro-ce-medias.discipline.ac-lille.fr\/acces-restreint\/EXEMPLES\/FICHES\/Rappel%20-%20Synth%C3%A8se.pdf\" target=\"_blank\" rel=\"noreferrer noopener\">D\u00e9couvrir la fiche synth\u00e8se<\/a><\/p>\n<\/div><\/div>\n\n\n\n<div class=\"wp-block-media-text alignwide is-stacked-on-mobile\" style=\"grid-template-columns:15% auto\"><figure class=\"wp-block-media-text__media\"><img loading=\"lazy\" decoding=\"async\" width=\"452\" height=\"622\" src=\"https:\/\/pedagogie.ac-lille.fr\/metiers-btp\/wp-content\/uploads\/sites\/5\/2022\/04\/PVHT.jpg\" alt=\"\" class=\"wp-image-1765 size-full\" srcset=\"https:\/\/pedagogie.ac-lille.fr\/metiers-btp\/wp-content\/uploads\/sites\/5\/2022\/04\/PVHT.jpg 452w, https:\/\/pedagogie.ac-lille.fr\/metiers-btp\/wp-content\/uploads\/sites\/5\/2022\/04\/PVHT-218x300.jpg 218w\" sizes=\"auto, (max-width: 452px) 100vw, 452px\" \/><\/figure><div class=\"wp-block-media-text__content\">\n<p style=\"font-size:14px\">Madame BIEL Camille propose deux nouvelles fiches synth\u00e8se.<\/p>\n\n\n\n<p style=\"font-size:14px\"><a href=\"http:\/\/cro-ce-medias.discipline.ac-lille.fr\/acces-restreint\/EXEMPLES\/FICHES\/SYNTHESE%20PVHT.pdf\" data-type=\"URL\" data-id=\"http:\/\/cro-ce-medias.discipline.ac-lille.fr\/acces-restreint\/EXEMPLES\/FICHES\/SYNTHESE%20PVHT.pdf\" target=\"_blank\" rel=\"noreferrer noopener\">La d\u00e9couvrir<\/a><\/p>\n\n\n\n<p><\/p>\n<\/div><\/div>\n\n\n\n<div class=\"wp-block-media-text alignwide is-stacked-on-mobile\" style=\"grid-template-columns:15% auto\"><figure class=\"wp-block-media-text__media\"><img loading=\"lazy\" decoding=\"async\" width=\"454\" height=\"635\" src=\"https:\/\/pedagogie.ac-lille.fr\/metiers-btp\/wp-content\/uploads\/sites\/5\/2022\/04\/SDP.jpg\" alt=\"\" class=\"wp-image-1766 size-full\" srcset=\"https:\/\/pedagogie.ac-lille.fr\/metiers-btp\/wp-content\/uploads\/sites\/5\/2022\/04\/SDP.jpg 454w, https:\/\/pedagogie.ac-lille.fr\/metiers-btp\/wp-content\/uploads\/sites\/5\/2022\/04\/SDP-214x300.jpg 214w\" sizes=\"auto, (max-width: 454px) 100vw, 454px\" \/><\/figure><div class=\"wp-block-media-text__content\">\n<p style=\"font-size:14px\"><a href=\"http:\/\/cro-ce-medias.discipline.ac-lille.fr\/acces-restreint\/EXEMPLES\/FICHES\/SYNTHESE%20SDP.pdf\" data-type=\"URL\" data-id=\"http:\/\/cro-ce-medias.discipline.ac-lille.fr\/acces-restreint\/EXEMPLES\/FICHES\/SYNTHESE%20SDP.pdf\" target=\"_blank\" rel=\"noreferrer noopener\">La d\u00e9couvrir<\/a><\/p>\n<\/div><\/div>\n\n\n\n<h2 class=\"has-cyan-bluish-gray-background-color has-background wp-block-heading\" style=\"font-size:16px\">Comp\u00e9tence : effectuer un relev\u00e9 d&rsquo;ouvrages<\/h2>\n\n\n\n<div class=\"wp-block-media-text alignwide is-stacked-on-mobile\" style=\"grid-template-columns:24% auto\"><figure class=\"wp-block-media-text__media\"><img loading=\"lazy\" decoding=\"async\" width=\"1024\" height=\"722\" src=\"https:\/\/pedagogie.ac-lille.fr\/metiers-btp\/wp-content\/uploads\/sites\/5\/2022\/03\/croquis-1024x722.jpg\" alt=\"\" class=\"wp-image-1520 size-full\" srcset=\"https:\/\/pedagogie.ac-lille.fr\/metiers-btp\/wp-content\/uploads\/sites\/5\/2022\/03\/croquis-1024x722.jpg 1024w, https:\/\/pedagogie.ac-lille.fr\/metiers-btp\/wp-content\/uploads\/sites\/5\/2022\/03\/croquis-300x211.jpg 300w, https:\/\/pedagogie.ac-lille.fr\/metiers-btp\/wp-content\/uploads\/sites\/5\/2022\/03\/croquis-768x541.jpg 768w, https:\/\/pedagogie.ac-lille.fr\/metiers-btp\/wp-content\/uploads\/sites\/5\/2022\/03\/croquis.jpg 1168w\" sizes=\"auto, (max-width: 1024px) 100vw, 1024px\" \/><\/figure><div class=\"wp-block-media-text__content\">\n<p style=\"font-size:14px\">Probl\u00e9matique professionnelle : comment repr\u00e9senter un ouvrage avec ses cotations?<\/p>\n\n\n\n<p style=\"font-size:14px\">Document \u00e9labor\u00e9 par Madame BOUCHE Jennifer et Monsieur NISON Matthieu LPP Sainte Marie Bailleul<\/p>\n\n\n\n<p style=\"font-size:14px\"><a href=\"http:\/\/cro-ce-medias.discipline.ac-lille.fr\/acces-restreint\/EXEMPLES\/FICHES\/A3_croquis_releve.pdf\" data-type=\"URL\" data-id=\"http:\/\/cro-ce-medias.discipline.ac-lille.fr\/acces-restreint\/EXEMPLES\/FICHES\/A3_croquis_releve.pdf\" target=\"_blank\" rel=\"noreferrer noopener\">D\u00e9couvrir la fiche synth\u00e8se<\/a><\/p>\n<\/div><\/div>\n\n\n\n<h2 class=\"has-cyan-bluish-gray-background-color has-background wp-block-heading\" style=\"font-size:16px\">Comp\u00e9tence : traduire graphiquement une solution graphique<\/h2>\n\n\n\n<div class=\"wp-block-media-text alignwide is-stacked-on-mobile\" style=\"grid-template-columns:24% auto\"><figure class=\"wp-block-media-text__media\"><img loading=\"lazy\" decoding=\"async\" width=\"1024\" height=\"711\" src=\"https:\/\/pedagogie.ac-lille.fr\/metiers-btp\/wp-content\/uploads\/sites\/5\/2022\/03\/perspective-1024x711.jpg\" alt=\"\" class=\"wp-image-1522 size-full\" srcset=\"https:\/\/pedagogie.ac-lille.fr\/metiers-btp\/wp-content\/uploads\/sites\/5\/2022\/03\/perspective-1024x711.jpg 1024w, https:\/\/pedagogie.ac-lille.fr\/metiers-btp\/wp-content\/uploads\/sites\/5\/2022\/03\/perspective-300x208.jpg 300w, https:\/\/pedagogie.ac-lille.fr\/metiers-btp\/wp-content\/uploads\/sites\/5\/2022\/03\/perspective-768x533.jpg 768w, https:\/\/pedagogie.ac-lille.fr\/metiers-btp\/wp-content\/uploads\/sites\/5\/2022\/03\/perspective.jpg 1171w\" sizes=\"auto, (max-width: 1024px) 100vw, 1024px\" \/><\/figure><div class=\"wp-block-media-text__content\">\n<p style=\"font-size:14px\">Probl\u00e9matique professionnelle : comment repr\u00e9senter un ouvrage \u00e0 main lev\u00e9e?<\/p>\n\n\n\n<p style=\"font-size:14px\">Document \u00e9labor\u00e9 par Madame BOUCHE Jennifer et Monsieur NISON Matthieu LPP Sainte Marie Bailleul<\/p>\n\n\n\n<p style=\"font-size:14px\"><a href=\"http:\/\/cro-ce-medias.discipline.ac-lille.fr\/acces-restreint\/EXEMPLES\/FICHES\/A3_perspective.pdf\" data-type=\"URL\" data-id=\"http:\/\/cro-ce-medias.discipline.ac-lille.fr\/acces-restreint\/EXEMPLES\/FICHES\/A3_perspective.pdf\" target=\"_blank\" rel=\"noreferrer noopener\">D\u00e9couvrir la fiche synth\u00e8se<\/a><\/p>\n<\/div><\/div>\n\n\n\n<h2 class=\"has-cyan-bluish-gray-background-color has-background wp-block-heading\" style=\"font-size:16px\">Comp\u00e9tence commune : famille des m\u00e9tiers CDBTP<\/h2>\n\n\n\n<div class=\"wp-block-media-text alignwide is-stacked-on-mobile\" style=\"grid-template-columns:17% auto\"><figure class=\"wp-block-media-text__media\"><img loading=\"lazy\" decoding=\"async\" width=\"431\" height=\"624\" src=\"https:\/\/pedagogie.ac-lille.fr\/metiers-btp\/wp-content\/uploads\/sites\/5\/2022\/04\/tp_mrcailleaux.jpg\" alt=\"\" class=\"wp-image-1779 size-full\" srcset=\"https:\/\/pedagogie.ac-lille.fr\/metiers-btp\/wp-content\/uploads\/sites\/5\/2022\/04\/tp_mrcailleaux.jpg 431w, https:\/\/pedagogie.ac-lille.fr\/metiers-btp\/wp-content\/uploads\/sites\/5\/2022\/04\/tp_mrcailleaux-207x300.jpg 207w\" sizes=\"auto, (max-width: 431px) 100vw, 431px\" \/><\/figure><div class=\"wp-block-media-text__content\">\n<p style=\"font-size:14px\">TP propos\u00e9 pour la formation des \u00e9l\u00e8ves de seconde famille des m\u00e9tiers de la construction durable, du b\u00e2timent et des travaux publics, \u00e9labor\u00e9 par Monsieur CAILLEAUX Francis, enseignant au LP F.Mansart de MARLY.<\/p>\n\n\n\n<p style=\"font-size:14px\">La formalisation de ce document s&rsquo;appuie sur la fiche m\u00e9thodologique disponible dans l&rsquo;onglet \u00ab\u00a0A3 synth\u00e8se &#8211; toutes fili\u00e8res &#8211; <a href=\"https:\/\/pedagogie.ac-lille.fr\/metiers-btp\/a3-fiches-synthese\/\" data-type=\"URL\" data-id=\"https:\/\/pedagogie.ac-lille.fr\/metiers-btp\/a3-fiches-synthese\/\" target=\"_blank\" rel=\"noreferrer noopener\"><strong>Th\u00e9matique : \u00ab\u00a0Formation\u00a0\u00bb \u2013 fiche 1\/2 \u2013 Probl\u00e9matique trait\u00e9e : comment \u00e9laborer un TP de mise en \u0153uvre?<\/strong>\u00ab\u00a0<\/a>.<\/p>\n\n\n\n<p style=\"font-size:14px\"><a href=\"http:\/\/cro-ce-medias.discipline.ac-lille.fr\/acces-restreint\/EXEMPLES\/FICHES\/tp_mr_cailleaux.pdf\" data-type=\"URL\" data-id=\"http:\/\/cro-ce-medias.discipline.ac-lille.fr\/acces-restreint\/EXEMPLES\/FICHES\/tp_mr_cailleaux.pdf\" target=\"_blank\" rel=\"noreferrer noopener\">D\u00e9couvrir le document.<\/a><\/p>\n<\/div><\/div>\n","protected":false},"excerpt":{"rendered":"<p>Ci-apr\u00e8s sont pr\u00e9sent\u00e9es des fiches synth\u00e8se et\/ou TP. Ces \u00e9l\u00e9ments n&rsquo;ont pas vocation \u00e0 \u00eatre des \u00ab\u00a0mod\u00e8les\u00a0\u00bb mais ont pour principal objectif d&rsquo;\u00eatre inspirants et facilitateurs de la formalisation de la formation des apprenants. Un GRAND MERCI aux \u00e9quipes enseignantes qui non seulement s&rsquo;investissent pour la formation des apprenants mais aussi qui enrichissent la mutualisation [&hellip;]<\/p>\n","protected":false},"author":13,"featured_media":0,"parent":0,"menu_order":0,"comment_status":"closed","ping_status":"closed","template":"","meta":{"ngg_post_thumbnail":0,"footnotes":""},"class_list":["post-1335","page","type-page","status-publish","czr-hentry"],"publishpress_future_action":{"enabled":false,"date":"2026-04-28 20:10:30","action":"change-status","newStatus":"draft","terms":[],"taxonomy":"","extraData":[]},"publishpress_future_workflow_manual_trigger":{"enabledWorkflows":[]},"_links":{"self":[{"href":"https:\/\/pedagogie.ac-lille.fr\/metiers-btp\/wp-json\/wp\/v2\/pages\/1335","targetHints":{"allow":["GET"]}}],"collection":[{"href":"https:\/\/pedagogie.ac-lille.fr\/metiers-btp\/wp-json\/wp\/v2\/pages"}],"about":[{"href":"https:\/\/pedagogie.ac-lille.fr\/metiers-btp\/wp-json\/wp\/v2\/types\/page"}],"author":[{"embeddable":true,"href":"https:\/\/pedagogie.ac-lille.fr\/metiers-btp\/wp-json\/wp\/v2\/users\/13"}],"replies":[{"embeddable":true,"href":"https:\/\/pedagogie.ac-lille.fr\/metiers-btp\/wp-json\/wp\/v2\/comments?post=1335"}],"version-history":[{"count":28,"href":"https:\/\/pedagogie.ac-lille.fr\/metiers-btp\/wp-json\/wp\/v2\/pages\/1335\/revisions"}],"predecessor-version":[{"id":1785,"href":"https:\/\/pedagogie.ac-lille.fr\/metiers-btp\/wp-json\/wp\/v2\/pages\/1335\/revisions\/1785"}],"wp:attachment":[{"href":"https:\/\/pedagogie.ac-lille.fr\/metiers-btp\/wp-json\/wp\/v2\/media?parent=1335"}],"curies":[{"name":"wp","href":"https:\/\/api.w.org\/{rel}","templated":true}]}}