{"id":1540,"date":"2022-04-11T16:56:40","date_gmt":"2022-04-11T14:56:40","guid":{"rendered":"https:\/\/pedagogie.ac-lille.fr\/metiers-btp\/?page_id=1540"},"modified":"2022-04-18T11:03:30","modified_gmt":"2022-04-18T09:03:30","slug":"plan-academique-de-formation-2021-2022","status":"publish","type":"page","link":"https:\/\/pedagogie.ac-lille.fr\/metiers-btp\/plan-academique-de-formation-2021-2022\/","title":{"rendered":"Plan acad\u00e9mique de Formation &#8211; 2021\/2022"},"content":{"rendered":"\n<p class=\"has-white-color has-vivid-cyan-blue-background-color has-text-color has-background\" style=\"font-size:16px\"><strong>S\u00e9minaire des 29, 30 et 31 mars 2022<\/strong><\/p>\n\n\n\n<p class=\"has-cyan-bluish-gray-background-color has-background\" style=\"font-size:16px\">Lieu du s\u00e9minaire : LPP Sainte Marie BAILLEUL<\/p>\n\n\n\n<p style=\"font-size:14px\">Un GRAND MERCI \u00e0 Monsieur NISON Matthieu LPP Sainte Marie Bailleul pour le travail remarquable, l&rsquo;investissement et l&rsquo;engagement sur les trois journ\u00e9es de formation.<\/p>\n\n\n\n<p style=\"font-size:14px\">Merci \u00e9galement \u00e0 Madame BOUCHE Jennifer LPP Sainte Marie Bailleul et Monsieur COLPIN S\u00e9bastien LP L.Bl\u00e9riot Cambrai pour leur investissement sur la journ\u00e9e de formation du 30 mars.<\/p>\n\n\n\n<div class=\"wp-block-image\"><figure class=\"aligncenter size-full is-resized\"><img loading=\"lazy\" decoding=\"async\" src=\"https:\/\/pedagogie.ac-lille.fr\/metiers-btp\/wp-content\/uploads\/sites\/5\/2022\/04\/logo.png\" alt=\"\" class=\"wp-image-1666\" width=\"165\" height=\"98\" srcset=\"https:\/\/pedagogie.ac-lille.fr\/metiers-btp\/wp-content\/uploads\/sites\/5\/2022\/04\/logo.png 333w, https:\/\/pedagogie.ac-lille.fr\/metiers-btp\/wp-content\/uploads\/sites\/5\/2022\/04\/logo-300x178.png 300w\" sizes=\"auto, (max-width: 165px) 100vw, 165px\" \/><\/figure><\/div>\n\n\n\n<div class=\"wp-block-media-text alignwide is-stacked-on-mobile is-vertically-aligned-center\" style=\"grid-template-columns:31% auto\"><figure class=\"wp-block-media-text__media\"><img loading=\"lazy\" decoding=\"async\" width=\"622\" height=\"219\" src=\"https:\/\/pedagogie.ac-lille.fr\/metiers-btp\/wp-content\/uploads\/sites\/5\/2022\/04\/accueil.jpg\" alt=\"\" class=\"wp-image-1663 size-full\" srcset=\"https:\/\/pedagogie.ac-lille.fr\/metiers-btp\/wp-content\/uploads\/sites\/5\/2022\/04\/accueil.jpg 622w, https:\/\/pedagogie.ac-lille.fr\/metiers-btp\/wp-content\/uploads\/sites\/5\/2022\/04\/accueil-300x106.jpg 300w\" sizes=\"auto, (max-width: 622px) 100vw, 622px\" \/><\/figure><div class=\"wp-block-media-text__content\">\n<p style=\"font-size:14px\">Merci \u00e0 Monsieur DOUBLET Directeur du LPP Sainte Marie, Monsieur RETAUX Proviseur adjoint, Monsieur HUBERLANT DDF, Monsieur NISON formateur et l&rsquo;\u00e9quipe enseignante TBEE\/TBAA de l&rsquo;\u00e9tablissement ainsi que l&rsquo;ensemble du personnel de restauration pour l&rsquo;accueil et l&rsquo;organisation qui ont \u00e9t\u00e9 r\u00e9serv\u00e9s aux participants de ce s\u00e9minaire de la famille des m\u00e9tiers des \u00e9tudes et de la mod\u00e9lisation num\u00e9rique du b\u00e2timent.<\/p>\n<\/div><\/div>\n\n\n\n<div class=\"wp-block-media-text alignwide is-stacked-on-mobile\" style=\"grid-template-columns:17% auto\"><figure class=\"wp-block-media-text__media\"><img loading=\"lazy\" decoding=\"async\" width=\"452\" height=\"638\" src=\"https:\/\/pedagogie.ac-lille.fr\/metiers-btp\/wp-content\/uploads\/sites\/5\/2022\/04\/livret.jpg\" alt=\"\" class=\"wp-image-1580 size-full\" srcset=\"https:\/\/pedagogie.ac-lille.fr\/metiers-btp\/wp-content\/uploads\/sites\/5\/2022\/04\/livret.jpg 452w, https:\/\/pedagogie.ac-lille.fr\/metiers-btp\/wp-content\/uploads\/sites\/5\/2022\/04\/livret-213x300.jpg 213w\" sizes=\"auto, (max-width: 452px) 100vw, 452px\" \/><\/figure><div class=\"wp-block-media-text__content\">\n<p style=\"font-size:14px\">Livret du participant permettant de d\u00e9couvrir les objectifs et productions attendues.<\/p>\n\n\n\n<p style=\"font-size:14px\"><a href=\"http:\/\/cro-ce-medias.discipline.ac-lille.fr\/acces-restreint\/FAMILLE_MEMNB\/Livret%20participants%20seminaire%20EMNB-TEB-TGT.pdf\" target=\"_blank\" rel=\"noreferrer noopener\">Le d\u00e9couvrir<\/a><\/p>\n<\/div><\/div>\n\n\n\n<div class=\"wp-block-image is-style-default\"><figure class=\"aligncenter size-full is-resized\"><img loading=\"lazy\" decoding=\"async\" src=\"https:\/\/pedagogie.ac-lille.fr\/metiers-btp\/wp-content\/uploads\/sites\/5\/2022\/04\/strategie.jpg\" alt=\"\" class=\"wp-image-1581\" width=\"481\" height=\"569\" srcset=\"https:\/\/pedagogie.ac-lille.fr\/metiers-btp\/wp-content\/uploads\/sites\/5\/2022\/04\/strategie.jpg 609w, https:\/\/pedagogie.ac-lille.fr\/metiers-btp\/wp-content\/uploads\/sites\/5\/2022\/04\/strategie-254x300.jpg 254w\" sizes=\"auto, (max-width: 481px) 100vw, 481px\" \/><\/figure><\/div>\n\n\n\n<p class=\"has-text-align-center has-light-green-cyan-background-color has-background\" style=\"font-size:18px\"><strong>Strat\u00e9gie de formation des 3 journ\u00e9es<\/strong><\/p>\n\n\n\n<h2 class=\"has-vivid-red-color has-text-color wp-block-heading\" style=\"font-size:16px\">J1 : journ\u00e9e de formation du 29 mars 2022<\/h2>\n\n\n\n<p style=\"font-size:14px\"><strong>Probl\u00e9matique soulev\u00e9e<\/strong> : comment accompagner les \u00e9quipes enseignantes \u00e0 s&rsquo;approprier les comp\u00e9tences communes de la seconde BAC PRO Famille des m\u00e9tiers des \u00e9tudes et de la mod\u00e9lisation num\u00e9rique du b\u00e2timent ?<\/p>\n\n\n\n<p style=\"font-size:14px\">R\u00e9ponse \u00e0 la probl\u00e9matique soulev\u00e9e : contenu de la journ\u00e9e de formation J1<\/p>\n\n\n\n<p style=\"font-size:14px\"><a rel=\"noreferrer noopener\" href=\"https:\/\/pedagogie.ac-lille.fr\/metiers-btp\/?page_id=1588&amp;preview=true\" data-type=\"URL\" data-id=\"https:\/\/pedagogie.ac-lille.fr\/metiers-btp\/?page_id=1588&amp;preview=true\" target=\"_blank\">D\u00e9couvrir les contenus <\/a><a rel=\"noreferrer noopener\" href=\"https:\/\/pedagogie.ac-lille.fr\/metiers-btp\/?page_id=1588&amp;preview=true\" data-type=\"URL\" data-id=\"https:\/\/pedagogie.ac-lille.fr\/metiers-btp\/?page_id=1588&amp;preview=true\" target=\"_blank\">d<\/a><a rel=\"noreferrer noopener\" href=\"https:\/\/pedagogie.ac-lille.fr\/metiers-btp\/?page_id=1588&amp;preview=true\" data-type=\"URL\" data-id=\"https:\/\/pedagogie.ac-lille.fr\/metiers-btp\/?page_id=1588&amp;preview=true\" target=\"_blank\">e<\/a><a href=\"https:\/\/pedagogie.ac-lille.fr\/metiers-btp\/?page_id=1588&amp;preview=true\" data-type=\"URL\" data-id=\"https:\/\/pedagogie.ac-lille.fr\/metiers-btp\/?page_id=1588&amp;preview=true\" target=\"_blank\" rel=\"noreferrer noopener\"> <\/a><a rel=\"noreferrer noopener\" href=\"https:\/\/pedagogie.ac-lille.fr\/metiers-btp\/?page_id=1588&amp;preview=true\" data-type=\"URL\" data-id=\"https:\/\/pedagogie.ac-lille.fr\/metiers-btp\/?page_id=1588&amp;preview=true\" target=\"_blank\">cette journ\u00e9e de formation.<\/a><\/p>\n\n\n\n<h2 class=\"has-vivid-red-color has-text-color wp-block-heading\" style=\"font-size:16px\">J2 : journ\u00e9e de formation du 30 mars 2022<\/h2>\n\n\n\n<p style=\"font-size:14px\"><strong>Probl\u00e9matique soulev\u00e9e <\/strong>: comment accompagner les \u00e9quipes enseignantes dans la mise en \u0153uvre des logiciels m\u00e9tiers en lien avec les feuilles de route des fili\u00e8res concern\u00e9es ?<\/p>\n\n\n\n<p style=\"font-size:14px\">R\u00e9ponse \u00e0 la probl\u00e9matique soulev\u00e9e : contenu de la journ\u00e9e de formation J2<\/p>\n\n\n\n<p style=\"font-size:14px\"><a href=\"https:\/\/pedagogie.ac-lille.fr\/metiers-btp\/j2-journee-de-formation-du-30-mars-2022\/\" data-type=\"URL\" data-id=\"https:\/\/pedagogie.ac-lille.fr\/metiers-btp\/j2-journee-de-formation-du-30-mars-2022\/\" target=\"_blank\" rel=\"noreferrer noopener\">D\u00e9couvrir les contenus de cette journ\u00e9e de formation. <\/a><\/p>\n\n\n\n<h2 class=\"has-vivid-red-color has-text-color wp-block-heading\" style=\"font-size:16px\">J3 : journ\u00e9e de formation du 31 mars 2022<\/h2>\n\n\n\n<p style=\"font-size:14px\"><strong>Probl\u00e9matique soulev\u00e9e <\/strong>: comment accompagner les \u00e9quipes enseignantes dans la p\u00e9dagogie de projet ?<\/p>\n\n\n\n<p style=\"font-size:14px\">R\u00e9ponse \u00e0 la probl\u00e9matique soulev\u00e9e : contenu de la journ\u00e9e de formation J3<\/p>\n\n\n\n<p style=\"font-size:14px\"><a rel=\"noreferrer noopener\" href=\"https:\/\/pedagogie.ac-lille.fr\/metiers-btp\/j3-journee-de-formation-du-31-mars-2022\/\" data-type=\"URL\" data-id=\"https:\/\/pedagogie.ac-lille.fr\/metiers-btp\/j3-journee-de-formation-du-31-mars-2022\/\" target=\"_blank\">D\u00e9couvrir les contenus de cette journ\u00e9e de formation.<\/a> <\/p>\n","protected":false},"excerpt":{"rendered":"<p>S\u00e9minaire des 29, 30 et 31 mars 2022 Lieu du s\u00e9minaire : LPP Sainte Marie BAILLEUL Un GRAND MERCI \u00e0 Monsieur NISON Matthieu LPP Sainte Marie Bailleul pour le travail remarquable, l&rsquo;investissement et l&rsquo;engagement sur les trois journ\u00e9es de formation. Merci \u00e9galement \u00e0 Madame BOUCHE Jennifer LPP Sainte Marie Bailleul et Monsieur COLPIN S\u00e9bastien LP [&hellip;]<\/p>\n","protected":false},"author":13,"featured_media":0,"parent":0,"menu_order":0,"comment_status":"closed","ping_status":"closed","template":"","meta":{"ngg_post_thumbnail":0,"footnotes":""},"class_list":["post-1540","page","type-page","status-publish","czr-hentry"],"publishpress_future_action":{"enabled":false,"date":"2026-04-28 20:11:07","action":"change-status","newStatus":"draft","terms":[],"taxonomy":"","extraData":[]},"publishpress_future_workflow_manual_trigger":{"enabledWorkflows":[]},"_links":{"self":[{"href":"https:\/\/pedagogie.ac-lille.fr\/metiers-btp\/wp-json\/wp\/v2\/pages\/1540","targetHints":{"allow":["GET"]}}],"collection":[{"href":"https:\/\/pedagogie.ac-lille.fr\/metiers-btp\/wp-json\/wp\/v2\/pages"}],"about":[{"href":"https:\/\/pedagogie.ac-lille.fr\/metiers-btp\/wp-json\/wp\/v2\/types\/page"}],"author":[{"embeddable":true,"href":"https:\/\/pedagogie.ac-lille.fr\/metiers-btp\/wp-json\/wp\/v2\/users\/13"}],"replies":[{"embeddable":true,"href":"https:\/\/pedagogie.ac-lille.fr\/metiers-btp\/wp-json\/wp\/v2\/comments?post=1540"}],"version-history":[{"count":33,"href":"https:\/\/pedagogie.ac-lille.fr\/metiers-btp\/wp-json\/wp\/v2\/pages\/1540\/revisions"}],"predecessor-version":[{"id":1738,"href":"https:\/\/pedagogie.ac-lille.fr\/metiers-btp\/wp-json\/wp\/v2\/pages\/1540\/revisions\/1738"}],"wp:attachment":[{"href":"https:\/\/pedagogie.ac-lille.fr\/metiers-btp\/wp-json\/wp\/v2\/media?parent=1540"}],"curies":[{"name":"wp","href":"https:\/\/api.w.org\/{rel}","templated":true}]}}