{"id":1846,"date":"2022-06-26T18:58:41","date_gmt":"2022-06-26T16:58:41","guid":{"rendered":"https:\/\/pedagogie.ac-lille.fr\/metiers-btp\/?page_id=1846"},"modified":"2024-02-19T08:38:10","modified_gmt":"2024-02-19T07:38:10","slug":"formation-et-evaluation-a-la-securite-des-apprenants","status":"publish","type":"page","link":"https:\/\/pedagogie.ac-lille.fr\/metiers-btp\/formation-et-evaluation-a-la-securite-des-apprenants\/","title":{"rendered":"Formation et \u00e9valuation \u00e0 la s\u00e9curit\u00e9 des apprenants"},"content":{"rendered":"\n<p class=\"has-white-color has-luminous-vivid-orange-background-color has-text-color has-background\">Un grand MERCI au groupe de travail acad\u00e9mique. L&rsquo;investissement collectif a permis l&rsquo;\u00e9laboration d&rsquo;un livret de suivi de la formation et de l&rsquo;\u00e9valuation \u00e0 la s\u00e9curit\u00e9.<\/p>\n\n\n<div class=\"wp-block-image is-resized\">\n<figure class=\"aligncenter size-large\"><img loading=\"lazy\" decoding=\"async\" width=\"1024\" height=\"127\" src=\"https:\/\/pedagogie.ac-lille.fr\/metiers-btp\/wp-content\/uploads\/sites\/5\/2022\/06\/GROUPE-1024x127.jpg\" alt=\"\" class=\"wp-image-1864\" srcset=\"https:\/\/pedagogie.ac-lille.fr\/metiers-btp\/wp-content\/uploads\/sites\/5\/2022\/06\/GROUPE-1024x127.jpg 1024w, https:\/\/pedagogie.ac-lille.fr\/metiers-btp\/wp-content\/uploads\/sites\/5\/2022\/06\/GROUPE-300x37.jpg 300w, https:\/\/pedagogie.ac-lille.fr\/metiers-btp\/wp-content\/uploads\/sites\/5\/2022\/06\/GROUPE-768x95.jpg 768w, https:\/\/pedagogie.ac-lille.fr\/metiers-btp\/wp-content\/uploads\/sites\/5\/2022\/06\/GROUPE-1536x190.jpg 1536w, https:\/\/pedagogie.ac-lille.fr\/metiers-btp\/wp-content\/uploads\/sites\/5\/2022\/06\/GROUPE.jpg 1799w\" sizes=\"auto, (max-width: 1024px) 100vw, 1024px\" \/><figcaption class=\"wp-element-caption\">Composition du groupe de travail acad\u00e9mique.<\/figcaption><\/figure>\n<\/div>\n\n\n<p class=\"has-text-align-center has-white-color has-luminous-vivid-orange-background-color has-text-color has-background\">Livret de suivi de la formation et de l&rsquo;\u00e9valuation \u00e0 la s\u00e9curit\u00e9<\/p>\n\n\n\n<div class=\"wp-block-media-text alignwide is-stacked-on-mobile\" style=\"grid-template-columns:15% auto\"><figure class=\"wp-block-media-text__media\"><img loading=\"lazy\" decoding=\"async\" width=\"434\" height=\"618\" src=\"https:\/\/pedagogie.ac-lille.fr\/metiers-btp\/wp-content\/uploads\/sites\/5\/2022\/06\/livret.jpg\" alt=\"\" class=\"wp-image-1874 size-full\" srcset=\"https:\/\/pedagogie.ac-lille.fr\/metiers-btp\/wp-content\/uploads\/sites\/5\/2022\/06\/livret.jpg 434w, https:\/\/pedagogie.ac-lille.fr\/metiers-btp\/wp-content\/uploads\/sites\/5\/2022\/06\/livret-211x300.jpg 211w\" sizes=\"auto, (max-width: 434px) 100vw, 434px\" \/><\/figure><div class=\"wp-block-media-text__content\">\n<p style=\"font-size:16px\">Le livret de suivi de la formation et de l&rsquo;\u00e9valuation \u00e0 la s\u00e9curit\u00e9 est compos\u00e9 en 3 volets :  <\/p>\n\n\n\n<ul class=\"wp-block-list\">\n<li>un volet 1 qui permet la tra\u00e7abilit\u00e9 de la formation et de l&rsquo;\u00e9valuation \u00e0 la s\u00e9curit\u00e9 en g\u00e9n\u00e9ral ( volet men\u00e9 d\u00e8s le d\u00e9but de formation et tr\u00e8s rapidement \u00e9valu\u00e9 ) ;<\/li>\n<\/ul>\n\n\n\n<p><\/p>\n\n\n\n<ul class=\"wp-block-list\">\n<li>un volet 2 qui permet la tra\u00e7abilit\u00e9 de la formation et de l&rsquo;\u00e9valuation \u00e0 la s\u00e9curit\u00e9 au regard des \u00e9quipements de travail de la fili\u00e8re ( volet men\u00e9 tout au long du cycle de formation en fonction de la programmation des apprentissages et adapt\u00e9 \u00e0 chaque dipl\u00f4me ).<\/li>\n<\/ul>\n\n\n\n<p><\/p>\n\n\n\n<ul class=\"wp-block-list\">\n<li>un volet 3 qui r\u00e9sume les formations \u00e0 la s\u00e9curit\u00e9 devant \u00eatre men\u00e9es pour chaque dipl\u00f4me (volet \u00e0 adapter \u00e0 chaque dipl\u00f4me).<\/li>\n<\/ul>\n<\/div><\/div>\n\n\n\n<h2 class=\"wp-block-heading has-cyan-bluish-gray-background-color has-background\" style=\"font-size:16px\">Mise \u00e0 jour du livret s\u00e9curit\u00e9 &#8211; Janvier 2023<\/h2>\n\n\n\n<div class=\"wp-block-media-text alignwide is-stacked-on-mobile\" style=\"grid-template-columns:15% auto\"><figure class=\"wp-block-media-text__media\"><img loading=\"lazy\" decoding=\"async\" width=\"457\" height=\"655\" src=\"https:\/\/pedagogie.ac-lille.fr\/metiers-btp\/wp-content\/uploads\/sites\/5\/2023\/01\/LIVRETMAJ.jpg\" alt=\"\" class=\"wp-image-2373 size-full\" srcset=\"https:\/\/pedagogie.ac-lille.fr\/metiers-btp\/wp-content\/uploads\/sites\/5\/2023\/01\/LIVRETMAJ.jpg 457w, https:\/\/pedagogie.ac-lille.fr\/metiers-btp\/wp-content\/uploads\/sites\/5\/2023\/01\/LIVRETMAJ-209x300.jpg 209w\" sizes=\"auto, (max-width: 457px) 100vw, 457px\" \/><\/figure><div class=\"wp-block-media-text__content\">\n<p>Un grand MERCI aux \u00e9tablissements qui se sont empar\u00e9s de la r\u00e9flexion et de la ressource acad\u00e9mique et qui ont pu ainsi contribuer \u00e0 faire \u00e9voluer le livret s\u00e9curit\u00e9.<\/p>\n\n\n\n<p>D\u00e9couvrir le livret actualis\u00e9:<\/p>\n\n\n\n<ul class=\"wp-block-list\">\n<li><a href=\"http:\/\/cro-ce-medias.discipline.ac-lille.fr\/acces-restreint\/TRAVAUX_REGLEMENTES\/27_01_livret_form_eval_securite.docx\" data-type=\"URL\" data-id=\"http:\/\/cro-ce-medias.discipline.ac-lille.fr\/acces-restreint\/TRAVAUX_REGLEMENTES\/27_01_livret_form_eval_securite.docx\" target=\"_blank\" rel=\"noreferrer noopener\">version word<\/a><\/li>\n\n\n\n<li><a href=\"http:\/\/cro-ce-medias.discipline.ac-lille.fr\/acces-restreint\/TRAVAUX_REGLEMENTES\/27_01_livret_form_eval_securite.pdf\" data-type=\"URL\" data-id=\"http:\/\/cro-ce-medias.discipline.ac-lille.fr\/acces-restreint\/TRAVAUX_REGLEMENTES\/27_01_livret_form_eval_securite.pdf\" target=\"_blank\" rel=\"noreferrer noopener\">version PDF<\/a><\/li>\n<\/ul>\n<\/div><\/div>\n\n\n\n<div class=\"wp-block-media-text alignwide is-stacked-on-mobile\" style=\"grid-template-columns:18% auto\"><figure class=\"wp-block-media-text__media\"><img loading=\"lazy\" decoding=\"async\" width=\"888\" height=\"625\" src=\"https:\/\/pedagogie.ac-lille.fr\/metiers-btp\/wp-content\/uploads\/sites\/5\/2023\/01\/grille.jpg\" alt=\"\" class=\"wp-image-2374 size-full\" srcset=\"https:\/\/pedagogie.ac-lille.fr\/metiers-btp\/wp-content\/uploads\/sites\/5\/2023\/01\/grille.jpg 888w, https:\/\/pedagogie.ac-lille.fr\/metiers-btp\/wp-content\/uploads\/sites\/5\/2023\/01\/grille-300x211.jpg 300w, https:\/\/pedagogie.ac-lille.fr\/metiers-btp\/wp-content\/uploads\/sites\/5\/2023\/01\/grille-768x541.jpg 768w\" sizes=\"auto, (max-width: 888px) 100vw, 888px\" \/><\/figure><div class=\"wp-block-media-text__content\">\n<p>Modification apport\u00e9e \u00e0 la fiche n\u00b02 : cr\u00e9ation d&rsquo;une grille d&rsquo;\u00e9valuation par comp\u00e9tence de la \u00ab\u00a0s\u00e9curit\u00e9 g\u00e9n\u00e9rale.\u00a0\u00bb<\/p>\n<\/div><\/div>\n\n\n\n<div class=\"wp-block-media-text alignwide is-stacked-on-mobile\" style=\"grid-template-columns:18% auto\"><figure class=\"wp-block-media-text__media\"><img loading=\"lazy\" decoding=\"async\" width=\"1024\" height=\"722\" src=\"https:\/\/pedagogie.ac-lille.fr\/metiers-btp\/wp-content\/uploads\/sites\/5\/2023\/01\/general2-1-1024x722.jpg\" alt=\"\" class=\"wp-image-2385 size-full\" srcset=\"https:\/\/pedagogie.ac-lille.fr\/metiers-btp\/wp-content\/uploads\/sites\/5\/2023\/01\/general2-1-1024x722.jpg 1024w, https:\/\/pedagogie.ac-lille.fr\/metiers-btp\/wp-content\/uploads\/sites\/5\/2023\/01\/general2-1-300x212.jpg 300w, https:\/\/pedagogie.ac-lille.fr\/metiers-btp\/wp-content\/uploads\/sites\/5\/2023\/01\/general2-1-768x542.jpg 768w, https:\/\/pedagogie.ac-lille.fr\/metiers-btp\/wp-content\/uploads\/sites\/5\/2023\/01\/general2-1.jpg 1153w\" sizes=\"auto, (max-width: 1024px) 100vw, 1024px\" \/><\/figure><div class=\"wp-block-media-text__content\">\n<p style=\"font-size:16px\">Il est important de rappeler la n\u00e9cessit\u00e9 pour les apprenants de mettre en \u0153uvre dans la formation, la d\u00e9marche de pr\u00e9vention des risques professionnels pour toute t\u00e2che professionnelle ex\u00e9cut\u00e9e.<\/p>\n\n\n\n<p><a href=\"https:\/\/pedagogie.ac-lille.fr\/metiers-btp\/a3-fiches-synthese\/\" data-type=\"URL\" data-id=\"https:\/\/pedagogie.ac-lille.fr\/metiers-btp\/a3-fiches-synthese\/\" target=\"_blank\" rel=\"noreferrer noopener\">Prendre connaissance de la m\u00e9thodologie de r\u00e9daction d&rsquo;un TP.<\/a><\/p>\n<\/div><\/div>\n\n\n\n<h3 class=\"wp-block-heading\"><strong>Mise \u00e0 jour &#8211; f\u00e9vrier 2024<\/strong> &#8211; ajout d&rsquo;un document PFMP au livret s\u00e9curit\u00e9<\/h3>\n\n\n\n<div class=\"wp-block-media-text is-stacked-on-mobile\" style=\"grid-template-columns:15% auto\"><figure class=\"wp-block-media-text__media\"><img loading=\"lazy\" decoding=\"async\" width=\"466\" height=\"675\" src=\"https:\/\/pedagogie.ac-lille.fr\/metiers-btp\/wp-content\/uploads\/sites\/5\/2024\/02\/point-5.png\" alt=\"\" class=\"wp-image-2880 size-full\" srcset=\"https:\/\/pedagogie.ac-lille.fr\/metiers-btp\/wp-content\/uploads\/sites\/5\/2024\/02\/point-5.png 466w, https:\/\/pedagogie.ac-lille.fr\/metiers-btp\/wp-content\/uploads\/sites\/5\/2024\/02\/point-5-207x300.png 207w\" sizes=\"auto, (max-width: 466px) 100vw, 466px\" \/><\/figure><div class=\"wp-block-media-text__content\">\n<p class=\"has-text-align-left\">Les diff\u00e9rents retours des \u00e9tablissements qui exploitent le livret s\u00e9curit\u00e9 et plus particuli\u00e8rement les \u00e9changes avec Monsieur Ricq S\u00e9bastien enseignant au LP F.Tristan de Lillers ont permis de formaliser un document \u00e0 annexer \u00e0 la convention des apprenants lors de chaque d\u00e9part en P\u00e9riode de Formation en Milieu Professionnel.   Ce document peut \u00eatre modifi\u00e9 par les \u00e9quipes enseignantes. <\/p>\n\n\n\n<p>Merci de transmettre les \u00e9ventuelles am\u00e9liorations apport\u00e9es afin que chacun sur le territoire puisse en b\u00e9n\u00e9ficier.<\/p>\n\n\n\n<p><a href=\"http:\/\/cro-ce-medias.discipline.ac-lille.fr\/acces-restreint\/TRAVAUX_REGLEMENTES\/point5-annexe-pedagogique.docx\">Le d\u00e9couvrir<\/a><\/p>\n<\/div><\/div>\n\n\n\n<h2 class=\"wp-block-heading has-white-color has-luminous-vivid-orange-background-color has-text-color has-background\" style=\"font-size:16px\">Mutualisation des ressources sur le plan acad\u00e9mique<\/h2>\n\n\n\n<p>Pour rappel, il doit \u00eatre formalis\u00e9 une fiche d&rsquo;Instructions Permanentes de S\u00e9curit\u00e9 pour chaque \u00e9quipement de travail. Comme pr\u00e9conis\u00e9 dans les fiches IPS diffus\u00e9es par l&rsquo;INRS, celles-ci doivent contenir les \u00e9l\u00e9ments de type identification de la fiche, photo de l&rsquo;\u00e9quipement, EPI, op\u00e9rations, risques\/dangers, mesures de pr\u00e9vention, qualification, secours,etc. <\/p>\n\n\n\n<h2 class=\"wp-block-heading\" style=\"font-size:14px\">Monsieur LANNOY Fabrice enseignant au LP J.Bertin propose un exemple d&rsquo;\u00e9valuation de fiche IPS, \u00e9valuation (QCM) int\u00e9gr\u00e9e \u00e0 l&rsquo;int\u00e9rieur de la fiche IPS.<\/h2>\n\n\n\n<figure class=\"wp-block-image size-large is-resized\"><img loading=\"lazy\" decoding=\"async\" width=\"1024\" height=\"503\" src=\"https:\/\/pedagogie.ac-lille.fr\/metiers-btp\/wp-content\/uploads\/sites\/5\/2022\/06\/eval-1024x503.png\" alt=\"\" class=\"wp-image-1875\" style=\"width:506px;height:auto\" srcset=\"https:\/\/pedagogie.ac-lille.fr\/metiers-btp\/wp-content\/uploads\/sites\/5\/2022\/06\/eval-1024x503.png 1024w, https:\/\/pedagogie.ac-lille.fr\/metiers-btp\/wp-content\/uploads\/sites\/5\/2022\/06\/eval-300x147.png 300w, https:\/\/pedagogie.ac-lille.fr\/metiers-btp\/wp-content\/uploads\/sites\/5\/2022\/06\/eval-768x377.png 768w, https:\/\/pedagogie.ac-lille.fr\/metiers-btp\/wp-content\/uploads\/sites\/5\/2022\/06\/eval-1536x754.png 1536w, https:\/\/pedagogie.ac-lille.fr\/metiers-btp\/wp-content\/uploads\/sites\/5\/2022\/06\/eval.png 1801w\" sizes=\"auto, (max-width: 1024px) 100vw, 1024px\" \/><\/figure>\n\n\n\n<h2 class=\"wp-block-heading\" style=\"font-size:14px\">Monsieur LESECQ Nicolas enseignant au LP J.Bertin de Bruay la Buissi\u00e8re a d\u00e9clin\u00e9 une illustration du livret de formation et d&rsquo;\u00e9valuation \u00e0 la s\u00e9curit\u00e9 pour le dipl\u00f4me \u00ab\u00a0CAP Constructeur de r\u00e9seaux de canalisations\u00a0\u00bb.<\/h2>\n\n\n\n<div class=\"wp-block-media-text alignwide is-stacked-on-mobile\" style=\"grid-template-columns:15% auto\"><figure class=\"wp-block-media-text__media\"><img loading=\"lazy\" decoding=\"async\" width=\"441\" height=\"627\" src=\"https:\/\/pedagogie.ac-lille.fr\/metiers-btp\/wp-content\/uploads\/sites\/5\/2022\/06\/cana-1.jpg\" alt=\"\" class=\"wp-image-1879 size-full\" srcset=\"https:\/\/pedagogie.ac-lille.fr\/metiers-btp\/wp-content\/uploads\/sites\/5\/2022\/06\/cana-1.jpg 441w, https:\/\/pedagogie.ac-lille.fr\/metiers-btp\/wp-content\/uploads\/sites\/5\/2022\/06\/cana-1-211x300.jpg 211w\" sizes=\"auto, (max-width: 441px) 100vw, 441px\" \/><\/figure><div class=\"wp-block-media-text__content\">\n<p style=\"font-size:14px\"><\/p>\n\n\n\n<p style=\"font-size:14px\"><a href=\"http:\/\/cro-ce-medias.discipline.ac-lille.fr\/acces-restreint\/TRAVAUX_REGLEMENTES\/Livret%20de%20s%C3%A9curit%C3%A9-2.pdf\" data-type=\"URL\" data-id=\"http:\/\/cro-ce-medias.discipline.ac-lille.fr\/acces-restreint\/TRAVAUX_REGLEMENTES\/Livret%20de%20s%C3%A9curit%C3%A9-2.pdf\" target=\"_blank\" rel=\"noreferrer noopener\">Le d\u00e9couvrir<\/a><\/p>\n<\/div><\/div>\n\n\n\n<h4 class=\"wp-block-heading\"><strong> Monsieur BONVARLET Benjamin<\/strong> enseignant au LP F.Hennebique de Li\u00e9vin met \u00e0 disposition deux ressources sur la formation des apprenants \u00e0 la s\u00e9curit\u00e9.<\/h4>\n\n\n\n<div class=\"wp-block-media-text is-stacked-on-mobile\" style=\"grid-template-columns:22% auto\"><figure class=\"wp-block-media-text__media\"><img loading=\"lazy\" decoding=\"async\" width=\"1024\" height=\"719\" src=\"https:\/\/pedagogie.ac-lille.fr\/metiers-btp\/wp-content\/uploads\/sites\/5\/2023\/11\/risques-1024x719.png\" alt=\"\" class=\"wp-image-2725 size-full\" srcset=\"https:\/\/pedagogie.ac-lille.fr\/metiers-btp\/wp-content\/uploads\/sites\/5\/2023\/11\/risques-1024x719.png 1024w, https:\/\/pedagogie.ac-lille.fr\/metiers-btp\/wp-content\/uploads\/sites\/5\/2023\/11\/risques-300x211.png 300w, https:\/\/pedagogie.ac-lille.fr\/metiers-btp\/wp-content\/uploads\/sites\/5\/2023\/11\/risques-768x539.png 768w, https:\/\/pedagogie.ac-lille.fr\/metiers-btp\/wp-content\/uploads\/sites\/5\/2023\/11\/risques.png 1162w\" sizes=\"auto, (max-width: 1024px) 100vw, 1024px\" \/><\/figure><div class=\"wp-block-media-text__content\">\n<p><strong>Comp\u00e9tence vis\u00e9e<\/strong> : ex\u00e9cuter une t\u00e2che professionnelle en toute s\u00e9curit\u00e9.<\/p>\n\n\n\n<ul class=\"wp-block-list\">\n<li>comp\u00e9tence interm\u00e9diaire : identifier les risques professionnels<\/li>\n<\/ul>\n\n\n\n<p><a href=\"http:\/\/cro-ce-medias.discipline.ac-lille.fr\/acces-restreint\/TRAVAUX_REGLEMENTES\/Identifier%20les%20risques%20sur%20chantier.pdf\">D\u00e9couvrir la ressource.<\/a><\/p>\n<\/div><\/div>\n\n\n\n<div class=\"wp-block-media-text has-media-on-the-right is-stacked-on-mobile\" style=\"grid-template-columns:auto 25%\"><div class=\"wp-block-media-text__content\">\n<p><strong>Comp\u00e9tence vis\u00e9e<\/strong> : ex\u00e9cuter une t\u00e2che professionnelle en toute s\u00e9curit\u00e9<\/p>\n\n\n\n<ul class=\"wp-block-list\">\n<li>comp\u00e9tence interm\u00e9diaire : d\u00e9duire les EPC\/EPI associ\u00e9s \u00e0 un risque<\/li>\n<\/ul>\n\n\n\n<p><a href=\"http:\/\/cro-ce-medias.discipline.ac-lille.fr\/acces-restreint\/TRAVAUX_REGLEMENTES\/Choisir%20les%20EPC%20EPI%20adapt%C3%A9s%20%C3%A0%20une%20situation%20de%20travail.pdf\">D\u00e9couvrir la ressource.<\/a><\/p>\n<\/div><figure class=\"wp-block-media-text__media\"><img loading=\"lazy\" decoding=\"async\" width=\"832\" height=\"584\" src=\"https:\/\/pedagogie.ac-lille.fr\/metiers-btp\/wp-content\/uploads\/sites\/5\/2023\/11\/EPI.png\" alt=\"\" class=\"wp-image-2726 size-full\" srcset=\"https:\/\/pedagogie.ac-lille.fr\/metiers-btp\/wp-content\/uploads\/sites\/5\/2023\/11\/EPI.png 832w, https:\/\/pedagogie.ac-lille.fr\/metiers-btp\/wp-content\/uploads\/sites\/5\/2023\/11\/EPI-300x211.png 300w, https:\/\/pedagogie.ac-lille.fr\/metiers-btp\/wp-content\/uploads\/sites\/5\/2023\/11\/EPI-768x539.png 768w\" sizes=\"auto, (max-width: 832px) 100vw, 832px\" \/><\/figure><\/div>\n\n\n\n<h5 class=\"wp-block-heading\">Monsieur RICQ S\u00e9bastien enseignant au LP F.Tristan de Lillers met \u00e0 disposition trois ressources extraites des documents produits relatifs \u00e0 la formation et l&rsquo;\u00e9valuation des apprenants: la fiche 1b) du livret s\u00e9curit\u00e9 et son questionnaire d&rsquo;\u00e9valuation associ\u00e9, la fiche Instruction Permanente de S\u00e9curit\u00e9 pour la mise en \u0153uvre de l&rsquo;aiguille vibrante et son \u00e9valuation.<\/h5>\n\n\n\n<div class=\"wp-block-media-text is-stacked-on-mobile\" style=\"grid-template-columns:20% auto\"><figure class=\"wp-block-media-text__media\"><img loading=\"lazy\" decoding=\"async\" width=\"823\" height=\"577\" src=\"https:\/\/pedagogie.ac-lille.fr\/metiers-btp\/wp-content\/uploads\/sites\/5\/2024\/02\/PLAN.png\" alt=\"\" class=\"wp-image-2895 size-full\" srcset=\"https:\/\/pedagogie.ac-lille.fr\/metiers-btp\/wp-content\/uploads\/sites\/5\/2024\/02\/PLAN.png 823w, https:\/\/pedagogie.ac-lille.fr\/metiers-btp\/wp-content\/uploads\/sites\/5\/2024\/02\/PLAN-300x210.png 300w, https:\/\/pedagogie.ac-lille.fr\/metiers-btp\/wp-content\/uploads\/sites\/5\/2024\/02\/PLAN-768x538.png 768w\" sizes=\"auto, (max-width: 823px) 100vw, 823px\" \/><\/figure><div class=\"wp-block-media-text__content\">\n<p>D\u00e9couvrir <a href=\"http:\/\/cro-ce-medias.discipline.ac-lille.fr\/acces-restreint\/TRAVAUX_REGLEMENTES\/Livret%20de%20s%C3%A9curit%C3%A9%20LP%20FLORA%20TRISTAN%20%28partie%201%29%281%29-4.pdf\">la fiche 1\/b.<\/a><\/p>\n<\/div><\/div>\n\n\n\n<div class=\"wp-block-media-text is-stacked-on-mobile\" style=\"grid-template-columns:18% auto\"><figure class=\"wp-block-media-text__media\"><img loading=\"lazy\" decoding=\"async\" width=\"574\" height=\"790\" src=\"https:\/\/pedagogie.ac-lille.fr\/metiers-btp\/wp-content\/uploads\/sites\/5\/2024\/02\/ips.png\" alt=\"\" class=\"wp-image-2896 size-full\" srcset=\"https:\/\/pedagogie.ac-lille.fr\/metiers-btp\/wp-content\/uploads\/sites\/5\/2024\/02\/ips.png 574w, https:\/\/pedagogie.ac-lille.fr\/metiers-btp\/wp-content\/uploads\/sites\/5\/2024\/02\/ips-218x300.png 218w\" sizes=\"auto, (max-width: 574px) 100vw, 574px\" \/><\/figure><div class=\"wp-block-media-text__content\">\n<p>D\u00e9couvrir <a href=\"http:\/\/cro-ce-medias.discipline.ac-lille.fr\/acces-restreint\/TRAVAUX_REGLEMENTES\/ips_aiguille.pdf\">la fiche d&rsquo;Instruction Permanente de S\u00e9curit\u00e9<\/a>.<\/p>\n<\/div><\/div>\n\n\n\n<div class=\"wp-block-media-text is-stacked-on-mobile\" style=\"grid-template-columns:17% auto\"><figure class=\"wp-block-media-text__media\"><img loading=\"lazy\" decoding=\"async\" width=\"488\" height=\"605\" src=\"https:\/\/pedagogie.ac-lille.fr\/metiers-btp\/wp-content\/uploads\/sites\/5\/2024\/02\/eval.png\" alt=\"\" class=\"wp-image-2897 size-full\" srcset=\"https:\/\/pedagogie.ac-lille.fr\/metiers-btp\/wp-content\/uploads\/sites\/5\/2024\/02\/eval.png 488w, https:\/\/pedagogie.ac-lille.fr\/metiers-btp\/wp-content\/uploads\/sites\/5\/2024\/02\/eval-242x300.png 242w\" sizes=\"auto, (max-width: 488px) 100vw, 488px\" \/><\/figure><div class=\"wp-block-media-text__content\">\n<p>D\u00e9couvrir l<a href=\"http:\/\/cro-ce-medias.discipline.ac-lille.fr\/acces-restreint\/TRAVAUX_REGLEMENTES\/QCM%20aiguille.pdf\">&lsquo;\u00e9valuation associ\u00e9e \u00e0 la fiche d&rsquo;Instruction Permanente de S\u00e9curit\u00e9.<\/a><\/p>\n<\/div><\/div>\n\n\n\n<p class=\"has-text-align-center\"><strong>Un grand MERCI<\/strong> \u00e0 tous<\/p>\n","protected":false},"excerpt":{"rendered":"<p>Un grand MERCI au groupe de travail acad\u00e9mique. L&rsquo;investissement collectif a permis l&rsquo;\u00e9laboration d&rsquo;un livret de suivi de la formation et de l&rsquo;\u00e9valuation \u00e0 la s\u00e9curit\u00e9. Livret de suivi de la formation et de l&rsquo;\u00e9valuation \u00e0 la s\u00e9curit\u00e9 Mise \u00e0 jour du livret s\u00e9curit\u00e9 &#8211; Janvier 2023 Modification apport\u00e9e \u00e0 la fiche n\u00b02 : cr\u00e9ation [&hellip;]<\/p>\n","protected":false},"author":13,"featured_media":0,"parent":0,"menu_order":0,"comment_status":"closed","ping_status":"closed","template":"","meta":{"ngg_post_thumbnail":0,"footnotes":""},"class_list":["post-1846","page","type-page","status-publish","czr-hentry"],"publishpress_future_action":{"enabled":false,"date":"2026-04-28 20:10:29","action":"change-status","newStatus":"draft","terms":[],"taxonomy":"","extraData":[]},"publishpress_future_workflow_manual_trigger":{"enabledWorkflows":[]},"_links":{"self":[{"href":"https:\/\/pedagogie.ac-lille.fr\/metiers-btp\/wp-json\/wp\/v2\/pages\/1846","targetHints":{"allow":["GET"]}}],"collection":[{"href":"https:\/\/pedagogie.ac-lille.fr\/metiers-btp\/wp-json\/wp\/v2\/pages"}],"about":[{"href":"https:\/\/pedagogie.ac-lille.fr\/metiers-btp\/wp-json\/wp\/v2\/types\/page"}],"author":[{"embeddable":true,"href":"https:\/\/pedagogie.ac-lille.fr\/metiers-btp\/wp-json\/wp\/v2\/users\/13"}],"replies":[{"embeddable":true,"href":"https:\/\/pedagogie.ac-lille.fr\/metiers-btp\/wp-json\/wp\/v2\/comments?post=1846"}],"version-history":[{"count":57,"href":"https:\/\/pedagogie.ac-lille.fr\/metiers-btp\/wp-json\/wp\/v2\/pages\/1846\/revisions"}],"predecessor-version":[{"id":2908,"href":"https:\/\/pedagogie.ac-lille.fr\/metiers-btp\/wp-json\/wp\/v2\/pages\/1846\/revisions\/2908"}],"wp:attachment":[{"href":"https:\/\/pedagogie.ac-lille.fr\/metiers-btp\/wp-json\/wp\/v2\/media?parent=1846"}],"curies":[{"name":"wp","href":"https:\/\/api.w.org\/{rel}","templated":true}]}}