{"id":2825,"date":"2023-12-19T16:54:17","date_gmt":"2023-12-19T15:54:17","guid":{"rendered":"https:\/\/pedagogie.ac-lille.fr\/metiers-btp\/?page_id=2825"},"modified":"2023-12-20T10:13:16","modified_gmt":"2023-12-20T09:13:16","slug":"ressources-maquettes-numeriques-modele-bim","status":"publish","type":"page","link":"https:\/\/pedagogie.ac-lille.fr\/metiers-btp\/ressources-maquettes-numeriques-modele-bim\/","title":{"rendered":"Ressources maquettes num\u00e9riques (mod\u00e8le BIM)"},"content":{"rendered":"\n<p>Les maquettes num\u00e9riques mises \u00e0 disposition ci-apr\u00e8s ont \u00e9t\u00e9 produites dans le cadre soit de la mutualisation lors des journ\u00e9es de formation du Plan Acad\u00e9mique de Formation ou de contribution personnelle d&rsquo;enseignants.<\/p>\n\n\n\n<div class=\"wp-block-media-text is-stacked-on-mobile\" style=\"grid-template-columns:38% auto\"><figure class=\"wp-block-media-text__media\"><img loading=\"lazy\" decoding=\"async\" width=\"691\" height=\"451\" src=\"https:\/\/pedagogie.ac-lille.fr\/metiers-btp\/wp-content\/uploads\/sites\/5\/2023\/12\/structure.png\" alt=\"\" class=\"wp-image-2826 size-full\" srcset=\"https:\/\/pedagogie.ac-lille.fr\/metiers-btp\/wp-content\/uploads\/sites\/5\/2023\/12\/structure.png 691w, https:\/\/pedagogie.ac-lille.fr\/metiers-btp\/wp-content\/uploads\/sites\/5\/2023\/12\/structure-300x196.png 300w\" sizes=\"auto, (max-width: 691px) 100vw, 691px\" \/><\/figure><div class=\"wp-block-media-text__content\">\n<p>Projet \u00ab\u00a0Seconde BAC PRO Famille des m\u00e9tiers de la construction durable, du b\u00e2timent et des travaux publics\u00a0\u00bb &#8211; structure du logement des sportifs &#8211; <\/p>\n\n\n\n<p>Auteur  : Monsieur ENGRAND Guillaume               LP N.Niemen de CALAIS &#8211; formateur BIM<\/p>\n\n\n\n<p>D\u00e9couvrir la maquette <a href=\"http:\/\/cro-ce-medias.discipline.ac-lille.fr\/acces-restreint\/BIM\/MUTUALISATION\/maquette%20brute-1.BVF\">\u00ab\u00a0fichier .IFC\u00a0\u00bb<\/a>.<\/p>\n<\/div><\/div>\n\n\n\n<div class=\"wp-block-media-text is-stacked-on-mobile\" style=\"grid-template-columns:38% auto\"><figure class=\"wp-block-media-text__media\"><img loading=\"lazy\" decoding=\"async\" width=\"636\" height=\"417\" src=\"https:\/\/pedagogie.ac-lille.fr\/metiers-btp\/wp-content\/uploads\/sites\/5\/2023\/12\/module-4-logements.png\" alt=\"\" class=\"wp-image-2827 size-full\" srcset=\"https:\/\/pedagogie.ac-lille.fr\/metiers-btp\/wp-content\/uploads\/sites\/5\/2023\/12\/module-4-logements.png 636w, https:\/\/pedagogie.ac-lille.fr\/metiers-btp\/wp-content\/uploads\/sites\/5\/2023\/12\/module-4-logements-300x197.png 300w\" sizes=\"auto, (max-width: 636px) 100vw, 636px\" \/><\/figure><div class=\"wp-block-media-text__content\">\n<p>Projet \u00ab\u00a0Seconde BAC PRO Famille des m\u00e9tiers de la construction durable, du b\u00e2timent et des travaux publics\u00a0\u00bb &#8211; module de 4 logements <\/p>\n\n\n\n<p>Auteur  : Monsieur ENGRAND Guillaume             LP N.Niemen de CALAIS &#8211; formateur BIM<\/p>\n\n\n\n<p>D\u00e9couvrir la maquette <a href=\"http:\/\/cro-ce-medias.discipline.ac-lille.fr\/acces-restreint\/BIM\/MUTUALISATION\/Maquette%20quatre%20modules.ifc\">\u00ab\u00a0fichier .IFC\u00a0\u00bb<\/a> et <a href=\"http:\/\/cro-ce-medias.discipline.ac-lille.fr\/acces-restreint\/BIM\/MUTUALISATION\/Maquette%20quatre%20modules.rvt\">\u00ab\u00a0fichier .RVT\u00a0\u00bb<\/a>.<\/p>\n<\/div><\/div>\n","protected":false},"excerpt":{"rendered":"<p>Les maquettes num\u00e9riques mises \u00e0 disposition ci-apr\u00e8s ont \u00e9t\u00e9 produites dans le cadre soit de la mutualisation lors des journ\u00e9es de formation du Plan Acad\u00e9mique de Formation ou de contribution personnelle d&rsquo;enseignants. Projet \u00ab\u00a0Seconde BAC PRO Famille des m\u00e9tiers de la construction durable, du b\u00e2timent et des travaux publics\u00a0\u00bb &#8211; structure du logement des sportifs [&hellip;]<\/p>\n","protected":false},"author":13,"featured_media":0,"parent":0,"menu_order":0,"comment_status":"closed","ping_status":"closed","template":"","meta":{"ngg_post_thumbnail":0,"footnotes":""},"class_list":["post-2825","page","type-page","status-publish","czr-hentry"],"publishpress_future_action":{"enabled":false,"date":"2026-04-28 20:10:29","action":"change-status","newStatus":"draft","terms":[],"taxonomy":"","extraData":[]},"publishpress_future_workflow_manual_trigger":{"enabledWorkflows":[]},"_links":{"self":[{"href":"https:\/\/pedagogie.ac-lille.fr\/metiers-btp\/wp-json\/wp\/v2\/pages\/2825","targetHints":{"allow":["GET"]}}],"collection":[{"href":"https:\/\/pedagogie.ac-lille.fr\/metiers-btp\/wp-json\/wp\/v2\/pages"}],"about":[{"href":"https:\/\/pedagogie.ac-lille.fr\/metiers-btp\/wp-json\/wp\/v2\/types\/page"}],"author":[{"embeddable":true,"href":"https:\/\/pedagogie.ac-lille.fr\/metiers-btp\/wp-json\/wp\/v2\/users\/13"}],"replies":[{"embeddable":true,"href":"https:\/\/pedagogie.ac-lille.fr\/metiers-btp\/wp-json\/wp\/v2\/comments?post=2825"}],"version-history":[{"count":5,"href":"https:\/\/pedagogie.ac-lille.fr\/metiers-btp\/wp-json\/wp\/v2\/pages\/2825\/revisions"}],"predecessor-version":[{"id":2834,"href":"https:\/\/pedagogie.ac-lille.fr\/metiers-btp\/wp-json\/wp\/v2\/pages\/2825\/revisions\/2834"}],"wp:attachment":[{"href":"https:\/\/pedagogie.ac-lille.fr\/metiers-btp\/wp-json\/wp\/v2\/media?parent=2825"}],"curies":[{"name":"wp","href":"https:\/\/api.w.org\/{rel}","templated":true}]}}