{"id":3036,"date":"2024-06-27T16:32:05","date_gmt":"2024-06-27T14:32:05","guid":{"rendered":"https:\/\/pedagogie.ac-lille.fr\/metiers-btp\/?page_id=3036"},"modified":"2024-06-27T20:27:36","modified_gmt":"2024-06-27T18:27:36","slug":"les-options","status":"publish","type":"page","link":"https:\/\/pedagogie.ac-lille.fr\/metiers-btp\/les-options\/","title":{"rendered":"Les options"},"content":{"rendered":"\n<p>Cadre r\u00e9glementaire<\/p>\n\n\n\n<ul class=\"wp-block-list\">\n<li>https:\/\/eduscol.education.fr\/document\/51338\/download<\/li>\n<\/ul>\n\n\n\n<p><strong>Mesure 3 : permettre aux \u00e9l\u00e8ves de choisir une option<\/strong><\/p>\n\n\n\n<ul class=\"wp-block-list\">\n<li>Rentr\u00e9e scolaire 2023 : application dans les lyc\u00e9es professionnels volontaires<\/li>\n\n\n\n<li>Rentr\u00e9e scolaire 2024 : application dans tous les lyc\u00e9es professionnels<\/li>\n<\/ul>\n\n\n\n<p>Depuis la rentr\u00e9e 2023 dans les lyc\u00e9es professionnels volontaires, et \u00e0 la rentr\u00e9e 2024 dans tous les lyc\u00e9es professionnels, les \u00e9l\u00e8ves de la voie professionnelle pourront choisir des mati\u00e8res optionnelles, propos\u00e9es par les professeurs volontaires, par les associations et entreprises partenaires des lyc\u00e9es, par le Centre national d&rsquo;enseignement \u00e0 distance (CNED). <\/p>\n\n\n\n<p>Dans le cadre du Pacte (part fonctionnelle de 24 h), une offre, construite en fonction des projets de l\u2019\u00e9tablissement, des ressources internes et des partenariats, peut s\u2019organiser sous la forme de <strong>cours ou d\u2019ateliers artistiques (spectacle vivant ou arts visuels), d\u2019\u00e9criture ou d\u2019\u00e9loquence, de cr\u00e9ation num\u00e9rique, de codage, de pratique d\u2019une langue \u00e9trang\u00e8re et d\u2019entrepreneuriat<\/strong>. Une <strong>coloration<\/strong> du dipl\u00f4me peut \u00e9galement \u00eatre propos\u00e9e.<br>Les \u00e9l\u00e8ves peuvent choisir de suivre une \u00e0 deux activit\u00e9s optionnelles au maximum, dont l\u2019horaire vient s\u2019ajouter \u00e0 leur emploi du temps. Pas de programme et d\u2019\u00e9valuation \u00e0 l\u2019examen.<\/p>\n\n\n\n<p>Deux exp\u00e9rimentations ont \u00e9t\u00e9 men\u00e9es sur le territoire de l&rsquo;acad\u00e9mie de Lille.<\/p>\n\n\n\n<ol class=\"wp-block-list\">\n<li><strong>LP L.Bl\u00e9riot de Cambrai et LP F.Mansart de Marly &#8211;<\/strong> <strong>option \u00ab\u00a0imprimante 3D b\u00e9ton\u00a0\u00bb<\/strong><\/li>\n<\/ol>\n\n\n\n<div class=\"wp-block-media-text is-stacked-on-mobile\" style=\"grid-template-columns:23% auto\"><figure class=\"wp-block-media-text__media\"><img loading=\"lazy\" decoding=\"async\" width=\"673\" height=\"468\" src=\"https:\/\/pedagogie.ac-lille.fr\/metiers-btp\/wp-content\/uploads\/sites\/5\/2024\/06\/3D-3.png\" alt=\"\" class=\"wp-image-3049 size-full\" srcset=\"https:\/\/pedagogie.ac-lille.fr\/metiers-btp\/wp-content\/uploads\/sites\/5\/2024\/06\/3D-3.png 673w, https:\/\/pedagogie.ac-lille.fr\/metiers-btp\/wp-content\/uploads\/sites\/5\/2024\/06\/3D-3-300x209.png 300w\" sizes=\"auto, (max-width: 673px) 100vw, 673px\" \/><\/figure><div class=\"wp-block-media-text__content\">\n<p><a href=\"http:\/\/cro-ce-medias.discipline.ac-lille.fr\/acces-restreint\/OPTIONS\/A3_OPTION_imprimante_3D_beton_final.pdf\">D\u00e9couvrir le contenu de l&rsquo;option.<\/a><\/p>\n<\/div><\/div>\n\n\n\n<p><strong>2) LP F.Hennebique de Li\u00e9vin<\/strong> <strong>&#8211; option \u00ab\u00a0maquette\u00a0\u00bb<\/strong><\/p>\n\n\n\n<div class=\"wp-block-media-text is-stacked-on-mobile\" style=\"grid-template-columns:23% auto\"><figure class=\"wp-block-media-text__media\"><img loading=\"lazy\" decoding=\"async\" width=\"673\" height=\"468\" src=\"https:\/\/pedagogie.ac-lille.fr\/metiers-btp\/wp-content\/uploads\/sites\/5\/2024\/06\/maquette-2.png\" alt=\"\" class=\"wp-image-3052 size-full\" srcset=\"https:\/\/pedagogie.ac-lille.fr\/metiers-btp\/wp-content\/uploads\/sites\/5\/2024\/06\/maquette-2.png 673w, https:\/\/pedagogie.ac-lille.fr\/metiers-btp\/wp-content\/uploads\/sites\/5\/2024\/06\/maquette-2-300x209.png 300w\" sizes=\"auto, (max-width: 673px) 100vw, 673px\" \/><\/figure><div class=\"wp-block-media-text__content\">\n<p><a href=\"http:\/\/cro-ce-medias.discipline.ac-lille.fr\/acces-restreint\/OPTIONS\/A3_OPTION_maquette_final.pdf\">D\u00e9couvrir le contenu de l&rsquo;option.<\/a><\/p>\n<\/div><\/div>\n\n\n\n<p>Bravo aux \u00e9quipes d&rsquo;\u00e9l\u00e8ves volontaires pour leur parcours remarquable. Un grand merci aux \u00e9quipes enseignantes pour l&rsquo;accompagnement men\u00e9.<\/p>\n\n\n\n<p><\/p>\n","protected":false},"excerpt":{"rendered":"<p>Cadre r\u00e9glementaire Mesure 3 : permettre aux \u00e9l\u00e8ves de choisir une option Depuis la rentr\u00e9e 2023 dans les lyc\u00e9es professionnels volontaires, et \u00e0 la rentr\u00e9e 2024 dans tous les lyc\u00e9es professionnels, les \u00e9l\u00e8ves de la voie professionnelle pourront choisir des mati\u00e8res optionnelles, propos\u00e9es par les professeurs volontaires, par les associations et entreprises partenaires des lyc\u00e9es, [&hellip;]<\/p>\n","protected":false},"author":13,"featured_media":0,"parent":0,"menu_order":0,"comment_status":"closed","ping_status":"closed","template":"","meta":{"ngg_post_thumbnail":0,"footnotes":""},"class_list":["post-3036","page","type-page","status-publish","czr-hentry"],"publishpress_future_action":{"enabled":false,"date":"2026-04-28 20:10:20","action":"change-status","newStatus":"draft","terms":[],"taxonomy":"","extraData":[]},"publishpress_future_workflow_manual_trigger":{"enabledWorkflows":[]},"_links":{"self":[{"href":"https:\/\/pedagogie.ac-lille.fr\/metiers-btp\/wp-json\/wp\/v2\/pages\/3036","targetHints":{"allow":["GET"]}}],"collection":[{"href":"https:\/\/pedagogie.ac-lille.fr\/metiers-btp\/wp-json\/wp\/v2\/pages"}],"about":[{"href":"https:\/\/pedagogie.ac-lille.fr\/metiers-btp\/wp-json\/wp\/v2\/types\/page"}],"author":[{"embeddable":true,"href":"https:\/\/pedagogie.ac-lille.fr\/metiers-btp\/wp-json\/wp\/v2\/users\/13"}],"replies":[{"embeddable":true,"href":"https:\/\/pedagogie.ac-lille.fr\/metiers-btp\/wp-json\/wp\/v2\/comments?post=3036"}],"version-history":[{"count":7,"href":"https:\/\/pedagogie.ac-lille.fr\/metiers-btp\/wp-json\/wp\/v2\/pages\/3036\/revisions"}],"predecessor-version":[{"id":3089,"href":"https:\/\/pedagogie.ac-lille.fr\/metiers-btp\/wp-json\/wp\/v2\/pages\/3036\/revisions\/3089"}],"wp:attachment":[{"href":"https:\/\/pedagogie.ac-lille.fr\/metiers-btp\/wp-json\/wp\/v2\/media?parent=3036"}],"curies":[{"name":"wp","href":"https:\/\/api.w.org\/{rel}","templated":true}]}}