{"id":3293,"date":"2024-09-21T19:16:21","date_gmt":"2024-09-21T17:16:21","guid":{"rendered":"https:\/\/pedagogie.ac-lille.fr\/metiers-btp\/?page_id=3293"},"modified":"2024-09-21T19:24:15","modified_gmt":"2024-09-21T17:24:15","slug":"guides-daccueil-accompagnement-sur-le-volet-administratif-des-professeurs-stagiaires-contractuels-nouvellement-recrutes-et-professeurs-titulaires","status":"publish","type":"page","link":"https:\/\/pedagogie.ac-lille.fr\/metiers-btp\/guides-daccueil-accompagnement-sur-le-volet-administratif-des-professeurs-stagiaires-contractuels-nouvellement-recrutes-et-professeurs-titulaires\/","title":{"rendered":"Guides d&rsquo;accueil"},"content":{"rendered":"\n<p>Accompagnement sur le volet administratif  des professeurs stagiaires, contractuels nouvellement recrut\u00e9s et professeurs titulaires<\/p>\n\n\n\n<p>Tout d&rsquo;abord, toutes mes f\u00e9licitations aux professeurs stagiaires laur\u00e9ats de concours, bienvenue dans l&rsquo;acad\u00e9mie de Lille aux professeurs nouvellement nomm\u00e9s dans notre acad\u00e9mie et bienvenue aux professeurs contractuels nouvellement recrut\u00e9s.<\/p>\n\n\n\n<p>Un grand MERCI aux tuteurs des professeurs stagiaires et \u00e0 chacun des membres des \u00e9quipes p\u00e9dagogiques pour tout le soutien et l&rsquo;aide apport\u00e9s aux nouveaux coll\u00e8gues.<\/p>\n\n\n\n<p>Il est \u00e0 trouver ci-apr\u00e8s un certain nombre de ressources administratives produites par le Rectorat et l&rsquo;EAFC de Lille afin d&rsquo;accompagner au mieux non seulement la prise de fonction mais aussi tout au long de l&rsquo;ann\u00e9e scolaire que l&rsquo;on soit professeur stagiaire, contractuel ou titulaire :<\/p>\n\n\n\n<div class=\"wp-block-media-text is-stacked-on-mobile\" style=\"grid-template-columns:18% auto\"><figure class=\"wp-block-media-text__media\"><img loading=\"lazy\" decoding=\"async\" width=\"571\" height=\"784\" src=\"https:\/\/pedagogie.ac-lille.fr\/metiers-btp\/wp-content\/uploads\/sites\/5\/2024\/09\/guidetitulaire.jpg\" alt=\"\" class=\"wp-image-3295 size-full\" srcset=\"https:\/\/pedagogie.ac-lille.fr\/metiers-btp\/wp-content\/uploads\/sites\/5\/2024\/09\/guidetitulaire.jpg 571w, https:\/\/pedagogie.ac-lille.fr\/metiers-btp\/wp-content\/uploads\/sites\/5\/2024\/09\/guidetitulaire-218x300.jpg 218w\" sizes=\"auto, (max-width: 571px) 100vw, 571px\" \/><\/figure><div class=\"wp-block-media-text__content\">\n<p>Guide d&rsquo;accueil des personnels titulaires<\/p>\n\n\n\n<p><a href=\"https:\/\/cro-ce-medias.discipline.ac-lille.fr\/acces-restreint\/GUIDES\/Guide%20d%27accueil%20des%20personnels%20titulaires.pdf\">En savoir plus<\/a><\/p>\n<\/div><\/div>\n\n\n\n<div class=\"wp-block-media-text is-stacked-on-mobile\" style=\"grid-template-columns:18% auto\"><figure class=\"wp-block-media-text__media\"><img loading=\"lazy\" decoding=\"async\" width=\"403\" height=\"568\" src=\"https:\/\/pedagogie.ac-lille.fr\/metiers-btp\/wp-content\/uploads\/sites\/5\/2024\/09\/CTEN.jpg\" alt=\"\" class=\"wp-image-3296 size-full\" srcset=\"https:\/\/pedagogie.ac-lille.fr\/metiers-btp\/wp-content\/uploads\/sites\/5\/2024\/09\/CTEN.jpg 403w, https:\/\/pedagogie.ac-lille.fr\/metiers-btp\/wp-content\/uploads\/sites\/5\/2024\/09\/CTEN-213x300.jpg 213w\" sizes=\"auto, (max-width: 403px) 100vw, 403px\" \/><\/figure><div class=\"wp-block-media-text__content\">\n<p>MEMENTO administratif de l&rsquo;agent contractuel<\/p>\n\n\n\n<p><a href=\"https:\/\/cro-ce-medias.discipline.ac-lille.fr\/acces-restreint\/GUIDES\/memento%20administratif%202024%20contractuel%20enseignant.pdf\">En savoir plus<\/a><\/p>\n<\/div><\/div>\n\n\n\n<div class=\"wp-block-media-text is-stacked-on-mobile\" style=\"grid-template-columns:19% auto\"><figure class=\"wp-block-media-text__media\"><img loading=\"lazy\" decoding=\"async\" width=\"577\" height=\"787\" src=\"https:\/\/pedagogie.ac-lille.fr\/metiers-btp\/wp-content\/uploads\/sites\/5\/2024\/09\/stagiaire.jpg\" alt=\"\" class=\"wp-image-3300 size-full\" srcset=\"https:\/\/pedagogie.ac-lille.fr\/metiers-btp\/wp-content\/uploads\/sites\/5\/2024\/09\/stagiaire.jpg 577w, https:\/\/pedagogie.ac-lille.fr\/metiers-btp\/wp-content\/uploads\/sites\/5\/2024\/09\/stagiaire-220x300.jpg 220w\" sizes=\"auto, (max-width: 577px) 100vw, 577px\" \/><\/figure><div class=\"wp-block-media-text__content\">\n<p>Guide des professeurs stagiaires<\/p>\n\n\n\n<p><a href=\"https:\/\/cro-ce-medias.discipline.ac-lille.fr\/acces-restreint\/GUIDES\/guide_stagiaire.pdf\">En savoir plus<\/a><\/p>\n<\/div><\/div>\n","protected":false},"excerpt":{"rendered":"<p>Accompagnement sur le volet administratif des professeurs stagiaires, contractuels nouvellement recrut\u00e9s et professeurs titulaires Tout d&rsquo;abord, toutes mes f\u00e9licitations aux professeurs stagiaires laur\u00e9ats de concours, bienvenue dans l&rsquo;acad\u00e9mie de Lille aux professeurs nouvellement nomm\u00e9s dans notre acad\u00e9mie et bienvenue aux professeurs contractuels nouvellement recrut\u00e9s. Un grand MERCI aux tuteurs des professeurs stagiaires et \u00e0 chacun [&hellip;]<\/p>\n","protected":false},"author":13,"featured_media":0,"parent":0,"menu_order":0,"comment_status":"closed","ping_status":"closed","template":"","meta":{"ngg_post_thumbnail":0,"footnotes":""},"class_list":["post-3293","page","type-page","status-publish","czr-hentry"],"publishpress_future_action":{"enabled":false,"date":"2026-04-28 21:46:43","action":"change-status","newStatus":"draft","terms":[],"taxonomy":"","extraData":[]},"publishpress_future_workflow_manual_trigger":{"enabledWorkflows":[]},"_links":{"self":[{"href":"https:\/\/pedagogie.ac-lille.fr\/metiers-btp\/wp-json\/wp\/v2\/pages\/3293","targetHints":{"allow":["GET"]}}],"collection":[{"href":"https:\/\/pedagogie.ac-lille.fr\/metiers-btp\/wp-json\/wp\/v2\/pages"}],"about":[{"href":"https:\/\/pedagogie.ac-lille.fr\/metiers-btp\/wp-json\/wp\/v2\/types\/page"}],"author":[{"embeddable":true,"href":"https:\/\/pedagogie.ac-lille.fr\/metiers-btp\/wp-json\/wp\/v2\/users\/13"}],"replies":[{"embeddable":true,"href":"https:\/\/pedagogie.ac-lille.fr\/metiers-btp\/wp-json\/wp\/v2\/comments?post=3293"}],"version-history":[{"count":16,"href":"https:\/\/pedagogie.ac-lille.fr\/metiers-btp\/wp-json\/wp\/v2\/pages\/3293\/revisions"}],"predecessor-version":[{"id":3317,"href":"https:\/\/pedagogie.ac-lille.fr\/metiers-btp\/wp-json\/wp\/v2\/pages\/3293\/revisions\/3317"}],"wp:attachment":[{"href":"https:\/\/pedagogie.ac-lille.fr\/metiers-btp\/wp-json\/wp\/v2\/media?parent=3293"}],"curies":[{"name":"wp","href":"https:\/\/api.w.org\/{rel}","templated":true}]}}