{"id":3490,"date":"2026-01-19T08:10:37","date_gmt":"2026-01-19T07:10:37","guid":{"rendered":"https:\/\/pedagogie.ac-lille.fr\/metiers-btp\/?page_id=3490"},"modified":"2026-01-19T08:18:35","modified_gmt":"2026-01-19T07:18:35","slug":"soutien-au-parcours","status":"publish","type":"page","link":"https:\/\/pedagogie.ac-lille.fr\/metiers-btp\/soutien-au-parcours\/","title":{"rendered":"Soutien au Parcours"},"content":{"rendered":"\n<p><strong>Le soutien au parcours d\u00e9signe la d\u00e9marche d\u2019accompagnement qui permet de s\u00e9curiser le parcours de l\u2019\u00e9l\u00e8ve et affiner son&nbsp; projet scolaire puis professionnel. Trois objectifs p\u00e9dagogiques sont vis\u00e9s&nbsp;:<\/strong><\/p>\n\n\n\n<p>1.D\u00e9couverte de la diversit\u00e9 du monde \u00e9conomique et professionnel ainsi que des perspectives d\u2019insertion.<\/p>\n\n\n\n<p>2.\u00c9laboration du projet d\u2019orientation scolaire et professionnelle de l\u2019\u00e9l\u00e8ve.<\/p>\n\n\n\n<p>3.Connaissance des formations de l\u2019enseignement sup\u00e9rieur.<\/p>\n\n\n\n<p>Ci-apr\u00e8s un document synth\u00e8se relatif \u00e0 la mise en \u0153uvre du soutien au parcours :<\/p>\n\n\n\n<div class=\"wp-block-media-text is-stacked-on-mobile\" style=\"grid-template-columns:23% auto\"><figure class=\"wp-block-media-text__media\"><img loading=\"lazy\" decoding=\"async\" width=\"887\" height=\"623\" src=\"https:\/\/pedagogie.ac-lille.fr\/metiers-btp\/wp-content\/uploads\/sites\/5\/2026\/01\/flyer.jpg\" alt=\"\" class=\"wp-image-3491 size-full\" srcset=\"https:\/\/pedagogie.ac-lille.fr\/metiers-btp\/wp-content\/uploads\/sites\/5\/2026\/01\/flyer.jpg 887w, https:\/\/pedagogie.ac-lille.fr\/metiers-btp\/wp-content\/uploads\/sites\/5\/2026\/01\/flyer-300x211.jpg 300w, https:\/\/pedagogie.ac-lille.fr\/metiers-btp\/wp-content\/uploads\/sites\/5\/2026\/01\/flyer-768x539.jpg 768w\" sizes=\"auto, (max-width: 887px) 100vw, 887px\" \/><\/figure><div class=\"wp-block-media-text__content\">\n<p><a href=\"https:\/\/cro-ce-medias.discipline.ac-lille.fr\/acces-restreint\/Soutienparcours\/A3FINAL_soutien_au_parcours.pdf\">Document synth\u00e8se \u00e0 d\u00e9couvrir<\/a><\/p>\n<\/div><\/div>\n\n\n\n<p><a href=\"https:\/\/pedagogie.ac-lille.fr\/metiers-btp\/soutien-au-parcours-ressources\/\">Liste non exhaustive de ressources \u00e0 mobiliser<\/a><\/p>\n\n\n\n<p><\/p>\n","protected":false},"excerpt":{"rendered":"<p>Le soutien au parcours d\u00e9signe la d\u00e9marche d\u2019accompagnement qui permet de s\u00e9curiser le parcours de l\u2019\u00e9l\u00e8ve et affiner son&nbsp; projet scolaire puis professionnel. Trois objectifs p\u00e9dagogiques sont vis\u00e9s&nbsp;: 1.D\u00e9couverte de la diversit\u00e9 du monde \u00e9conomique et professionnel ainsi que des perspectives d\u2019insertion. 2.\u00c9laboration du projet d\u2019orientation scolaire et professionnelle de l\u2019\u00e9l\u00e8ve. 3.Connaissance des formations de [&hellip;]<\/p>\n","protected":false},"author":13,"featured_media":0,"parent":0,"menu_order":0,"comment_status":"closed","ping_status":"closed","template":"","meta":{"ngg_post_thumbnail":0,"footnotes":""},"class_list":["post-3490","page","type-page","status-publish","czr-hentry"],"publishpress_future_action":{"enabled":false,"date":"2026-04-28 20:10:29","action":"change-status","newStatus":"draft","terms":[],"taxonomy":"","extraData":[]},"publishpress_future_workflow_manual_trigger":{"enabledWorkflows":[]},"_links":{"self":[{"href":"https:\/\/pedagogie.ac-lille.fr\/metiers-btp\/wp-json\/wp\/v2\/pages\/3490","targetHints":{"allow":["GET"]}}],"collection":[{"href":"https:\/\/pedagogie.ac-lille.fr\/metiers-btp\/wp-json\/wp\/v2\/pages"}],"about":[{"href":"https:\/\/pedagogie.ac-lille.fr\/metiers-btp\/wp-json\/wp\/v2\/types\/page"}],"author":[{"embeddable":true,"href":"https:\/\/pedagogie.ac-lille.fr\/metiers-btp\/wp-json\/wp\/v2\/users\/13"}],"replies":[{"embeddable":true,"href":"https:\/\/pedagogie.ac-lille.fr\/metiers-btp\/wp-json\/wp\/v2\/comments?post=3490"}],"version-history":[{"count":5,"href":"https:\/\/pedagogie.ac-lille.fr\/metiers-btp\/wp-json\/wp\/v2\/pages\/3490\/revisions"}],"predecessor-version":[{"id":3508,"href":"https:\/\/pedagogie.ac-lille.fr\/metiers-btp\/wp-json\/wp\/v2\/pages\/3490\/revisions\/3508"}],"wp:attachment":[{"href":"https:\/\/pedagogie.ac-lille.fr\/metiers-btp\/wp-json\/wp\/v2\/media?parent=3490"}],"curies":[{"name":"wp","href":"https:\/\/api.w.org\/{rel}","templated":true}]}}