{"id":724,"date":"2021-08-04T12:56:49","date_gmt":"2021-08-04T10:56:49","guid":{"rendered":"https:\/\/pedagogie.ac-lille.fr\/metiers-btp\/?page_id=724"},"modified":"2023-01-03T13:52:34","modified_gmt":"2023-01-03T12:52:34","slug":"autorisation-dintervention-a-proximite-des-reseaux","status":"publish","type":"page","link":"https:\/\/pedagogie.ac-lille.fr\/metiers-btp\/autorisation-dintervention-a-proximite-des-reseaux\/","title":{"rendered":"AIPR"},"content":{"rendered":"<div class=\"wp-block-image\">\n<figure class=\"aligncenter size-large is-resized\"><img loading=\"lazy\" decoding=\"async\" src=\"https:\/\/pedagogie.ac-lille.fr\/metiers-btp\/wp-content\/uploads\/sites\/5\/2021\/08\/titre.png\" alt=\"\" class=\"wp-image-729\" width=\"375\" height=\"143\" srcset=\"https:\/\/pedagogie.ac-lille.fr\/metiers-btp\/wp-content\/uploads\/sites\/5\/2021\/08\/titre.png 699w, https:\/\/pedagogie.ac-lille.fr\/metiers-btp\/wp-content\/uploads\/sites\/5\/2021\/08\/titre-300x115.png 300w\" sizes=\"auto, (max-width: 375px) 100vw, 375px\" \/><\/figure>\n<\/div>\n\n\n<p class=\"has-white-color has-black-background-color has-text-color has-background\" style=\"font-size:18px\">R\u00e9f\u00e9rences r\u00e9glementaires (liste non exhaustive)<\/p>\n\n\n\n<ul class=\"wp-block-list\">\n<li>Article R.554-31 du code de l\u2019environnement<\/li>\n<\/ul>\n\n\n\n<ul class=\"wp-block-list\">\n<li>Articles 20 \u00e0 22 et article 25 de l\u2019arr\u00eat\u00e9 du 15 f\u00e9vrier 2012 modifi\u00e9<\/li>\n<\/ul>\n\n\n\n<ul class=\"wp-block-list\">\n<li>Arr\u00eat\u00e9 du 15 d\u00e9cembre 2015 relatif au contr\u00f4le des comp\u00e9tences des personnes intervenant dans les travaux \u00e0 proximit\u00e9 des r\u00e9seaux et modifiant divers arr\u00eat\u00e9s relatifs \u00e0 l\u2019ex\u00e9cution de travaux \u00e0 proximit\u00e9 des r\u00e9seaux<\/li>\n<\/ul>\n\n\n\n<ul class=\"wp-block-list\">\n<li>Arr\u00eat\u00e9 du 29 octobre 2018 fixant la liste des certificats, dipl\u00f4mes et titres de qualification professionnelle d\u00e9livr\u00e9s par le minist\u00e8re de l\u2019agriculture et de l\u2019alimentation et permettant la d\u00e9livrance de l\u2019autorisation d\u2019intervention \u00e0 proximit\u00e9 des r\u00e9seaux pr\u00e9vue par l\u2019arr\u00eat\u00e9 du 15 f\u00e9vrier 2012 relatif \u00e0 l\u2019ex\u00e9cution de travaux \u00e0 proximit\u00e9 des certains ouvrages souterrains, a\u00e9riens ou subaquatiques de transport et de distribution.<\/li>\n<\/ul>\n\n\n\n<ul class=\"wp-block-list\">\n<li>Arr\u00eat\u00e9 du18 d\u00e9cembre 2018 fixant la liste des certificats, dipl\u00f4mes et titre de qualification professionnelle d\u00e9livr\u00e9s par le minist\u00e8re de l\u2019agriculture et de l\u2019alimentation et permettant la d\u00e9livrance de l\u2019autorisation d\u2019intervention \u00e0 proximit\u00e9 des r\u00e9seaux pr\u00e9vue par l\u2019arr\u00eat\u00e9 du 15 f\u00e9vrier 2012 relatif \u00e0 l\u2019ex\u00e9cution de travaux \u00e0 proximit\u00e9 de certains ouvrages souterrains, a\u00e9riens ou subaquatiques de transport et de distribution.<\/li>\n<\/ul>\n\n\n\n<ul class=\"wp-block-list\">\n<li>Arr\u00eat\u00e9 du 15 janvier 2019 relatif aux dipl\u00f4mes professionnels d\u00e9livr\u00e9s par le minist\u00e8re de l\u2019\u00e9ducation nationale et de la jeunesse et aux brevets de techniciens sup\u00e9rieurs permettant la d\u00e9livrance de l\u2019autorisation d\u2019intervention \u00e0 proximit\u00e9 des r\u00e9seaux (AIPR).<\/li>\n<\/ul>\n\n\n\n<ul class=\"wp-block-list\">\n<li>Arr\u00eat\u00e9 du 29 avril 2019 fixant la liste des dipl\u00f4mes et titres permettant la d\u00e9livrance de l&rsquo;autorisation d&rsquo;intervention \u00e0 proximit\u00e9 des r\u00e9seaux (AIPR).<\/li>\n<\/ul>\n\n\n\n<h2 class=\"has-white-color has-black-background-color has-text-color has-background wp-block-heading\" style=\"font-size:18px\">En quelques mots<\/h2>\n\n\n\n<div class=\"wp-block-media-text alignwide is-stacked-on-mobile\" style=\"grid-template-columns:34% auto\"><figure class=\"wp-block-media-text__media\"><img loading=\"lazy\" decoding=\"async\" width=\"484\" height=\"294\" src=\"https:\/\/pedagogie.ac-lille.fr\/metiers-btp\/wp-content\/uploads\/sites\/5\/2021\/08\/bonhomme.png\" alt=\"\" class=\"wp-image-792 size-full\" srcset=\"https:\/\/pedagogie.ac-lille.fr\/metiers-btp\/wp-content\/uploads\/sites\/5\/2021\/08\/bonhomme.png 484w, https:\/\/pedagogie.ac-lille.fr\/metiers-btp\/wp-content\/uploads\/sites\/5\/2021\/08\/bonhomme-300x182.png 300w\" sizes=\"auto, (max-width: 484px) 100vw, 484px\" \/><\/figure><div class=\"wp-block-media-text__content\">\n<p class=\"has-black-color has-light-green-cyan-background-color has-text-color has-background\"><strong>Qu\u2019est-ce que l\u2019AIPR ?<\/strong><\/p>\n\n\n\n<p style=\"font-size:14px\">C\u2019est l\u2019<strong>A<\/strong>utorisation d\u2019<strong>I<\/strong>ntervention \u00e0 <strong>P<\/strong>roximit\u00e9 des <strong>R<\/strong>\u00e9seaux : <strong>enterr\u00e9s;<\/strong> <strong>subaquatiques de transport et de distribution<\/strong> et <strong>a\u00e9riens.<\/strong><\/p>\n\n\n\n<p class=\"has-black-color has-light-green-cyan-background-color has-text-color has-background\"><strong>Pourquoi une formation sur les Autorisations&nbsp; d\u2019Intervention \u00e0 Proximit\u00e9 des <\/strong><strong>R\u00e9seaux<\/strong><strong> <\/strong><strong>?<\/strong><\/p>\n\n\n\n<p style=\"font-size:14px\">Afin d&rsquo;\u00e9viter les nombreux accidents graves provoqu\u00e9s par des explosions, des \u00e9lectrisations ou des \u00e9lectrocutions \u00e9lectriques, l\u2019AIPR est obligatoire depuis le 1<sup>er <\/sup>janvier 2018.<\/p>\n\n\n\n<p class=\"has-black-color has-light-green-cyan-background-color has-text-color has-background\"><strong>Pour qui ?<\/strong><\/p>\n\n\n\n<p style=\"font-size:14px\">Les ma\u00eetres d\u2019ouvrage publics et priv\u00e9s de travaux ainsi que leurs appuis en ma\u00eetrise d\u2019\u0153uvre et les entreprises de travaux. Il est largement d\u00e9montr\u00e9 que le renforcement des comp\u00e9tences est un facteur de r\u00e9duction des dommages aux r\u00e9seaux a\u00e9riens ou enterr\u00e9s. Ceux qui se sont investis dans ce domaine&nbsp;ont d\u00e9j\u00e0 obtenu des r\u00e9sultats tr\u00e8s significatifs, et ce mouvement doit se g\u00e9n\u00e9raliser.<\/p>\n<\/div><\/div>\n\n\n\n<h2 class=\"has-white-color has-black-background-color has-text-color has-background wp-block-heading\" style=\"font-size:18px\">Pour en savoir plus : ressources acad\u00e9miques<\/h2>\n\n\n\n<div class=\"wp-block-media-text alignwide is-stacked-on-mobile\" style=\"grid-template-columns:15% auto\"><figure class=\"wp-block-media-text__media\"><img loading=\"lazy\" decoding=\"async\" width=\"589\" height=\"822\" src=\"https:\/\/pedagogie.ac-lille.fr\/metiers-btp\/wp-content\/uploads\/sites\/5\/2021\/08\/guide.png\" alt=\"\" class=\"wp-image-779 size-full\" srcset=\"https:\/\/pedagogie.ac-lille.fr\/metiers-btp\/wp-content\/uploads\/sites\/5\/2021\/08\/guide.png 589w, https:\/\/pedagogie.ac-lille.fr\/metiers-btp\/wp-content\/uploads\/sites\/5\/2021\/08\/guide-215x300.png 215w\" sizes=\"auto, (max-width: 589px) 100vw, 589px\" \/><\/figure><div class=\"wp-block-media-text__content\">\n<p class=\"has-normal-font-size\">Guide acad\u00e9mique <\/p>\n\n\n\n<p><a href=\"http:\/\/cro-ce-medias.discipline.ac-lille.fr\/acces-restreint\/AIPR\/MAJ_FINAL_guide_AIPR.pdf\" data-type=\"URL\" data-id=\"http:\/\/cro-ce-medias.discipline.ac-lille.fr\/acces-restreint\/AIPR\/MAJ_FINAL_guide_AIPR.pdf\" target=\"_blank\" rel=\"noreferrer noopener\">Le d\u00e9couvrir<\/a><\/p>\n<\/div><\/div>\n\n\n\n<div class=\"wp-block-media-text alignwide is-stacked-on-mobile\" style=\"grid-template-columns:15% auto\"><figure class=\"wp-block-media-text__media\"><img loading=\"lazy\" decoding=\"async\" width=\"381\" height=\"540\" src=\"https:\/\/pedagogie.ac-lille.fr\/metiers-btp\/wp-content\/uploads\/sites\/5\/2021\/08\/annexe6.png\" alt=\"\" class=\"wp-image-781 size-full\" srcset=\"https:\/\/pedagogie.ac-lille.fr\/metiers-btp\/wp-content\/uploads\/sites\/5\/2021\/08\/annexe6.png 381w, https:\/\/pedagogie.ac-lille.fr\/metiers-btp\/wp-content\/uploads\/sites\/5\/2021\/08\/annexe6-212x300.png 212w\" sizes=\"auto, (max-width: 381px) 100vw, 381px\" \/><\/figure><div class=\"wp-block-media-text__content\">\n<p class=\"has-normal-font-size\">Annexe 6 du guide acad\u00e9mique <\/p>\n\n\n\n<p><a href=\"http:\/\/cro-ce-medias.discipline.ac-lille.fr\/acces-restreint\/AIPR\/annexe_6.pdf\" data-type=\"URL\" data-id=\"http:\/\/cro-ce-medias.discipline.ac-lille.fr\/acces-restreint\/AIPR\/annexe_6.pdf\" target=\"_blank\" rel=\"noreferrer noopener\">La d\u00e9couvrir<\/a><\/p>\n<\/div><\/div>\n\n\n\n<div class=\"wp-block-media-text alignwide is-stacked-on-mobile\" style=\"grid-template-columns:19% auto\"><figure class=\"wp-block-media-text__media\"><img loading=\"lazy\" decoding=\"async\" width=\"1024\" height=\"578\" src=\"https:\/\/pedagogie.ac-lille.fr\/metiers-btp\/wp-content\/uploads\/sites\/5\/2021\/08\/volet1-1024x578.png\" alt=\"\" class=\"wp-image-783 size-full\" srcset=\"https:\/\/pedagogie.ac-lille.fr\/metiers-btp\/wp-content\/uploads\/sites\/5\/2021\/08\/volet1-1024x578.png 1024w, https:\/\/pedagogie.ac-lille.fr\/metiers-btp\/wp-content\/uploads\/sites\/5\/2021\/08\/volet1-300x169.png 300w, https:\/\/pedagogie.ac-lille.fr\/metiers-btp\/wp-content\/uploads\/sites\/5\/2021\/08\/volet1-768x434.png 768w, https:\/\/pedagogie.ac-lille.fr\/metiers-btp\/wp-content\/uploads\/sites\/5\/2021\/08\/volet1-528x297.png 528w, https:\/\/pedagogie.ac-lille.fr\/metiers-btp\/wp-content\/uploads\/sites\/5\/2021\/08\/volet1.png 1284w\" sizes=\"auto, (max-width: 1024px) 100vw, 1024px\" \/><\/figure><div class=\"wp-block-media-text__content\">\n<p class=\"has-normal-font-size\">Diaporama de formation &#8211; volet 1   <\/p>\n\n\n\n<p><a href=\"http:\/\/cro-ce-medias.discipline.ac-lille.fr\/acces-restreint\/AIPR\/FINAL%20diaporama_formateur_volet1.pdf\" data-type=\"URL\" data-id=\"http:\/\/cro-ce-medias.discipline.ac-lille.fr\/acces-restreint\/AIPR\/FINAL%20diaporama_formateur_volet1.pdf\" target=\"_blank\" rel=\"noreferrer noopener\">Le d\u00e9couvrir<\/a><\/p>\n<\/div><\/div>\n\n\n\n<div class=\"wp-block-media-text alignwide is-stacked-on-mobile\" style=\"grid-template-columns:19% auto\"><figure class=\"wp-block-media-text__media\"><img loading=\"lazy\" decoding=\"async\" width=\"1024\" height=\"576\" src=\"https:\/\/pedagogie.ac-lille.fr\/metiers-btp\/wp-content\/uploads\/sites\/5\/2021\/08\/volet2-1024x576.png\" alt=\"\" class=\"wp-image-784 size-full\" srcset=\"https:\/\/pedagogie.ac-lille.fr\/metiers-btp\/wp-content\/uploads\/sites\/5\/2021\/08\/volet2-1024x576.png 1024w, https:\/\/pedagogie.ac-lille.fr\/metiers-btp\/wp-content\/uploads\/sites\/5\/2021\/08\/volet2-300x169.png 300w, https:\/\/pedagogie.ac-lille.fr\/metiers-btp\/wp-content\/uploads\/sites\/5\/2021\/08\/volet2-768x432.png 768w, https:\/\/pedagogie.ac-lille.fr\/metiers-btp\/wp-content\/uploads\/sites\/5\/2021\/08\/volet2-1110x624.png 1110w, https:\/\/pedagogie.ac-lille.fr\/metiers-btp\/wp-content\/uploads\/sites\/5\/2021\/08\/volet2-528x297.png 528w, https:\/\/pedagogie.ac-lille.fr\/metiers-btp\/wp-content\/uploads\/sites\/5\/2021\/08\/volet2.png 1446w\" sizes=\"auto, (max-width: 1024px) 100vw, 1024px\" \/><\/figure><div class=\"wp-block-media-text__content\">\n<p class=\"has-normal-font-size\">Diaporama de formation &#8211; volet 2  <\/p>\n\n\n\n<p><a href=\"http:\/\/cro-ce-medias.discipline.ac-lille.fr\/acces-restreint\/AIPR\/FINAL%20diaporama_formateur_volet2.pptx\" data-type=\"URL\" data-id=\"http:\/\/cro-ce-medias.discipline.ac-lille.fr\/acces-restreint\/AIPR\/FINAL%20diaporama_formateur_volet2.pptx\" target=\"_blank\" rel=\"noreferrer noopener\">Le d\u00e9couvrir<\/a><\/p>\n<\/div><\/div>\n\n\n\n<h2 class=\"has-white-color has-black-background-color has-text-color has-background wp-block-heading\" style=\"font-size:18px\">Pour en savoir plus : ressources nationales<\/h2>\n\n\n\n<p class=\"has-luminous-vivid-orange-color has-text-color\">Parcours de formation accessible \u00e0 partir de la plateforme MAGIST\u00c8RE<\/p>\n\n\n\n<p><a rel=\"noreferrer noopener\" href=\"https:\/\/magistere.education.fr\/local\/magistere_offers\/index.php?v=course#offer=900\" data-type=\"URL\" data-id=\"https:\/\/magistere.education.fr\/local\/magistere_offers\/index.php?v=course#offer=900\" target=\"_blank\">En savoir plus<\/a> <\/p>\n\n\n\n<p class=\"has-luminous-vivid-orange-color has-text-color\">Site de l&rsquo;INRS<\/p>\n\n\n\n<p><a href=\"https:\/\/www.inrs.fr\/\" data-type=\"URL\" data-id=\"https:\/\/www.inrs.fr\/\" target=\"_blank\" rel=\"noreferrer noopener\">En savoir plus<\/a><\/p>\n\n\n\n<p class=\"has-luminous-vivid-orange-color has-text-color\">Site du Minist\u00e8re de la Transition \u00e9nerg\u00e9tique et solidaire<\/p>\n\n\n\n<p><a href=\"https:\/\/www.reseaux-et-canalisations.ineris.fr\/gu-presentation\/construire-sans-detruire\/teleservice-reseaux-et-canalisations.html\" data-type=\"URL\" data-id=\"https:\/\/www.reseaux-et-canalisations.ineris.fr\/gu-presentation\/construire-sans-detruire\/teleservice-reseaux-et-canalisations.html\" target=\"_blank\" rel=\"noreferrer noopener\">En savoir plus<\/a> <\/p>\n","protected":false},"excerpt":{"rendered":"<p>R\u00e9f\u00e9rences r\u00e9glementaires (liste non exhaustive) En quelques mots Qu\u2019est-ce que l\u2019AIPR ? C\u2019est l\u2019Autorisation d\u2019Intervention \u00e0 Proximit\u00e9 des R\u00e9seaux : enterr\u00e9s; subaquatiques de transport et de distribution et a\u00e9riens. Pourquoi une formation sur les Autorisations&nbsp; d\u2019Intervention \u00e0 Proximit\u00e9 des R\u00e9seaux ? Afin d&rsquo;\u00e9viter les nombreux accidents graves provoqu\u00e9s par des explosions, des \u00e9lectrisations ou des [&hellip;]<\/p>\n","protected":false},"author":13,"featured_media":0,"parent":0,"menu_order":0,"comment_status":"closed","ping_status":"closed","template":"","meta":{"ngg_post_thumbnail":0,"footnotes":""},"class_list":["post-724","page","type-page","status-publish","czr-hentry"],"publishpress_future_action":{"enabled":false,"date":"2026-04-28 20:10:19","action":"change-status","newStatus":"draft","terms":[],"taxonomy":"","extraData":[]},"publishpress_future_workflow_manual_trigger":{"enabledWorkflows":[]},"_links":{"self":[{"href":"https:\/\/pedagogie.ac-lille.fr\/metiers-btp\/wp-json\/wp\/v2\/pages\/724","targetHints":{"allow":["GET"]}}],"collection":[{"href":"https:\/\/pedagogie.ac-lille.fr\/metiers-btp\/wp-json\/wp\/v2\/pages"}],"about":[{"href":"https:\/\/pedagogie.ac-lille.fr\/metiers-btp\/wp-json\/wp\/v2\/types\/page"}],"author":[{"embeddable":true,"href":"https:\/\/pedagogie.ac-lille.fr\/metiers-btp\/wp-json\/wp\/v2\/users\/13"}],"replies":[{"embeddable":true,"href":"https:\/\/pedagogie.ac-lille.fr\/metiers-btp\/wp-json\/wp\/v2\/comments?post=724"}],"version-history":[{"count":17,"href":"https:\/\/pedagogie.ac-lille.fr\/metiers-btp\/wp-json\/wp\/v2\/pages\/724\/revisions"}],"predecessor-version":[{"id":2367,"href":"https:\/\/pedagogie.ac-lille.fr\/metiers-btp\/wp-json\/wp\/v2\/pages\/724\/revisions\/2367"}],"wp:attachment":[{"href":"https:\/\/pedagogie.ac-lille.fr\/metiers-btp\/wp-json\/wp\/v2\/media?parent=724"}],"curies":[{"name":"wp","href":"https:\/\/api.w.org\/{rel}","templated":true}]}}