{"id":910,"date":"2021-08-27T15:12:24","date_gmt":"2021-08-27T13:12:24","guid":{"rendered":"https:\/\/pedagogie.ac-lille.fr\/metiers-btp\/?page_id=910"},"modified":"2021-08-27T15:45:33","modified_gmt":"2021-08-27T13:45:33","slug":"seconde-bac-pro-par-famille-de-metiers","status":"publish","type":"page","link":"https:\/\/pedagogie.ac-lille.fr\/metiers-btp\/seconde-bac-pro-par-famille-de-metiers\/","title":{"rendered":"Seconde BAC PRO par famille de m\u00e9tiers"},"content":{"rendered":"\n<p style=\"font-size:14px\">La famille de m\u00e9tiers a \u00e9t\u00e9 mise en place en classe de seconde de baccalaur\u00e9at professionnel, dans la cadre de la transformation de la voie professionnelle.Elle s\u2019inscrit en articulation avec les diff\u00e9rentes mesures propos\u00e9es dans le cadre de la TVP et ceci dans une logique de parcours de formation de l\u2019\u00e9l\u00e8ve.<\/p>\n\n\n\n<p style=\"font-size:14px\">Extrait du document &#8211; \u00ab\u00a0<a href=\"https:\/\/eduscol.education.fr\/2224\/transformer-le-lycee-professionnel\" data-type=\"URL\" data-id=\"https:\/\/eduscol.education.fr\/2224\/transformer-le-lycee-professionnel\" target=\"_blank\" rel=\"noreferrer noopener\">les fiches de la formation professionnelle<\/a>\u00ab\u00a0<\/p>\n\n\n\n<p class=\"has-luminous-vivid-orange-color has-text-color\" style=\"font-size:14px\">La famille des m\u00e9tiers vise \u00e0 la fois \u00e0:<\/p>\n\n\n\n<ul class=\"has-black-color has-text-color wp-block-list\" style=\"font-size:14px\"><li>donner le temps aux \u00e9l\u00e8ves de construire leur projet d\u2019orientation en leur permettant de choisir une famille de m\u00e9tiers en seconde puis une sp\u00e9cialit\u00e9 de baccalaur\u00e9at en classe de premi\u00e8re et de terminale ;<\/li><li>acqu\u00e9rir une culture commune et partag\u00e9e \u00e0 l\u2019\u00e9chelle d\u2019un ensemble de m\u00e9tiers ou d\u2019un secteur professionnel ;<\/li><li>comprendre les synergies et les interconnexions entre des m\u00e9tiers intervenant dans un m\u00eame environnement professionnel et inscrits dans des processus communs;<\/li><li>former les \u00e9l\u00e8ves \u00e0 des comp\u00e9tences professionnelles communes aux m\u00e9tiers d\u2019une m\u00eame famille.<\/li><\/ul>\n\n\n\n<p class=\"has-luminous-vivid-orange-color has-text-color\" style=\"font-size:14px\">La fili\u00e8re du b\u00e2timent et des travaux publics est concern\u00e9e par la mise en place de la famille des m\u00e9tiers pour la classe de seconde BAC PRO. Deux familles de m\u00e9tier sont entr\u00e9es en vigueur:<\/p>\n\n\n\n<div class=\"wp-block-media-text alignwide is-stacked-on-mobile\" style=\"grid-template-columns:26% auto\"><figure class=\"wp-block-media-text__media\"><img loading=\"lazy\" decoding=\"async\" width=\"752\" height=\"684\" src=\"https:\/\/pedagogie.ac-lille.fr\/metiers-btp\/wp-content\/uploads\/sites\/5\/2021\/08\/log-sportif.png\" alt=\"\" class=\"wp-image-924 size-full\" srcset=\"https:\/\/pedagogie.ac-lille.fr\/metiers-btp\/wp-content\/uploads\/sites\/5\/2021\/08\/log-sportif.png 752w, https:\/\/pedagogie.ac-lille.fr\/metiers-btp\/wp-content\/uploads\/sites\/5\/2021\/08\/log-sportif-300x273.png 300w\" sizes=\"auto, (max-width: 752px) 100vw, 752px\" \/><\/figure><div class=\"wp-block-media-text__content\">\n<ul class=\"wp-block-list\" style=\"font-size:14px\"><li>la famille des m\u00e9tiers de la construction durable, du b\u00e2timent et des travaux publics, entr\u00e9e en vigueur \u00e0 la rentr\u00e9e 2019;<\/li><\/ul>\n\n\n\n<p style=\"font-size:14px\"><a href=\"https:\/\/pedagogie.ac-lille.fr\/metiers-btp\/famille-des-metiers-de-la-construction-durable-du-batiment-et-des-travaux-publics\/\" data-type=\"URL\" data-id=\"https:\/\/pedagogie.ac-lille.fr\/metiers-btp\/famille-des-metiers-de-la-construction-durable-du-batiment-et-des-travaux-publics\/\" target=\"_blank\" rel=\"noreferrer noopener\">En savoir plus<\/a><\/p>\n<\/div><\/div>\n\n\n\n<div class=\"wp-block-media-text alignwide is-stacked-on-mobile\" style=\"grid-template-columns:25% auto\"><figure class=\"wp-block-media-text__media\"><img loading=\"lazy\" decoding=\"async\" width=\"391\" height=\"519\" src=\"https:\/\/pedagogie.ac-lille.fr\/metiers-btp\/wp-content\/uploads\/sites\/5\/2021\/08\/communes-3.png\" alt=\"\" class=\"wp-image-926 size-full\" srcset=\"https:\/\/pedagogie.ac-lille.fr\/metiers-btp\/wp-content\/uploads\/sites\/5\/2021\/08\/communes-3.png 391w, https:\/\/pedagogie.ac-lille.fr\/metiers-btp\/wp-content\/uploads\/sites\/5\/2021\/08\/communes-3-226x300.png 226w\" sizes=\"auto, (max-width: 391px) 100vw, 391px\" \/><\/figure><div class=\"wp-block-media-text__content\">\n<ul class=\"wp-block-list\" style=\"font-size:14px\"><li>la famille des m\u00e9tiers des \u00e9tudes et de la mod\u00e9lisation num\u00e9rique du b\u00e2timent, entr\u00e9e en vigueur \u00e0 la rentr\u00e9e 2020.<\/li><\/ul>\n\n\n\n<p style=\"font-size:14px\"><a href=\"https:\/\/pedagogie.ac-lille.fr\/metiers-btp\/famille-des-metiers-des-etudes-et-de-la-modelisation-numerique-du-batiment\/\" data-type=\"URL\" data-id=\"https:\/\/pedagogie.ac-lille.fr\/metiers-btp\/famille-des-metiers-des-etudes-et-de-la-modelisation-numerique-du-batiment\/\" target=\"_blank\" rel=\"noreferrer noopener\">En savoir plus<\/a><\/p>\n<\/div><\/div>\n","protected":false},"excerpt":{"rendered":"<p>La famille de m\u00e9tiers a \u00e9t\u00e9 mise en place en classe de seconde de baccalaur\u00e9at professionnel, dans la cadre de la transformation de la voie professionnelle.Elle s\u2019inscrit en articulation avec les diff\u00e9rentes mesures propos\u00e9es dans le cadre de la TVP et ceci dans une logique de parcours de formation de l\u2019\u00e9l\u00e8ve. Extrait du document &#8211; [&hellip;]<\/p>\n","protected":false},"author":13,"featured_media":0,"parent":0,"menu_order":0,"comment_status":"closed","ping_status":"closed","template":"","meta":{"ngg_post_thumbnail":0,"footnotes":""},"class_list":["post-910","page","type-page","status-publish","czr-hentry"],"publishpress_future_action":{"enabled":false,"date":"2026-04-28 20:09:19","action":"change-status","newStatus":"draft","terms":[],"taxonomy":"","extraData":[]},"publishpress_future_workflow_manual_trigger":{"enabledWorkflows":[]},"_links":{"self":[{"href":"https:\/\/pedagogie.ac-lille.fr\/metiers-btp\/wp-json\/wp\/v2\/pages\/910","targetHints":{"allow":["GET"]}}],"collection":[{"href":"https:\/\/pedagogie.ac-lille.fr\/metiers-btp\/wp-json\/wp\/v2\/pages"}],"about":[{"href":"https:\/\/pedagogie.ac-lille.fr\/metiers-btp\/wp-json\/wp\/v2\/types\/page"}],"author":[{"embeddable":true,"href":"https:\/\/pedagogie.ac-lille.fr\/metiers-btp\/wp-json\/wp\/v2\/users\/13"}],"replies":[{"embeddable":true,"href":"https:\/\/pedagogie.ac-lille.fr\/metiers-btp\/wp-json\/wp\/v2\/comments?post=910"}],"version-history":[{"count":6,"href":"https:\/\/pedagogie.ac-lille.fr\/metiers-btp\/wp-json\/wp\/v2\/pages\/910\/revisions"}],"predecessor-version":[{"id":932,"href":"https:\/\/pedagogie.ac-lille.fr\/metiers-btp\/wp-json\/wp\/v2\/pages\/910\/revisions\/932"}],"wp:attachment":[{"href":"https:\/\/pedagogie.ac-lille.fr\/metiers-btp\/wp-json\/wp\/v2\/media?parent=910"}],"curies":[{"name":"wp","href":"https:\/\/api.w.org\/{rel}","templated":true}]}}