{"id":1305,"date":"2023-08-25T15:46:21","date_gmt":"2023-08-25T13:46:21","guid":{"rendered":"https:\/\/pedagogie.ac-lille.fr\/prof-doc\/?page_id=1305"},"modified":"2026-02-15T19:42:45","modified_gmt":"2026-02-15T18:42:45","slug":"traam","status":"publish","type":"page","link":"https:\/\/pedagogie.ac-lille.fr\/prof-doc\/traam\/","title":{"rendered":"TraAM"},"content":{"rendered":"\n<p>\u00ab\u00a0Afin de d\u00e9velopper les usages p\u00e9dagogiques du num\u00e9rique, la direction du num\u00e9rique pour l&rsquo;\u00e9ducation (DNE) met en \u0153uvre des travaux acad\u00e9miques mutualis\u00e9s (TraAM) qui permettent de favoriser la rencontre entre les acad\u00e9mies autour de th\u00e8mes \u00e9mergents du num\u00e9rique \u00e9ducatif.\u00a0\u00bb<\/p>\n\n\n\n<p>Depuis 2019, l&rsquo;acad\u00e9mie de Lille pr\u00e9sente un projet aux TraAM EMI et aux TraAM Documentation. Ces projets sont retenus pour l&rsquo;ann\u00e9e scolaire 2023-2024 ! En attendant de les d\u00e9couvrir, vous pouvez lire ce qui a \u00e9t\u00e9 produit les ann\u00e9es pr\u00e9c\u00e9dentes :<\/p>\n\n\n\n<div class=\"wp-block-columns is-layout-flex wp-container-core-columns-is-layout-28f84493 wp-block-columns-is-layout-flex\">\n<div class=\"wp-block-column is-layout-flow wp-block-column-is-layout-flow\">\n<h2 class=\"wp-block-heading\">TraAM Documentation<\/h2>\n\n\n\n<ul class=\"wp-block-list\">\n<li><a href=\"https:\/\/pedagogie.ac-lille.fr\/prof-doc\/traam-doc-2023-2024-lintelligence-collective-au-service-des-competences-du-xxieme-siecle-2\/\">2025-2026<\/a> D\u00e9velopper une culture de l&rsquo;IA par les p\u00e9das actives,<\/li>\n\n\n\n<li><a href=\"https:\/\/pedagogie.ac-lille.fr\/prof-doc\/traam-doc-2024-2025\/\">2024-2025<\/a> Intelligence collective,<\/li>\n\n\n\n<li><a href=\"https:\/\/pedagogie.ac-lille.fr\/prof-doc\/traam-doc-2023-2024-lintelligence-collective-au-service-des-competences-du-xxieme-siecle\/\" data-type=\"page\" data-id=\"1353\">2023-2024<\/a> Intelligence collective,<\/li>\n\n\n\n<li><a href=\"https:\/\/pedagogie.ac-lille.fr\/prof-doc\/traam-doc-2022-2023\">2022-2023<\/a> Parcours EMI,<\/li>\n\n\n\n<li><a href=\"https:\/\/pedagogie.ac-lille.fr\/prof-doc\/traam-doc-2021-2022\/\">2021-2022<\/a> Parcours EMI,<\/li>\n\n\n\n<li><a href=\"https:\/\/pedagogie.ac-lille.fr\/prof-doc\/traam-doc-2020-2021\/\">2020-2021<\/a> Continuum de formation,<\/li>\n\n\n\n<li><a href=\"https:\/\/pedagogie.ac-lille.fr\/prof-doc\/traam-doc-2019-2020\/\" data-type=\"page\" data-id=\"1268\">2019-2020<\/a> Continuum de formation,<\/li>\n<\/ul>\n\n\n\n<p><\/p>\n\n\n\n<p><\/p>\n<\/div>\n\n\n\n<div class=\"wp-block-column is-layout-flow wp-block-column-is-layout-flow\">\n<h2 class=\"wp-block-heading\">TraAM EMI<\/h2>\n\n\n\n<ul class=\"wp-block-list\">\n<li><a href=\"https:\/\/pedagogie.ac-lille.fr\/prof-doc\/traam-emi-2023-2024-evaluer-linformation-a-lere-du-numerique-artificiel-2\/\">2025-2026<\/a> \u00c9thique et intelligence artificielle,<\/li>\n\n\n\n<li><a href=\"https:\/\/pedagogie.ac-lille.fr\/prof-doc\/intelligence-artificielle-et-integrite-de-linformation\/\">2024-2025<\/a> Intelligence artificielle et int\u00e9grit\u00e9 de l\u2019information,<\/li>\n\n\n\n<li><a href=\"https:\/\/pedagogie.ac-lille.fr\/prof-doc\/traam-emi-2023-2024-evaluer-linformation-a-lere-du-numerique-artificiel\/\" data-type=\"page\" data-id=\"1461\">2023-2024<\/a> \u00c9valuer l&rsquo;information,<\/li>\n\n\n\n<li><a href=\"https:\/\/pedagogie.ac-lille.fr\/prof-doc\/traam-emi-2022-2023\" data-type=\"page\" data-id=\"1457\">2022-2023<\/a> Cr\u00e9ativit\u00e9 num\u00e9rique,<\/li>\n\n\n\n<li><a href=\"https:\/\/pedagogie.ac-lille.fr\/prof-doc\/traam-emi-2021-2022\" data-type=\"page\" data-id=\"1396\">2021-2022<\/a> Cr\u00e9ativit\u00e9 num\u00e9rique,<\/li>\n\n\n\n<li><a href=\"https:\/\/pedagogie.ac-lille.fr\/prof-doc\/traam-emi-2020-2021\/\" data-type=\"page\" data-id=\"1374\">2020-2021<\/a> S\u00e9curiser son environnement num\u00e9rique,<\/li>\n\n\n\n<li><a href=\"https:\/\/pedagogie.ac-lille.fr\/prof-doc\/traam-emi-2019-2020\/\" data-type=\"page\" data-id=\"1358\">2019-2020<\/a> Jeunes et informations,<\/li>\n<\/ul>\n<\/div>\n<\/div>\n\n\n\n<p><\/p>\n","protected":false},"excerpt":{"rendered":"<p>\u00ab\u00a0Afin de d\u00e9velopper les usages p\u00e9dagogiques du num\u00e9rique, la direction du num\u00e9rique pour l&rsquo;\u00e9ducation (DNE) met en \u0153uvre des travaux acad\u00e9miques mutualis\u00e9s (TraAM) qui permettent de favoriser la rencontre entre les acad\u00e9mies autour de th\u00e8mes \u00e9mergents du num\u00e9rique \u00e9ducatif.\u00a0\u00bb Depuis 2019, l&rsquo;acad\u00e9mie de Lille pr\u00e9sente un projet aux TraAM EMI et aux TraAM Documentation. Ces [&hellip;]<\/p>\n","protected":false},"author":71,"featured_media":0,"parent":0,"menu_order":0,"comment_status":"closed","ping_status":"closed","template":"","meta":{"footnotes":""},"class_list":["post-1305","page","type-page","status-publish","czr-hentry"],"publishpress_future_action":{"enabled":false,"date":"2026-04-28 14:33:15","action":"change-status","newStatus":"draft","terms":[],"taxonomy":"","extraData":[]},"publishpress_future_workflow_manual_trigger":{"enabledWorkflows":[]},"_links":{"self":[{"href":"https:\/\/pedagogie.ac-lille.fr\/prof-doc\/wp-json\/wp\/v2\/pages\/1305","targetHints":{"allow":["GET"]}}],"collection":[{"href":"https:\/\/pedagogie.ac-lille.fr\/prof-doc\/wp-json\/wp\/v2\/pages"}],"about":[{"href":"https:\/\/pedagogie.ac-lille.fr\/prof-doc\/wp-json\/wp\/v2\/types\/page"}],"author":[{"embeddable":true,"href":"https:\/\/pedagogie.ac-lille.fr\/prof-doc\/wp-json\/wp\/v2\/users\/71"}],"replies":[{"embeddable":true,"href":"https:\/\/pedagogie.ac-lille.fr\/prof-doc\/wp-json\/wp\/v2\/comments?post=1305"}],"version-history":[{"count":27,"href":"https:\/\/pedagogie.ac-lille.fr\/prof-doc\/wp-json\/wp\/v2\/pages\/1305\/revisions"}],"predecessor-version":[{"id":5262,"href":"https:\/\/pedagogie.ac-lille.fr\/prof-doc\/wp-json\/wp\/v2\/pages\/1305\/revisions\/5262"}],"wp:attachment":[{"href":"https:\/\/pedagogie.ac-lille.fr\/prof-doc\/wp-json\/wp\/v2\/media?parent=1305"}],"curies":[{"name":"wp","href":"https:\/\/api.w.org\/{rel}","templated":true}]}}