{"id":1477,"date":"2023-08-28T12:22:13","date_gmt":"2023-08-28T10:22:13","guid":{"rendered":"https:\/\/pedagogie.ac-lille.fr\/prof-doc\/?page_id=1477"},"modified":"2026-02-15T19:36:06","modified_gmt":"2026-02-15T18:36:06","slug":"des-pistes-pour-loral","status":"publish","type":"page","link":"https:\/\/pedagogie.ac-lille.fr\/prof-doc\/des-pistes-pour-loral\/","title":{"rendered":"Des pistes et des ressources pour l\u2019oral"},"content":{"rendered":"\n<p>M. Laurent est intervenu lors d\u2019un s\u00e9minaire acad\u00e9mique sur l\u2019oral et le \u00ab&nbsp;Grand oOral&nbsp;\u00bb. Il a pr\u00e9sent\u00e9 un support sur \u00ab&nbsp;professeur documentaliste et enseignement de l\u2019oral&nbsp;\u00bb avec un support incluant des capsules vid\u00e9os de Mathieu Asseman, Kim Hollant, M\u00e9lanie Serret et Sophie Van Ommeslaeghe.<\/p>\n\n\n<style>\n       .errordiv { padding:10px; margin:10px; border: 1px solid #555555;color: #000000;background-color: #f8f8f8; width:500px; }#advanced_iframe {visibility:visible;opacity:1;vertical-align:top;}.ai-info-bottom-iframe { position: fixed; z-index: 10000; bottom:0; left: 0; margin: 0px; text-align: center; width: 100%; background-color: #ff9999; padding-left: 5px;padding-bottom: 5px; border-top: 1px solid #aaa } a.ai-bold {font-weight: bold;}#ai-layer-div-advanced_iframe p {height:100%;margin:0;padding:0}<\/style><script type=\"text\/javascript\">var ai_iframe_width_advanced_iframe = 0;var ai_iframe_height_advanced_iframe = 0;function aiReceiveMessageadvanced_iframe(event) {  aiProcessMessage(event,\"advanced_iframe\", \"true\",\"\",\"false\",\"false\");}if (window.addEventListener) {  window.addEventListener(\"message\", aiReceiveMessageadvanced_iframe);} else if (el.attachEvent)  {  el.attachEvent(\"message\", aiReceiveMessageadvanced_iframe);}var aiOnloadScrollTop=\"true\";var aiShowDebug=false;\n\t\tif (typeof aiReadyCallbacks === 'undefined') {\n\t\t\tvar aiReadyCallbacks = [];\n\t\t} else if (!(aiReadyCallbacks instanceof Array)) {\n\t\t\tvar aiReadyCallbacks = [];\n\t\t}    function aiShowIframeId(id_iframe) { jQuery(\"#\"+id_iframe).css(\"visibility\", \"visible\");    }    function aiResizeIframeHeight(height) { aiResizeIframeHeight(height,advanced_iframe); }    function aiResizeIframeHeightId(height,width,id) {aiResizeIframeHeightById(id,height);}<\/script><iframe id=\"advanced_iframe\"  name=\"advanced_iframe\"  src=\"https:\/\/view.genially.com\/5f59edef79626a0d71279f30\"  width=\"100%\"  height=\"600\"  frameborder=\"0\"  border=\"0\"  allowtransparency=\"true\"  loading=\"lazy\"  style=\";border-width: 0px;;border: none;;width:100%;;height:600px;\" ><\/iframe><script type=\"text\/javascript\">var ifrm_advanced_iframe = document.getElementById(\"advanced_iframe\");var hiddenTabsDoneadvanced_iframe = false;\nfunction resizeCallbackadvanced_iframe() {}<\/script><script type=\"text\/javascript\"><\/script><p style=\"display:block !important; visibility:visible !important;margin: -18px 14px 0 0;padding-left: 3px;padding-top:3px;background: white; overflow: hidden; position: relative; line-height:15px;width: fit-content;\"><small style=\"display:block !important;visibility:visible !important\">powered by Advanced iFrame<\/small><\/p>\n\n\n<h2 class=\"wp-block-heading\">Des mutualisations concernant le travail de l\u2019oral :<\/h2>\n\n\n<ul class=\"wp-block-latest-posts__list wp-block-latest-posts\"><li><div class=\"wp-block-latest-posts__featured-image alignleft\"><img loading=\"lazy\" decoding=\"async\" width=\"150\" height=\"150\" src=\"https:\/\/pedagogie.ac-lille.fr\/prof-doc\/wp-content\/uploads\/sites\/57\/2026\/03\/IMG_0952-150x150.jpeg\" class=\"attachment-thumbnail size-thumbnail wp-post-image\" alt=\"\" style=\"max-width:150px;max-height:150px;\" srcset=\"https:\/\/pedagogie.ac-lille.fr\/prof-doc\/wp-content\/uploads\/sites\/57\/2026\/03\/IMG_0952-150x150.jpeg 150w, https:\/\/pedagogie.ac-lille.fr\/prof-doc\/wp-content\/uploads\/sites\/57\/2026\/03\/IMG_0952-510x510.jpeg 510w\" sizes=\"auto, (max-width: 150px) 100vw, 150px\" \/><\/div><a class=\"wp-block-latest-posts__post-title\" href=\"https:\/\/pedagogie.ac-lille.fr\/prof-doc\/des-capsules-pour-series-mania\/\">Des capsules pour S\u00e9ries Mania !<\/a><div class=\"wp-block-latest-posts__post-excerpt\">Dans le cadre d\u2019un club m\u00e9dias qui a lieu 1h par semaine au CDI, les \u00e9l\u00e8ves ont eu la chance de profiter du festival S\u00e9ries Mania. En effet, le festival d\u00e9veloppe de nombreuses actions \u00e9ducatives, qui permettent de lier l\u2019\u00e9ducation artistique et culturelle \u00e0 l\u2019EMI. En amont : 3h de pr\u00e9paration avec Marion Boisset, charg\u00e9e\u2026 <a class=\"wp-block-latest-posts__read-more\" href=\"https:\/\/pedagogie.ac-lille.fr\/prof-doc\/des-capsules-pour-series-mania\/\" rel=\"noopener noreferrer\">Lire la suite<span class=\"screen-reader-text\">\u00a0: Des capsules pour S\u00e9ries Mania !<\/span><\/a><\/div><\/li>\n<li><div class=\"wp-block-latest-posts__featured-image alignleft\"><img loading=\"lazy\" decoding=\"async\" width=\"150\" height=\"150\" src=\"https:\/\/pedagogie.ac-lille.fr\/prof-doc\/wp-content\/uploads\/sites\/57\/2024\/03\/images-150x150.png\" class=\"attachment-thumbnail size-thumbnail wp-post-image\" alt=\"\" style=\"max-width:150px;max-height:150px;\" \/><\/div><a class=\"wp-block-latest-posts__post-title\" href=\"https:\/\/pedagogie.ac-lille.fr\/prof-doc\/live-sur-les-jeux-paralympiques\/\">Live sur les jeux paralympiques<\/a><div class=\"wp-block-latest-posts__post-excerpt\">Benjamin Taverne, La\u00ebtitia Graziato, professeur de lettres-histoire et M\u00e9lanie Serret, professeure documentaliste ont accompagn\u00e9 deux classes de seconde dans la production d\u2019un live twitch. Ce projet s&rsquo;inscrit dans le cadre des TraAM 2023-2024 sur la th\u00e9matique de l&rsquo;intelligence collective. Contexte :&nbsp;le lyc\u00e9e a pr\u00e9vu d\u2019accueillir, gr\u00e2ce \u00e0 une initiative de Mme Lecourt, professeure d\u2019anglais, Sofyane\u2026 <a class=\"wp-block-latest-posts__read-more\" href=\"https:\/\/pedagogie.ac-lille.fr\/prof-doc\/live-sur-les-jeux-paralympiques\/\" rel=\"noopener noreferrer\">Lire la suite<span class=\"screen-reader-text\">\u00a0: Live sur les jeux paralympiques<\/span><\/a><\/div><\/li>\n<li><div class=\"wp-block-latest-posts__featured-image alignleft\"><img loading=\"lazy\" decoding=\"async\" width=\"150\" height=\"150\" src=\"https:\/\/pedagogie.ac-lille.fr\/prof-doc\/wp-content\/uploads\/sites\/57\/2023\/09\/Capture-de\u0301cran-2023-09-25-a\u0300-12.07.22-150x150.png\" class=\"attachment-thumbnail size-thumbnail wp-post-image\" alt=\"\" style=\"max-width:150px;max-height:150px;\" \/><\/div><a class=\"wp-block-latest-posts__post-title\" href=\"https:\/\/pedagogie.ac-lille.fr\/prof-doc\/concours-abracadabra\/\">Concours Abracadabra !<\/a><div class=\"wp-block-latest-posts__post-excerpt\">Delphine Maury-Lascoux, professeure documentaliste au coll\u00e8ge Jules Verne de Neuville-en-Ferrain, nous partage un projet men\u00e9 avec une classe de 4\u00e8me. Le point de d\u00e9part du projet : je souhaitais participer au dispositif \u00ab\u00a0Jeunes en librairie\u00a0\u00bb en partenariat avec une coll\u00e8gue de lettres, M\u00e9lanie Vermandel afin : Je voulais travailler \u00e0 partir de bandes dessin\u00e9es et\u2026 <a class=\"wp-block-latest-posts__read-more\" href=\"https:\/\/pedagogie.ac-lille.fr\/prof-doc\/concours-abracadabra\/\" rel=\"noopener noreferrer\">Lire la suite<span class=\"screen-reader-text\">\u00a0: Concours Abracadabra !<\/span><\/a><\/div><\/li>\n<li><div class=\"wp-block-latest-posts__featured-image alignleft\"><img loading=\"lazy\" decoding=\"async\" width=\"150\" height=\"150\" src=\"https:\/\/pedagogie.ac-lille.fr\/prof-doc\/wp-content\/uploads\/sites\/57\/2023\/09\/curtain-165488_1280-150x150.jpeg\" class=\"attachment-thumbnail size-thumbnail wp-post-image\" alt=\"\" style=\"max-width:150px;max-height:150px;\" srcset=\"https:\/\/pedagogie.ac-lille.fr\/prof-doc\/wp-content\/uploads\/sites\/57\/2023\/09\/curtain-165488_1280-150x150.jpeg 150w, https:\/\/pedagogie.ac-lille.fr\/prof-doc\/wp-content\/uploads\/sites\/57\/2023\/09\/curtain-165488_1280-510x510.jpeg 510w\" sizes=\"auto, (max-width: 150px) 100vw, 150px\" \/><\/div><a class=\"wp-block-latest-posts__post-title\" href=\"https:\/\/pedagogie.ac-lille.fr\/prof-doc\/un-concours-de-lecture-dans-le-district-de-maubeuge\/\">Un concours de lecture dans le district de Maubeuge<\/a><div class=\"wp-block-latest-posts__post-excerpt\">Christelle DECRUCQ est professeure documentaliste au coll\u00e8ge Alfred Jennepin de Cousolre et animatrice relais pour le district de Maubeuge, elle nous partage l&rsquo;organisation d&rsquo;un concours de lecture ouvert aux coll\u00e8ges et aux lyc\u00e9es de son district. Personnes \u00e0 l&rsquo;initiative du projet&nbsp;: L&rsquo;id\u00e9e a \u00e9merg\u00e9 au cours d&rsquo;une r\u00e9union de district et les professeurs documentalistes des\u2026 <a class=\"wp-block-latest-posts__read-more\" href=\"https:\/\/pedagogie.ac-lille.fr\/prof-doc\/un-concours-de-lecture-dans-le-district-de-maubeuge\/\" rel=\"noopener noreferrer\">Lire la suite<span class=\"screen-reader-text\">\u00a0: Un concours de lecture dans le district de Maubeuge<\/span><\/a><\/div><\/li>\n<li><div class=\"wp-block-latest-posts__featured-image alignleft\"><img loading=\"lazy\" decoding=\"async\" width=\"150\" height=\"150\" src=\"https:\/\/pedagogie.ac-lille.fr\/prof-doc\/wp-content\/uploads\/sites\/57\/2023\/07\/Capture-de\u0301cran-2023-07-17-a\u0300-17.12.53-150x150.png\" class=\"attachment-thumbnail size-thumbnail wp-post-image\" alt=\"\" style=\"max-width:150px;max-height:150px;\" \/><\/div><a class=\"wp-block-latest-posts__post-title\" href=\"https:\/\/pedagogie.ac-lille.fr\/prof-doc\/contribution-des-professeurs-documentalistes-a-la-fluence\/\">Contribution des professeurs documentalistes \u00e0 la fluence<\/a><div class=\"wp-block-latest-posts__post-excerpt\">Dans le cadre d&rsquo;un groupe de travail acad\u00e9mique interdisciplinaire sur la fluence, Mme Swiderski a demand\u00e9 \u00e0 Catherine Delplace, formatrice acad\u00e9mique \u00e0 l&rsquo;INSPE et professeure documentaliste au coll\u00e8ge J. Moulin de Wattignies, de cr\u00e9er une capsule vid\u00e9o sur la contribution des professeurs documentalistes \u00e0 la fluence des \u00e9l\u00e8ves. C&rsquo;est une bonne source d&rsquo;id\u00e9es pour travailler\u2026 <a class=\"wp-block-latest-posts__read-more\" href=\"https:\/\/pedagogie.ac-lille.fr\/prof-doc\/contribution-des-professeurs-documentalistes-a-la-fluence\/\" rel=\"noopener noreferrer\">Lire la suite<span class=\"screen-reader-text\">\u00a0: Contribution des professeurs documentalistes \u00e0 la fluence<\/span><\/a><\/div><\/li>\n<li><div class=\"wp-block-latest-posts__featured-image alignleft\"><img loading=\"lazy\" decoding=\"async\" width=\"150\" height=\"150\" src=\"https:\/\/pedagogie.ac-lille.fr\/prof-doc\/wp-content\/uploads\/sites\/57\/2023\/08\/9f099325-da91-4cf2-bbb0-16dcef961090-150x150.png\" class=\"attachment-thumbnail size-thumbnail wp-post-image\" alt=\"\" style=\"max-width:150px;max-height:150px;\" srcset=\"https:\/\/pedagogie.ac-lille.fr\/prof-doc\/wp-content\/uploads\/sites\/57\/2023\/08\/9f099325-da91-4cf2-bbb0-16dcef961090-150x150.png 150w, https:\/\/pedagogie.ac-lille.fr\/prof-doc\/wp-content\/uploads\/sites\/57\/2023\/08\/9f099325-da91-4cf2-bbb0-16dcef961090.png 200w\" sizes=\"auto, (max-width: 150px) 100vw, 150px\" \/><\/div><a class=\"wp-block-latest-posts__post-title\" href=\"https:\/\/pedagogie.ac-lille.fr\/prof-doc\/podcasts-revolutionnaires\/\">Podcasts r\u00e9volutionnaires !<\/a><div class=\"wp-block-latest-posts__post-excerpt\">Auteur : Renaud Bruckert &#8211;&nbsp;Coll\u00e8ge Rouge-Barres (Marcq-en-Baroeul) Renaud Bruckert, professeur documentaliste au coll\u00e8ge Rouge-Barres de Marcq-en-Baroeul, nous partage un projet men\u00e9 avec ses \u00e9l\u00e8ves de 4e : ils ont men\u00e9 des interviews (fictives) aupr\u00e8s de personnages des si\u00e8cles pass\u00e9s. Ce projet a \u00e9t\u00e9 men\u00e9 en collaboration avec une enseignante d&rsquo;histoire-g\u00e9ographie. Il exploite le programme d\u00e9di\u00e9\u2026 <a class=\"wp-block-latest-posts__read-more\" href=\"https:\/\/pedagogie.ac-lille.fr\/prof-doc\/podcasts-revolutionnaires\/\" rel=\"noopener noreferrer\">Lire la suite<span class=\"screen-reader-text\">\u00a0: Podcasts r\u00e9volutionnaires !<\/span><\/a><\/div><\/li>\n<li><div class=\"wp-block-latest-posts__featured-image alignleft\"><img loading=\"lazy\" decoding=\"async\" width=\"150\" height=\"150\" src=\"https:\/\/pedagogie.ac-lille.fr\/prof-doc\/wp-content\/uploads\/sites\/57\/2023\/08\/fbe38cae-84cf-43f0-884c-40a314f5ba9d-150x150.png\" class=\"attachment-thumbnail size-thumbnail wp-post-image\" alt=\"\" style=\"max-width:150px;max-height:150px;\" srcset=\"https:\/\/pedagogie.ac-lille.fr\/prof-doc\/wp-content\/uploads\/sites\/57\/2023\/08\/fbe38cae-84cf-43f0-884c-40a314f5ba9d-150x150.png 150w, https:\/\/pedagogie.ac-lille.fr\/prof-doc\/wp-content\/uploads\/sites\/57\/2023\/08\/fbe38cae-84cf-43f0-884c-40a314f5ba9d.png 200w\" sizes=\"auto, (max-width: 150px) 100vw, 150px\" \/><\/div><a class=\"wp-block-latest-posts__post-title\" href=\"https:\/\/pedagogie.ac-lille.fr\/prof-doc\/livret-daccompagnement-pour-la-preparation-de-lepreuve-orale-du-brevet\/\">Livret pour la pr\u00e9paration de l&rsquo;\u00e9preuve orale du brevet<\/a><div class=\"wp-block-latest-posts__post-excerpt\">Agathe Vuattier Dujardin est professeure documentaliste au coll\u00e8ge L\u00e9vi-Strauss de Lille. Elle propose un livret pour l&rsquo;oral sur son portail Esidoc et le partage avec nous.<\/div><\/li>\n<li><div class=\"wp-block-latest-posts__featured-image alignleft\"><img loading=\"lazy\" decoding=\"async\" width=\"150\" height=\"150\" src=\"https:\/\/pedagogie.ac-lille.fr\/prof-doc\/wp-content\/uploads\/sites\/57\/2023\/08\/509a4b26-d512-4849-b4fd-a7451cd34f4e-150x150.png\" class=\"attachment-thumbnail size-thumbnail wp-post-image\" alt=\"\" style=\"max-width:150px;max-height:150px;\" srcset=\"https:\/\/pedagogie.ac-lille.fr\/prof-doc\/wp-content\/uploads\/sites\/57\/2023\/08\/509a4b26-d512-4849-b4fd-a7451cd34f4e-150x150.png 150w, https:\/\/pedagogie.ac-lille.fr\/prof-doc\/wp-content\/uploads\/sites\/57\/2023\/08\/509a4b26-d512-4849-b4fd-a7451cd34f4e.png 200w\" sizes=\"auto, (max-width: 150px) 100vw, 150px\" \/><\/div><a class=\"wp-block-latest-posts__post-title\" href=\"https:\/\/pedagogie.ac-lille.fr\/prof-doc\/des-ressources-pour-le-grand-oral\/\">Des ressources pour le grand oral<\/a><div class=\"wp-block-latest-posts__post-excerpt\">M\u00e9lanie Serret, professeure documentaliste au LPO Giraux Sannier de St Martin Boulogne, partage une pr\u00e9sentation sur le grand oral, publiable sur le portail documentaire. \u00ab\u00a0Afin d&rsquo;aider les \u00e9l\u00e8ves dans la pr\u00e9paration du Grand Oral, j&rsquo;ai mis en ligne&nbsp;une page sur le portail documentaire du CDI. La pr\u00e9sentation Genial.ly peut \u00eatre reprise int\u00e9gralement ou vous pouvez\u2026 <a class=\"wp-block-latest-posts__read-more\" href=\"https:\/\/pedagogie.ac-lille.fr\/prof-doc\/des-ressources-pour-le-grand-oral\/\" rel=\"noopener noreferrer\">Lire la suite<span class=\"screen-reader-text\">\u00a0: Des ressources pour le grand oral<\/span><\/a><\/div><\/li>\n<li><div class=\"wp-block-latest-posts__featured-image alignleft\"><img loading=\"lazy\" decoding=\"async\" width=\"150\" height=\"150\" src=\"https:\/\/pedagogie.ac-lille.fr\/prof-doc\/wp-content\/uploads\/sites\/57\/2023\/08\/cb06c468-ebaa-49c3-bebd-5e093bda5de8-150x150.png\" class=\"attachment-thumbnail size-thumbnail wp-post-image\" alt=\"\" style=\"max-width:150px;max-height:150px;\" srcset=\"https:\/\/pedagogie.ac-lille.fr\/prof-doc\/wp-content\/uploads\/sites\/57\/2023\/08\/cb06c468-ebaa-49c3-bebd-5e093bda5de8-150x150.png 150w, https:\/\/pedagogie.ac-lille.fr\/prof-doc\/wp-content\/uploads\/sites\/57\/2023\/08\/cb06c468-ebaa-49c3-bebd-5e093bda5de8.png 200w\" sizes=\"auto, (max-width: 150px) 100vw, 150px\" \/><\/div><a class=\"wp-block-latest-posts__post-title\" href=\"https:\/\/pedagogie.ac-lille.fr\/prof-doc\/travail-inter-academique-la-place-du-professeur-documentaliste-dans-lenseignement-de-loral-2\/\">Travail inter-acad\u00e9mique : la place du professeur documentaliste dans l\u2019enseignement de l\u2019oral<\/a><div class=\"wp-block-latest-posts__post-excerpt\">Dans le cadre du projet TraAM Documentation 2020-2021, les r\u00e9f\u00e9rentes des acad\u00e9mies de Bordeaux, Guyane, Lille, Nantes et Rennes ont travaill\u00e9 en collaboration sur une production concernant la place du professeur documentaliste dans l\u2019enseignement de l\u2019oral que vous pouvez d\u00e9couvrir ci-dessous&nbsp;:<\/div><\/li>\n<li><div class=\"wp-block-latest-posts__featured-image alignleft\"><img loading=\"lazy\" decoding=\"async\" width=\"150\" height=\"150\" src=\"https:\/\/pedagogie.ac-lille.fr\/prof-doc\/wp-content\/uploads\/sites\/57\/2023\/08\/ef424cc1-f82e-4258-8ca4-00c08e53a08c-150x150.png\" class=\"attachment-thumbnail size-thumbnail wp-post-image\" alt=\"\" style=\"max-width:150px;max-height:150px;\" srcset=\"https:\/\/pedagogie.ac-lille.fr\/prof-doc\/wp-content\/uploads\/sites\/57\/2023\/08\/ef424cc1-f82e-4258-8ca4-00c08e53a08c-150x150.png 150w, https:\/\/pedagogie.ac-lille.fr\/prof-doc\/wp-content\/uploads\/sites\/57\/2023\/08\/ef424cc1-f82e-4258-8ca4-00c08e53a08c.png 200w\" sizes=\"auto, (max-width: 150px) 100vw, 150px\" \/><\/div><a class=\"wp-block-latest-posts__post-title\" href=\"https:\/\/pedagogie.ac-lille.fr\/prof-doc\/travail-inter-academique-la-place-du-professeur-documentaliste-dans-lenseignement-de-loral\/\">L&rsquo;oral et la webradio comme outil de lien(s)<\/a><div class=\"wp-block-latest-posts__post-excerpt\">Kim Hollant, professeure documentaliste au coll\u00e8ge Turgot de Denain et Gregory Lanevere (de l&rsquo;acad\u00e9mie de Rennes) ont travaill\u00e9 ensemble sur la th\u00e9matique \u00ab\u00a0l&rsquo;oral et la web radio comme outil de lien(s)\u00a0\u00bb. Ils ont pens\u00e9 et con\u00e7u un support pour explorer et rendre compte des pistes p\u00e9dagogiques exploitant l&rsquo;outil web radio ou plus g\u00e9n\u00e9ralement l&rsquo;oral. Ils\u2026 <a class=\"wp-block-latest-posts__read-more\" href=\"https:\/\/pedagogie.ac-lille.fr\/prof-doc\/travail-inter-academique-la-place-du-professeur-documentaliste-dans-lenseignement-de-loral\/\" rel=\"noopener noreferrer\">Lire la suite<span class=\"screen-reader-text\">\u00a0: L&rsquo;oral et la webradio comme outil de lien(s)<\/span><\/a><\/div><\/li>\n<li><div class=\"wp-block-latest-posts__featured-image alignleft\"><img loading=\"lazy\" decoding=\"async\" width=\"150\" height=\"150\" src=\"https:\/\/pedagogie.ac-lille.fr\/prof-doc\/wp-content\/uploads\/sites\/57\/2023\/08\/ca46e076-cf5a-4dcb-9acb-19d7e6bb10b3-150x150.png\" class=\"attachment-thumbnail size-thumbnail wp-post-image\" alt=\"\" style=\"max-width:150px;max-height:150px;\" srcset=\"https:\/\/pedagogie.ac-lille.fr\/prof-doc\/wp-content\/uploads\/sites\/57\/2023\/08\/ca46e076-cf5a-4dcb-9acb-19d7e6bb10b3-150x150.png 150w, https:\/\/pedagogie.ac-lille.fr\/prof-doc\/wp-content\/uploads\/sites\/57\/2023\/08\/ca46e076-cf5a-4dcb-9acb-19d7e6bb10b3.png 200w\" sizes=\"auto, (max-width: 150px) 100vw, 150px\" \/><\/div><a class=\"wp-block-latest-posts__post-title\" href=\"https:\/\/pedagogie.ac-lille.fr\/prof-doc\/infographie-sur-le-grand-oral\/\">Infographie sur le Grand Oral<\/a><div class=\"wp-block-latest-posts__post-excerpt\">Maud Carpentier, professeure documentaliste au lyc\u00e9e Albert Ch\u00e2telet \u00e0 Saint Pol sur Ternoise, a travaill\u00e9 avec Marie-France Torralbo, Sandrine Froissart et Katrine Delage de l&rsquo;acad\u00e9mie de Bordeaux pour la cr\u00e9ation de ressources pour travailler le Grand Oral avec les \u00e9l\u00e8ves. Pr\u00e9sentation du projet&nbsp;: les \u00e9l\u00e8ves de premi\u00e8re et de terminale doivent \u00eatre form\u00e9s \u00e0 une\u2026 <a class=\"wp-block-latest-posts__read-more\" href=\"https:\/\/pedagogie.ac-lille.fr\/prof-doc\/infographie-sur-le-grand-oral\/\" rel=\"noopener noreferrer\">Lire la suite<span class=\"screen-reader-text\">\u00a0: Infographie sur le Grand Oral<\/span><\/a><\/div><\/li>\n<li><div class=\"wp-block-latest-posts__featured-image alignleft\"><img loading=\"lazy\" decoding=\"async\" width=\"150\" height=\"150\" src=\"https:\/\/pedagogie.ac-lille.fr\/prof-doc\/wp-content\/uploads\/sites\/57\/2023\/08\/30353930-f2b1-4c7b-9b7d-6abf80f11321-150x150.png\" class=\"attachment-thumbnail size-thumbnail wp-post-image\" alt=\"\" style=\"max-width:150px;max-height:150px;\" srcset=\"https:\/\/pedagogie.ac-lille.fr\/prof-doc\/wp-content\/uploads\/sites\/57\/2023\/08\/30353930-f2b1-4c7b-9b7d-6abf80f11321-150x150.png 150w, https:\/\/pedagogie.ac-lille.fr\/prof-doc\/wp-content\/uploads\/sites\/57\/2023\/08\/30353930-f2b1-4c7b-9b7d-6abf80f11321.png 200w\" sizes=\"auto, (max-width: 150px) 100vw, 150px\" \/><\/div><a class=\"wp-block-latest-posts__post-title\" href=\"https:\/\/pedagogie.ac-lille.fr\/prof-doc\/des-fiches-pour-travailler-loral\/\">Des fiches pour travailler l&rsquo;oral<\/a><div class=\"wp-block-latest-posts__post-excerpt\">Blandine Tardieu, professeur documentaliste au coll\u00e8ge R\u00e9publique de Calais nous pr\u00e9sente un support avec des fiches pour travailler l\u2019oral. Cette mutualisation entre dans le cadre de l&rsquo;axe 4 des TRAAM Documentation 2019-2020 : \u00ab d\u00e9velopper des comp\u00e9tences transversales chez les \u00e9l\u00e8ves pour anticiper les liaisons inter-cycles.\u00bb<\/div><\/li>\n<\/ul>","protected":false},"excerpt":{"rendered":"<p>M. Laurent est intervenu lors d\u2019un s\u00e9minaire acad\u00e9mique sur l\u2019oral et le \u00ab&nbsp;Grand oOral&nbsp;\u00bb. Il a pr\u00e9sent\u00e9 un support sur \u00ab&nbsp;professeur documentaliste et enseignement de l\u2019oral&nbsp;\u00bb avec un support incluant des capsules vid\u00e9os de Mathieu Asseman, Kim Hollant, M\u00e9lanie Serret et Sophie Van Ommeslaeghe. Des mutualisations concernant le travail de l\u2019oral :<\/p>\n","protected":false},"author":71,"featured_media":0,"parent":0,"menu_order":0,"comment_status":"closed","ping_status":"closed","template":"","meta":{"footnotes":""},"class_list":["post-1477","page","type-page","status-publish","czr-hentry"],"publishpress_future_action":{"enabled":false,"date":"2026-04-28 14:33:14","action":"change-status","newStatus":"draft","terms":[],"taxonomy":"","extraData":[]},"publishpress_future_workflow_manual_trigger":{"enabledWorkflows":[]},"_links":{"self":[{"href":"https:\/\/pedagogie.ac-lille.fr\/prof-doc\/wp-json\/wp\/v2\/pages\/1477","targetHints":{"allow":["GET"]}}],"collection":[{"href":"https:\/\/pedagogie.ac-lille.fr\/prof-doc\/wp-json\/wp\/v2\/pages"}],"about":[{"href":"https:\/\/pedagogie.ac-lille.fr\/prof-doc\/wp-json\/wp\/v2\/types\/page"}],"author":[{"embeddable":true,"href":"https:\/\/pedagogie.ac-lille.fr\/prof-doc\/wp-json\/wp\/v2\/users\/71"}],"replies":[{"embeddable":true,"href":"https:\/\/pedagogie.ac-lille.fr\/prof-doc\/wp-json\/wp\/v2\/comments?post=1477"}],"version-history":[{"count":4,"href":"https:\/\/pedagogie.ac-lille.fr\/prof-doc\/wp-json\/wp\/v2\/pages\/1477\/revisions"}],"predecessor-version":[{"id":5256,"href":"https:\/\/pedagogie.ac-lille.fr\/prof-doc\/wp-json\/wp\/v2\/pages\/1477\/revisions\/5256"}],"wp:attachment":[{"href":"https:\/\/pedagogie.ac-lille.fr\/prof-doc\/wp-json\/wp\/v2\/media?parent=1477"}],"curies":[{"name":"wp","href":"https:\/\/api.w.org\/{rel}","templated":true}]}}