{"id":1596,"date":"2023-08-31T15:51:24","date_gmt":"2023-08-31T13:51:24","guid":{"rendered":"https:\/\/pedagogie.ac-lille.fr\/prof-doc\/?page_id=1596"},"modified":"2025-03-30T17:59:46","modified_gmt":"2025-03-30T15:59:46","slug":"education-a-lorientation","status":"publish","type":"page","link":"https:\/\/pedagogie.ac-lille.fr\/prof-doc\/education-a-lorientation\/","title":{"rendered":"\u00c9ducation \u00e0 l&rsquo;orientation"},"content":{"rendered":"<ul class=\"wp-block-latest-posts__list wp-block-latest-posts\"><li><div class=\"wp-block-latest-posts__featured-image alignleft\"><img loading=\"lazy\" decoding=\"async\" width=\"150\" height=\"150\" src=\"https:\/\/pedagogie.ac-lille.fr\/prof-doc\/wp-content\/uploads\/sites\/57\/2023\/08\/9485f3e4-fd18-4e4b-8f11-362ed78dde97-150x150.png\" class=\"attachment-thumbnail size-thumbnail wp-post-image\" alt=\"\" style=\"max-width:150px;max-height:150px;\" srcset=\"https:\/\/pedagogie.ac-lille.fr\/prof-doc\/wp-content\/uploads\/sites\/57\/2023\/08\/9485f3e4-fd18-4e4b-8f11-362ed78dde97-150x150.png 150w, https:\/\/pedagogie.ac-lille.fr\/prof-doc\/wp-content\/uploads\/sites\/57\/2023\/08\/9485f3e4-fd18-4e4b-8f11-362ed78dde97.png 200w\" sizes=\"auto, (max-width: 150px) 100vw, 150px\" \/><\/div><a class=\"wp-block-latest-posts__post-title\" href=\"https:\/\/pedagogie.ac-lille.fr\/prof-doc\/identite-numerique-et-monde-professionnel\/\">Identit\u00e9 num\u00e9rique et monde professionnel<\/a><div class=\"wp-block-latest-posts__post-excerpt\">M\u00e9lanie Serret, professeure documentaliste au LPO Giraux Sannier de Saint Martin Boulogne, a con\u00e7u une s\u00e9ance \u00e0 destination des terminales BAC PRO, des BTS ou des \u00e9tudiants en DCG, dans le cadre des TRaAM \u00c9MI 2020-2021. Mots-cl\u00e9s du projet&nbsp;:&nbsp;identit\u00e9 num\u00e9rique, Linkedin. Modalit\u00e9s p\u00e9dagogiques&nbsp;:&nbsp;en pr\u00e9sentiel El\u00e8ves impliqu\u00e9s&nbsp;:&nbsp;Dipl\u00f4me de Comptabilit\u00e9 Gestion, premi\u00e8re\u2026 <a class=\"wp-block-latest-posts__read-more\" href=\"https:\/\/pedagogie.ac-lille.fr\/prof-doc\/identite-numerique-et-monde-professionnel\/\" rel=\"noopener noreferrer\">Lire la suite<span class=\"screen-reader-text\">\u00a0: Identit\u00e9 num\u00e9rique et monde professionnel<\/span><\/a><\/div><\/li>\n<li><div class=\"wp-block-latest-posts__featured-image alignleft\"><img loading=\"lazy\" decoding=\"async\" width=\"150\" height=\"150\" src=\"https:\/\/pedagogie.ac-lille.fr\/prof-doc\/wp-content\/uploads\/sites\/57\/2023\/07\/b370ca30-f5cd-4c3d-91d3-846498a54d39-150x150.png\" class=\"attachment-thumbnail size-thumbnail wp-post-image\" alt=\"\" style=\"max-width:150px;max-height:150px;\" srcset=\"https:\/\/pedagogie.ac-lille.fr\/prof-doc\/wp-content\/uploads\/sites\/57\/2023\/07\/b370ca30-f5cd-4c3d-91d3-846498a54d39-150x150.png 150w, https:\/\/pedagogie.ac-lille.fr\/prof-doc\/wp-content\/uploads\/sites\/57\/2023\/07\/b370ca30-f5cd-4c3d-91d3-846498a54d39.png 200w\" sizes=\"auto, (max-width: 150px) 100vw, 150px\" \/><\/div><a class=\"wp-block-latest-posts__post-title\" href=\"https:\/\/pedagogie.ac-lille.fr\/prof-doc\/portraits-de-metiers\/\">Portraits de m\u00e9tiers<\/a><div class=\"wp-block-latest-posts__post-excerpt\">Autrice : Sophie Van Ommeslaeghe &#8211; Lyc\u00e9e Branly (Boulogne-sur-mer) Sophie Van Ommeslaeghe pr\u00e9sente ici une s\u00e9quence \u00ab\u00a0Portraits de m\u00e9tiers\u00a0\u00bb men\u00e9e aupr\u00e8s de lyc\u00e9ens de Bac Professionnel permettant \u00e0 ces derniers de cr\u00e9er un clip vid\u00e9o apr\u00e8s la r\u00e9alisation de recherches sur un m\u00e9tier. Faire de l&rsquo;Accompagnement Personnalis\u00e9 un temps de\u2026 <a class=\"wp-block-latest-posts__read-more\" href=\"https:\/\/pedagogie.ac-lille.fr\/prof-doc\/portraits-de-metiers\/\" rel=\"noopener noreferrer\">Lire la suite<span class=\"screen-reader-text\">\u00a0: Portraits de m\u00e9tiers<\/span><\/a><\/div><\/li>\n<\/ul>","protected":false},"excerpt":{"rendered":"","protected":false},"author":71,"featured_media":0,"parent":0,"menu_order":0,"comment_status":"closed","ping_status":"closed","template":"","meta":{"footnotes":""},"class_list":["post-1596","page","type-page","status-publish","czr-hentry"],"publishpress_future_action":{"enabled":false,"date":"2026-04-28 16:02:50","action":"change-status","newStatus":"draft","terms":[],"taxonomy":"","extraData":[]},"publishpress_future_workflow_manual_trigger":{"enabledWorkflows":[]},"_links":{"self":[{"href":"https:\/\/pedagogie.ac-lille.fr\/prof-doc\/wp-json\/wp\/v2\/pages\/1596","targetHints":{"allow":["GET"]}}],"collection":[{"href":"https:\/\/pedagogie.ac-lille.fr\/prof-doc\/wp-json\/wp\/v2\/pages"}],"about":[{"href":"https:\/\/pedagogie.ac-lille.fr\/prof-doc\/wp-json\/wp\/v2\/types\/page"}],"author":[{"embeddable":true,"href":"https:\/\/pedagogie.ac-lille.fr\/prof-doc\/wp-json\/wp\/v2\/users\/71"}],"replies":[{"embeddable":true,"href":"https:\/\/pedagogie.ac-lille.fr\/prof-doc\/wp-json\/wp\/v2\/comments?post=1596"}],"version-history":[{"count":3,"href":"https:\/\/pedagogie.ac-lille.fr\/prof-doc\/wp-json\/wp\/v2\/pages\/1596\/revisions"}],"predecessor-version":[{"id":4236,"href":"https:\/\/pedagogie.ac-lille.fr\/prof-doc\/wp-json\/wp\/v2\/pages\/1596\/revisions\/4236"}],"wp:attachment":[{"href":"https:\/\/pedagogie.ac-lille.fr\/prof-doc\/wp-json\/wp\/v2\/media?parent=1596"}],"curies":[{"name":"wp","href":"https:\/\/api.w.org\/{rel}","templated":true}]}}