{"id":506,"date":"2023-07-10T14:57:21","date_gmt":"2023-07-10T12:57:21","guid":{"rendered":"https:\/\/pedagogie.ac-lille.fr\/prof-doc\/?page_id=506"},"modified":"2024-10-28T10:47:39","modified_gmt":"2024-10-28T09:47:39","slug":"sinformer","status":"publish","type":"page","link":"https:\/\/pedagogie.ac-lille.fr\/prof-doc\/sinformer\/","title":{"rendered":"S&rsquo;informer"},"content":{"rendered":"\n<p>Vous trouverez dans cette cat\u00e9gorie des informations sur le <a href=\"#Cadre-institutionnel\">cadre institutionnel<\/a>, sur le m\u00e9tier \u00e0 travers plusieurs partages de <a href=\"#Veille\" data-type=\"internal\" data-id=\"#Veille\">veille<\/a> mais aussi sur les \u00e9v\u00e9nements dans l&rsquo;acad\u00e9mie gr\u00e2ce \u00e0 l&rsquo;<a href=\"#Agenda-collaboratif\" data-type=\"internal\">agenda collaboratif<\/a>. <\/p>\n\n\n\n<p><\/p>\n\n\n\n<h2 class=\"wp-block-heading\" id=\"Cadre-institutionnel\">Cadre institutionnel<\/h2>\n\n\n\n<ul class=\"wp-block-list\">\n<li><a href=\"https:\/\/pedagogie.ac-lille.fr\/prof-doc\/politique-nationale\/\" data-type=\"post\" data-id=\"525\">Politique nationale,<\/a><\/li>\n\n\n\n<li><a href=\"https:\/\/pedagogie.ac-lille.fr\/prof-doc\/organisation-academique\/\" data-type=\"post\" data-id=\"529\">Organisation acad\u00e9mique,<\/a><\/li>\n\n\n\n<li><a href=\"https:\/\/pedagogie.ac-lille.fr\/prof-doc\/dans-les-districts-animateur-ice-s-relais-et-reunions\/\" data-type=\"post\" data-id=\"542\">Dans les districts,<\/a><\/li>\n\n\n\n<li><a href=\"https:\/\/pedagogie.ac-lille.fr\/prof-doc\/rendez-vous-de-carriere\/\" data-type=\"post\" data-id=\"535\">Rendez-vous de carri\u00e8re.<\/a><a href=\"http:\/\/profdoc.discipline.ac-lille.fr\/sinformer\/cadre-institutionnel\/rendez-vous-de-carriere\"><\/a><\/li>\n<\/ul>\n\n\n\n<h2 class=\"wp-block-heading\" id=\"Veille\">Veille<\/h2>\n\n\n\n<ul class=\"wp-block-list\">\n<li><a href=\"https:\/\/pedagogie.ac-lille.fr\/prof-doc\/les-lettres-dinformations-du-site-prof-doc-lille\/\" data-type=\"post\" data-id=\"562\">Lettre d&rsquo;information du site acad\u00e9mique par St\u00e9phanie Dudek et Kim Hollant<\/a>,<\/li>\n\n\n\n<li><a href=\"https:\/\/pedagogie.ac-lille.fr\/prof-doc\/veille-mutualisee\/\" data-type=\"post\" data-id=\"558\">Veille mutualis\u00e9e des professeurs documentalistes de l&rsquo;acad\u00e9mie<\/a>,<\/li>\n\n\n\n<li><a href=\"https:\/\/pedagogie.ac-lille.fr\/prof-doc\/veille-litterature-jeunesse\/\" data-type=\"post\" data-id=\"551\">Veille litt\u00e9rature jeunesse par Isabelle Harbonnier-Valdher<\/a>,<\/li>\n\n\n\n<li><a href=\"https:\/\/pedagogie.ac-lille.fr\/prof-doc\/veille-sur-le-numerique\/\" data-type=\"post\" data-id=\"566\">Veille sur le num\u00e9rique par M\u00e9lanie Serret<\/a>,<\/li>\n\n\n\n<li><a href=\"https:\/\/eduscol.education.fr\/2617\/lettre-edunum-documentation\" data-type=\"URL\" data-id=\"https:\/\/eduscol.education.fr\/2617\/lettre-edunum-documentation\" target=\"_blank\" rel=\"noreferrer noopener\">Lettre d&rsquo;information \u00c9dunum Documentation<\/a>,<\/li>\n\n\n\n<li><a href=\"https:\/\/eduscol.education.fr\/3854\/lettres-edunum-education-aux-medias-et-l-information\" target=\"_blank\" rel=\"noreferrer noopener\">Lettre d&rsquo;information \u00c9dunum EMI<\/a>,<\/li>\n\n\n\n<li><a href=\"https:\/\/clemi.site.ac-lille.fr\/page2-2\/\" target=\"_blank\" rel=\"noreferrer noopener\">Lettre d&rsquo;information du CL\u00c9MI Lille<\/a>,<\/li>\n\n\n\n<li><a href=\"https:\/\/draeac.site.ac-lille.fr\/category\/newsletter\/\" target=\"_blank\" rel=\"noreferrer noopener\">Lettre d&rsquo;information de la DRAEAC<\/a>,<\/li>\n\n\n\n<li><a href=\"https:\/\/www1.ac-lille.fr\/recherche\/tag\/innovation\" target=\"_blank\" rel=\"noreferrer noopener\">Lettre d&rsquo;information S\u00c9PIA<\/a>,<\/li>\n\n\n\n<li><a href=\"https:\/\/www.pearltrees.com\/t\/eleves-a-bep\/id31835129\" target=\"_blank\" rel=\"noreferrer noopener\">Ressources \u00c9l\u00e8ves \u00e0 Besoins \u00c9ducatifs Particuliers<\/a>.<\/li>\n<\/ul>\n","protected":false},"excerpt":{"rendered":"<p>Vous trouverez dans cette cat\u00e9gorie des informations sur le cadre institutionnel, sur le m\u00e9tier \u00e0 travers plusieurs partages de veille mais aussi sur les \u00e9v\u00e9nements dans l&rsquo;acad\u00e9mie gr\u00e2ce \u00e0 l&rsquo;agenda collaboratif. Cadre institutionnel Veille<\/p>\n","protected":false},"author":71,"featured_media":579,"parent":0,"menu_order":0,"comment_status":"closed","ping_status":"closed","template":"","meta":{"footnotes":""},"class_list":["post-506","page","type-page","status-publish","has-post-thumbnail","czr-hentry"],"publishpress_future_action":{"enabled":false,"date":"2026-04-28 16:02:26","action":"change-status","newStatus":"draft","terms":[],"taxonomy":"","extraData":[]},"publishpress_future_workflow_manual_trigger":{"enabledWorkflows":[]},"_links":{"self":[{"href":"https:\/\/pedagogie.ac-lille.fr\/prof-doc\/wp-json\/wp\/v2\/pages\/506","targetHints":{"allow":["GET"]}}],"collection":[{"href":"https:\/\/pedagogie.ac-lille.fr\/prof-doc\/wp-json\/wp\/v2\/pages"}],"about":[{"href":"https:\/\/pedagogie.ac-lille.fr\/prof-doc\/wp-json\/wp\/v2\/types\/page"}],"author":[{"embeddable":true,"href":"https:\/\/pedagogie.ac-lille.fr\/prof-doc\/wp-json\/wp\/v2\/users\/71"}],"replies":[{"embeddable":true,"href":"https:\/\/pedagogie.ac-lille.fr\/prof-doc\/wp-json\/wp\/v2\/comments?post=506"}],"version-history":[{"count":24,"href":"https:\/\/pedagogie.ac-lille.fr\/prof-doc\/wp-json\/wp\/v2\/pages\/506\/revisions"}],"predecessor-version":[{"id":3500,"href":"https:\/\/pedagogie.ac-lille.fr\/prof-doc\/wp-json\/wp\/v2\/pages\/506\/revisions\/3500"}],"wp:featuredmedia":[{"embeddable":true,"href":"https:\/\/pedagogie.ac-lille.fr\/prof-doc\/wp-json\/wp\/v2\/media\/579"}],"wp:attachment":[{"href":"https:\/\/pedagogie.ac-lille.fr\/prof-doc\/wp-json\/wp\/v2\/media?parent=506"}],"curies":[{"name":"wp","href":"https:\/\/api.w.org\/{rel}","templated":true}]}}