{"id":633,"date":"2023-07-13T22:23:43","date_gmt":"2023-07-13T20:23:43","guid":{"rendered":"https:\/\/pedagogie.ac-lille.fr\/prof-doc\/?page_id=633"},"modified":"2026-02-19T21:37:03","modified_gmt":"2026-02-19T20:37:03","slug":"enseigner","status":"publish","type":"page","link":"https:\/\/pedagogie.ac-lille.fr\/prof-doc\/enseigner\/","title":{"rendered":"Enseigner"},"content":{"rendered":"\n<h2 class=\"wp-block-heading\">Le professeur documentaliste, enseignant et ma\u00eetre d&rsquo;\u0153uvre de l&rsquo;acquisition par tous les \u00e9l\u00e8ves d&rsquo;une culture de l&rsquo;information et des m\u00e9dias<\/h2>\n\n\n\n<p>\u00ab\u00a0La mission du professeur documentaliste est p\u00e9dagogique et \u00e9ducative. Par son expertise dans le champ des sciences de l&rsquo;information et de la communication (Sic), il contribue aux enseignements et dispositifs permettant l&rsquo;acquisition d&rsquo;une culture et d&rsquo;une ma\u00eetrise de l&rsquo;information par tous les \u00e9l\u00e8ves. Son enseignement s&rsquo;inscrit dans une progression des apprentissages de la classe de sixi\u00e8me \u00e0 la classe de terminale, dans la voie g\u00e9n\u00e9rale, technologique et professionnelle. En diversifiant les ressources, les m\u00e9thodes et les outils, il contribue au d\u00e9veloppement de l&rsquo;esprit critique face aux sources de connaissance et d&rsquo;information. Il prend en compte l&rsquo;\u00e9volution des pratiques informationnelles des \u00e9l\u00e8ves et inscrit son action dans le cadre de l&rsquo;\u00e9ducation aux m\u00e9dias et \u00e0 l&rsquo;information.<\/p>\n\n\n\n<p>Le professeur documentaliste peut intervenir seul aupr\u00e8s des \u00e9l\u00e8ves dans des formations, des activit\u00e9s p\u00e9dagogiques et d&rsquo;enseignement, mais \u00e9galement de m\u00e9diation documentaire, ainsi que dans le cadre de co-enseignements, notamment pour que les apprentissages prennent en compte l&rsquo;\u00e9ducation aux m\u00e9dias et \u00e0 l&rsquo;information. Les \u00e9volutions du coll\u00e8ge, du lyc\u00e9e g\u00e9n\u00e9ral, technologique ou professionnel, en lien avec les enjeux de l&rsquo;\u00e9ducation aux m\u00e9dias et \u00e0 l&rsquo;information, de l&rsquo;orientation et des parcours des \u00e9l\u00e8ves, n\u00e9cessitent une p\u00e9dagogie favorisant l&rsquo;autonomie, l&rsquo;initiative et le travail collaboratif des \u00e9l\u00e8ves, autant que la personnalisation des apprentissages, l&rsquo;interdisciplinarit\u00e9 et l&rsquo;usage des technologies de l&rsquo;information et de la communication. Le professeur documentaliste participe aux travaux disciplinaires ou interdisciplinaires qui font appel en particulier \u00e0 la recherche et \u00e0 la ma\u00eetrise de l&rsquo;information. Il accompagne la production d&rsquo;un travail personnel d&rsquo;un \u00e9l\u00e8ve ou d&rsquo;un groupe d&rsquo;\u00e9l\u00e8ves et les aide dans leur acc\u00e8s \u00e0 l&rsquo;autonomie. Il est au c\u0153ur de la conception et de la mise en \u0153uvre des activit\u00e9s organis\u00e9es dans le cadre de la semaine de la presse et des m\u00e9dias \u00e0 l&rsquo;\u00e9cole.<\/p>\n\n\n\n<p>Le professeur documentaliste contribue \u00e0 l&rsquo;acquisition par les \u00e9l\u00e8ves des connaissances et des comp\u00e9tences d\u00e9finies dans les contenus de formation (socle commun de connaissances, de comp\u00e9tences et de culture, programmes et r\u00e9f\u00e9rentiels), en lien avec les dispositifs p\u00e9dagogiques et \u00e9ducatifs mis en place dans l&rsquo;\u00e9tablissement, dans et hors du CDI.<\/p>\n\n\n\n<p>Le professeur documentaliste peut exercer des heures d&rsquo;enseignement. \u00ab&nbsp;Les heures d&rsquo;enseignement correspondent aux heures d&rsquo;intervention p\u00e9dagogique devant les \u00e9l\u00e8ves telles qu&rsquo;elles r\u00e9sultent de la mise en \u0153uvre des horaires d&rsquo;enseignement d\u00e9finis pour chaque cycle&nbsp;\u00bb (<a href=\"http:\/\/www.education.gouv.fr\/pid285\/bulletin_officiel.html?cid_bo=87302\">circulaire n\u00b0 2015-057 du 29 avril 2015<\/a>). En application du titre III de l&rsquo;article 2 du d\u00e9cret n\u00b0 2014-940 du 20 ao\u00fbt 2014 modifi\u00e9, chaque heure d&rsquo;enseignement est d\u00e9compt\u00e9e pour deux heures dans le maximum de service des professeurs documentalistes.<\/p>\n\n\n\n<p>Les heures d&rsquo;enseignement sont effectu\u00e9es dans le respect n\u00e9cessaire du bon fonctionnement du CDI.\u00a0\u00bb<\/p>\n\n\n\n<p><em>Extrait de la circulaire de missions du professeur documentaliste.<\/em><\/p>\n\n\n\n<p><\/p>\n\n\n\n<h2 class=\"wp-block-heading\">Construire une s\u00e9ance p\u00e9dagogique<\/h2>\n\n\n\n<ul class=\"wp-block-list\">\n<li><a href=\"https:\/\/nuage03.apps.education.fr\/index.php\/s\/p7Mcfbt8FBMcbJZ?dir=\/&amp;editing=false&amp;openfile=true\" target=\"_blank\" rel=\"noreferrer noopener\">M\u00e9thodologie propos\u00e9e pour b\u00e2tir un sc\u00e9nario p\u00e9dagogique<\/a> : d\u00e9finition des objets d&rsquo;apprentissage info-documentaires (notions et comp\u00e9tences), m\u00e9thodes p\u00e9dagogiques, et fiche de pr\u00e9paration par Sophie Van Ommeslaeghe &#8211; Lyc\u00e9e Edouard Branly (Boulogne-sur-Mer).<\/li>\n\n\n\n<li>Astuce : <a rel=\"noreferrer noopener\" href=\"https:\/\/drive.google.com\/file\/d\/1nOHQ00bAK7Cii8xxCBNrgfCND3d3b20m\/view\" target=\"_blank\">fiche pour concevoir une s\u00e9ance p\u00e9dagogique<\/a>. Le d\u00e9roul\u00e9 peut \u00eatre r\u00e9dig\u00e9 et les comp\u00e9tences surlign\u00e9es. Le but est d&rsquo;avoir les points essentiels des r\u00e9f\u00e9rentiels \u00ab\u00a0sous la main\u00a0\u00bb par M\u00e9lanie Serret &#8211; Lyc\u00e9e Giraux Sannier (Saint Martin Boulogne).<\/li>\n<\/ul>\n\n\n\n<h2 class=\"wp-block-heading\">Mutualisations<\/h2>\n\n\n\n<p>Chaque p\u00e9riode, les coll\u00e8gues inscrit\u00b7e\u00b7s au&nbsp;Prof Doc Caf\u00e9&nbsp;se retrouvent en visioconf\u00e9rence pour mutualiser leurs&nbsp;ressources coups de c\u0153ur. Ce moment convivial permet de d\u00e9couvrir des outils, des webinaires, des projets, des ressources diverses et vari\u00e9es&#8230;<\/p>\n\n\n<div class=\"wp-block-image\">\n<figure class=\"aligncenter size-large is-resized\"><a href=\"https:\/\/digiwall.app\/w\/4330\/986308\/profdoccafe2025\" target=\"_blank\" rel=\" noreferrer noopener\"><img loading=\"lazy\" decoding=\"async\" width=\"1024\" height=\"996\" src=\"http:\/\/pedagogie.ac-lille.fr\/prof-doc\/wp-content\/uploads\/sites\/57\/2023\/07\/Capture-decran-2026-02-15-a-19.09.15-1024x996.png\" alt=\"\" class=\"wp-image-5232\" style=\"width:300px\" srcset=\"https:\/\/pedagogie.ac-lille.fr\/prof-doc\/wp-content\/uploads\/sites\/57\/2023\/07\/Capture-decran-2026-02-15-a-19.09.15-1024x996.png 1024w, https:\/\/pedagogie.ac-lille.fr\/prof-doc\/wp-content\/uploads\/sites\/57\/2023\/07\/Capture-decran-2026-02-15-a-19.09.15-300x292.png 300w, https:\/\/pedagogie.ac-lille.fr\/prof-doc\/wp-content\/uploads\/sites\/57\/2023\/07\/Capture-decran-2026-02-15-a-19.09.15-768x747.png 768w, https:\/\/pedagogie.ac-lille.fr\/prof-doc\/wp-content\/uploads\/sites\/57\/2023\/07\/Capture-decran-2026-02-15-a-19.09.15.png 1308w\" sizes=\"auto, (max-width: 1024px) 100vw, 1024px\" \/><\/a><\/figure>\n<\/div>\n\n\n<p><\/p>\n","protected":false},"excerpt":{"rendered":"<p>Le professeur documentaliste, enseignant et ma\u00eetre d&rsquo;\u0153uvre de l&rsquo;acquisition par tous les \u00e9l\u00e8ves d&rsquo;une culture de l&rsquo;information et des m\u00e9dias \u00ab\u00a0La mission du professeur documentaliste est p\u00e9dagogique et \u00e9ducative. Par son expertise dans le champ des sciences de l&rsquo;information et de la communication (Sic), il contribue aux enseignements et dispositifs permettant l&rsquo;acquisition d&rsquo;une culture et [&hellip;]<\/p>\n","protected":false},"author":71,"featured_media":1614,"parent":0,"menu_order":0,"comment_status":"closed","ping_status":"closed","template":"","meta":{"footnotes":""},"class_list":["post-633","page","type-page","status-publish","has-post-thumbnail","czr-hentry"],"publishpress_future_action":{"enabled":false,"date":"2026-04-28 14:32:02","action":"change-status","newStatus":"draft","terms":[],"taxonomy":"","extraData":[]},"publishpress_future_workflow_manual_trigger":{"enabledWorkflows":[]},"_links":{"self":[{"href":"https:\/\/pedagogie.ac-lille.fr\/prof-doc\/wp-json\/wp\/v2\/pages\/633","targetHints":{"allow":["GET"]}}],"collection":[{"href":"https:\/\/pedagogie.ac-lille.fr\/prof-doc\/wp-json\/wp\/v2\/pages"}],"about":[{"href":"https:\/\/pedagogie.ac-lille.fr\/prof-doc\/wp-json\/wp\/v2\/types\/page"}],"author":[{"embeddable":true,"href":"https:\/\/pedagogie.ac-lille.fr\/prof-doc\/wp-json\/wp\/v2\/users\/71"}],"replies":[{"embeddable":true,"href":"https:\/\/pedagogie.ac-lille.fr\/prof-doc\/wp-json\/wp\/v2\/comments?post=633"}],"version-history":[{"count":15,"href":"https:\/\/pedagogie.ac-lille.fr\/prof-doc\/wp-json\/wp\/v2\/pages\/633\/revisions"}],"predecessor-version":[{"id":5277,"href":"https:\/\/pedagogie.ac-lille.fr\/prof-doc\/wp-json\/wp\/v2\/pages\/633\/revisions\/5277"}],"wp:featuredmedia":[{"embeddable":true,"href":"https:\/\/pedagogie.ac-lille.fr\/prof-doc\/wp-json\/wp\/v2\/media\/1614"}],"wp:attachment":[{"href":"https:\/\/pedagogie.ac-lille.fr\/prof-doc\/wp-json\/wp\/v2\/media?parent=633"}],"curies":[{"name":"wp","href":"https:\/\/api.w.org\/{rel}","templated":true}]}}