{"id":10355,"date":"2023-04-16T19:14:22","date_gmt":"2023-04-16T17:14:22","guid":{"rendered":"https:\/\/pedagogie.ac-lille.fr\/sbssa\/?page_id=10355"},"modified":"2023-04-17T15:40:30","modified_gmt":"2023-04-17T13:40:30","slug":"textes-officiels-3e-prepa-metiers","status":"publish","type":"page","link":"https:\/\/pedagogie.ac-lille.fr\/sbssa\/enseignements-generaux\/sciences-et-vie-de-la-terre-s-v-t-en-3e-prepa-metiers\/textes-officiels-3e-prepa-metiers\/","title":{"rendered":"Textes officiels &#8211; 3e Pr\u00e9pa-M\u00e9tiers"},"content":{"rendered":"<ul class=\"wp-block-latest-posts__list has-dates wp-block-latest-posts\"><li><div class=\"wp-block-latest-posts__featured-image alignleft\"><a href=\"https:\/\/pedagogie.ac-lille.fr\/sbssa\/les-deux-disciplines-choisies-pour-lepreuve-ecrite-de-sciences-du-dnb-session-2024\/\" aria-label=\"Les deux disciplines choisies pour l&rsquo;\u00e9preuve \u00e9crite de sciences du DNB &#8211; Session 2024\"><img loading=\"lazy\" decoding=\"async\" width=\"300\" height=\"118\" src=\"https:\/\/pedagogie.ac-lille.fr\/sbssa\/wp-content\/uploads\/sites\/30\/2021\/01\/eduscol_1-300x118.png\" class=\"attachment-medium size-medium no-lazy wp-post-image\" alt=\"\" style=\"max-width:150px;max-height:150px;\" srcset=\"https:\/\/pedagogie.ac-lille.fr\/sbssa\/wp-content\/uploads\/sites\/30\/2021\/01\/eduscol_1-300x118.png 300w, https:\/\/pedagogie.ac-lille.fr\/sbssa\/wp-content\/uploads\/sites\/30\/2021\/01\/eduscol_1.png 487w\" sizes=\"auto, (max-width: 300px) 100vw, 300px\" \/><\/a><\/div><a class=\"wp-block-latest-posts__post-title\" href=\"https:\/\/pedagogie.ac-lille.fr\/sbssa\/les-deux-disciplines-choisies-pour-lepreuve-ecrite-de-sciences-du-dnb-session-2024\/\">Les deux disciplines choisies pour l&rsquo;\u00e9preuve \u00e9crite de sciences du DNB &#8211; Session 2024<\/a><time datetime=\"2024-05-05T19:46:08+02:00\" class=\"wp-block-latest-posts__post-date\">5 mai 2024<\/time><\/li>\n<li><div class=\"wp-block-latest-posts__featured-image alignleft\"><a href=\"https:\/\/pedagogie.ac-lille.fr\/sbssa\/document-daccompagnement-pour-levaluation-des-acquis-du-socle-commun-de-connaissances-de-competences-et-de-culture-elements-pour-lappreciation-du-niveau-de-maitrise-satisf\/\" aria-label=\"Document d\u2019accompagnement pour l\u2019\u00e9valuation des acquis du socle commun de connaissances, de comp\u00e9tences et de culture. \u00c9l\u00e9ments pour l\u2019appr\u00e9ciation du niveau de ma\u00eetrise satisfaisant en fin de cycle 4 &#8211; \u00c9duscol 2016\"><img loading=\"lazy\" decoding=\"async\" width=\"300\" height=\"100\" src=\"https:\/\/pedagogie.ac-lille.fr\/sbssa\/wp-content\/uploads\/sites\/30\/2023\/02\/chartegraphique_1000_marianne-300x100.gif\" class=\"attachment-medium size-medium no-lazy wp-post-image\" alt=\"\" style=\"max-width:150px;max-height:150px;\" \/><\/a><\/div><a class=\"wp-block-latest-posts__post-title\" href=\"https:\/\/pedagogie.ac-lille.fr\/sbssa\/document-daccompagnement-pour-levaluation-des-acquis-du-socle-commun-de-connaissances-de-competences-et-de-culture-elements-pour-lappreciation-du-niveau-de-maitrise-satisf\/\">Document d\u2019accompagnement pour l\u2019\u00e9valuation des acquis du socle commun de connaissances, de comp\u00e9tences et de culture. \u00c9l\u00e9ments pour l\u2019appr\u00e9ciation du niveau de ma\u00eetrise satisfaisant en fin de cycle 4 &#8211; \u00c9duscol 2016<\/a><time datetime=\"2020-10-28T20:20:00+01:00\" class=\"wp-block-latest-posts__post-date\">28 octobre 2020<\/time><\/li>\n<li><div class=\"wp-block-latest-posts__featured-image alignleft\"><a href=\"https:\/\/pedagogie.ac-lille.fr\/sbssa\/annales-zero-dnb-a-compter-de-la-session-2017-serie-professionnelle-epreuve-de-mathematiques-physique-chimie-sciences-de-la-vie-et-de-la-terre-et-technologie-eduscol-octobre-2016\/\" aria-label=\"Annales z\u00e9ro DNB \u00e0 compter de la session 2017 s\u00e9rie professionnelle &#8211; \u00c9preuve de math\u00e9matiques, physique-chimie, sciences de la vie et de la Terre et technologie &#8211; \u00c9duscol-Octobre 2016\"><img loading=\"lazy\" decoding=\"async\" width=\"300\" height=\"100\" src=\"https:\/\/pedagogie.ac-lille.fr\/sbssa\/wp-content\/uploads\/sites\/30\/2023\/02\/chartegraphique_1000_marianne-300x100.gif\" class=\"attachment-medium size-medium no-lazy wp-post-image\" alt=\"\" style=\"max-width:150px;max-height:150px;\" \/><\/a><\/div><a class=\"wp-block-latest-posts__post-title\" href=\"https:\/\/pedagogie.ac-lille.fr\/sbssa\/annales-zero-dnb-a-compter-de-la-session-2017-serie-professionnelle-epreuve-de-mathematiques-physique-chimie-sciences-de-la-vie-et-de-la-terre-et-technologie-eduscol-octobre-2016\/\">Annales z\u00e9ro DNB \u00e0 compter de la session 2017 s\u00e9rie professionnelle &#8211; \u00c9preuve de math\u00e9matiques, physique-chimie, sciences de la vie et de la Terre et technologie &#8211; \u00c9duscol-Octobre 2016<\/a><time datetime=\"2020-10-16T20:41:00+02:00\" class=\"wp-block-latest-posts__post-date\">16 octobre 2020<\/time><\/li>\n<li><div class=\"wp-block-latest-posts__featured-image alignleft\"><a href=\"https:\/\/pedagogie.ac-lille.fr\/sbssa\/programme-denseignement-du-cycle-des-approfondissements-cycle-4-svt-boen-n-31-du-30-juillet-2020\/\" aria-label=\"3e Pr\u00e9pa-M\u00e9tiers &#8211; Programme d\u2019enseignement du cycle des approfondissements (cycle 4) &#8211; SVT &#8211; BOEN n\u00b0 31 du 30 juillet 2020\"><img loading=\"lazy\" decoding=\"async\" width=\"300\" height=\"100\" src=\"https:\/\/pedagogie.ac-lille.fr\/sbssa\/wp-content\/uploads\/sites\/30\/2023\/02\/chartegraphique_1000_marianne-300x100.gif\" class=\"attachment-medium size-medium no-lazy wp-post-image\" alt=\"\" style=\"max-width:150px;max-height:150px;\" \/><\/a><\/div><a class=\"wp-block-latest-posts__post-title\" href=\"https:\/\/pedagogie.ac-lille.fr\/sbssa\/programme-denseignement-du-cycle-des-approfondissements-cycle-4-svt-boen-n-31-du-30-juillet-2020\/\">3e Pr\u00e9pa-M\u00e9tiers &#8211; Programme d\u2019enseignement du cycle des approfondissements (cycle 4) &#8211; SVT &#8211; BOEN n\u00b0 31 du 30 juillet 2020<\/a><time datetime=\"2020-07-30T19:54:00+02:00\" class=\"wp-block-latest-posts__post-date\">30 juillet 2020<\/time><\/li>\n<li><div class=\"wp-block-latest-posts__featured-image alignleft\"><a href=\"https:\/\/pedagogie.ac-lille.fr\/sbssa\/3e-prepa-metiers-vademecum-2019\/\" aria-label=\"3e Pr\u00e9pa-M\u00e9tiers &#8211; VADEMECUM 2019\"><img loading=\"lazy\" decoding=\"async\" width=\"212\" height=\"300\" src=\"https:\/\/pedagogie.ac-lille.fr\/sbssa\/wp-content\/uploads\/sites\/30\/2020\/04\/Vademecum-212x300.jpg\" class=\"attachment-medium size-medium no-lazy wp-post-image\" alt=\"\" style=\"max-width:150px;max-height:150px;\" srcset=\"https:\/\/pedagogie.ac-lille.fr\/sbssa\/wp-content\/uploads\/sites\/30\/2020\/04\/Vademecum-212x300.jpg 212w, https:\/\/pedagogie.ac-lille.fr\/sbssa\/wp-content\/uploads\/sites\/30\/2020\/04\/Vademecum.jpg 615w\" sizes=\"auto, (max-width: 212px) 100vw, 212px\" \/><\/a><\/div><a class=\"wp-block-latest-posts__post-title\" href=\"https:\/\/pedagogie.ac-lille.fr\/sbssa\/3e-prepa-metiers-vademecum-2019\/\">3e Pr\u00e9pa-M\u00e9tiers &#8211; VADEMECUM 2019<\/a><time datetime=\"2020-04-16T20:11:00+02:00\" class=\"wp-block-latest-posts__post-date\">16 avril 2020<\/time><\/li>\n<li><div class=\"wp-block-latest-posts__featured-image alignleft\"><a href=\"https:\/\/pedagogie.ac-lille.fr\/sbssa\/3e-prepa-metiers-arrete-du-10-avril-2019-relatif-a-lorganisation-des-enseignements-dans-les-classes-de-troisieme-dites-prepa-metiers\/\" aria-label=\"3e Pr\u00e9pa-M\u00e9tiers &#8211; Arr\u00eat\u00e9 du 10 avril 2019 relatif \u00e0 l&rsquo;organisation des enseignements dans les classes de troisi\u00e8me dites \u00ab\u00a0pr\u00e9pa-m\u00e9tiers\u00a0\u00bb\"><img loading=\"lazy\" decoding=\"async\" width=\"300\" height=\"165\" src=\"https:\/\/pedagogie.ac-lille.fr\/sbssa\/wp-content\/uploads\/sites\/30\/2021\/03\/gavel-3577258_1920-300x165.jpg\" class=\"attachment-medium size-medium no-lazy wp-post-image\" alt=\"Arr\u00eat\u00e9\" style=\"max-width:150px;max-height:150px;\" srcset=\"https:\/\/pedagogie.ac-lille.fr\/sbssa\/wp-content\/uploads\/sites\/30\/2021\/03\/gavel-3577258_1920-300x165.jpg 300w, https:\/\/pedagogie.ac-lille.fr\/sbssa\/wp-content\/uploads\/sites\/30\/2021\/03\/gavel-3577258_1920-1024x563.jpg 1024w, https:\/\/pedagogie.ac-lille.fr\/sbssa\/wp-content\/uploads\/sites\/30\/2021\/03\/gavel-3577258_1920-768x422.jpg 768w, https:\/\/pedagogie.ac-lille.fr\/sbssa\/wp-content\/uploads\/sites\/30\/2021\/03\/gavel-3577258_1920-1536x845.jpg 1536w, https:\/\/pedagogie.ac-lille.fr\/sbssa\/wp-content\/uploads\/sites\/30\/2021\/03\/gavel-3577258_1920.jpg 1920w\" sizes=\"auto, (max-width: 300px) 100vw, 300px\" \/><\/a><\/div><a class=\"wp-block-latest-posts__post-title\" href=\"https:\/\/pedagogie.ac-lille.fr\/sbssa\/3e-prepa-metiers-arrete-du-10-avril-2019-relatif-a-lorganisation-des-enseignements-dans-les-classes-de-troisieme-dites-prepa-metiers\/\">3e Pr\u00e9pa-M\u00e9tiers &#8211; Arr\u00eat\u00e9 du 10 avril 2019 relatif \u00e0 l&rsquo;organisation des enseignements dans les classes de troisi\u00e8me dites \u00ab\u00a0pr\u00e9pa-m\u00e9tiers\u00a0\u00bb<\/a><time datetime=\"2019-04-10T20:00:00+02:00\" class=\"wp-block-latest-posts__post-date\">10 avril 2019<\/time><\/li>\n<li><div class=\"wp-block-latest-posts__featured-image alignleft\"><a href=\"https:\/\/pedagogie.ac-lille.fr\/sbssa\/3e-prepa-metiers-decret-n-2019-176-du-7-mars-2019-relatif-a-la-classe-de-troisieme-dite-prepa-metiers\/\" aria-label=\"3e Pr\u00e9pa-M\u00e9tiers &#8211; D\u00e9cret n\u00b0 2019-176 du 7 mars 2019 relatif \u00e0 la classe de troisi\u00e8me dite \u00ab\u00a0pr\u00e9pa-m\u00e9tiers\u00a0\u00bb\"><img loading=\"lazy\" decoding=\"async\" width=\"300\" height=\"165\" src=\"https:\/\/pedagogie.ac-lille.fr\/sbssa\/wp-content\/uploads\/sites\/30\/2021\/03\/gavel-3577258_1920-300x165.jpg\" class=\"attachment-medium size-medium no-lazy wp-post-image\" alt=\"Arr\u00eat\u00e9\" style=\"max-width:150px;max-height:150px;\" srcset=\"https:\/\/pedagogie.ac-lille.fr\/sbssa\/wp-content\/uploads\/sites\/30\/2021\/03\/gavel-3577258_1920-300x165.jpg 300w, https:\/\/pedagogie.ac-lille.fr\/sbssa\/wp-content\/uploads\/sites\/30\/2021\/03\/gavel-3577258_1920-1024x563.jpg 1024w, https:\/\/pedagogie.ac-lille.fr\/sbssa\/wp-content\/uploads\/sites\/30\/2021\/03\/gavel-3577258_1920-768x422.jpg 768w, https:\/\/pedagogie.ac-lille.fr\/sbssa\/wp-content\/uploads\/sites\/30\/2021\/03\/gavel-3577258_1920-1536x845.jpg 1536w, https:\/\/pedagogie.ac-lille.fr\/sbssa\/wp-content\/uploads\/sites\/30\/2021\/03\/gavel-3577258_1920.jpg 1920w\" sizes=\"auto, (max-width: 300px) 100vw, 300px\" \/><\/a><\/div><a class=\"wp-block-latest-posts__post-title\" href=\"https:\/\/pedagogie.ac-lille.fr\/sbssa\/3e-prepa-metiers-decret-n-2019-176-du-7-mars-2019-relatif-a-la-classe-de-troisieme-dite-prepa-metiers\/\">3e Pr\u00e9pa-M\u00e9tiers &#8211; D\u00e9cret n\u00b0 2019-176 du 7 mars 2019 relatif \u00e0 la classe de troisi\u00e8me dite \u00ab\u00a0pr\u00e9pa-m\u00e9tiers\u00a0\u00bb<\/a><time datetime=\"2019-03-07T20:05:00+01:00\" class=\"wp-block-latest-posts__post-date\">7 mars 2019<\/time><\/li>\n<li><div class=\"wp-block-latest-posts__featured-image alignleft\"><a href=\"https:\/\/pedagogie.ac-lille.fr\/sbssa\/dnb-modalites-dattribution-du-diplome-national-du-brevet-dnb-site-eduscol\/\" aria-label=\"DNB &#8211; Modalit\u00e9s d&rsquo;attribution du dipl\u00f4me national du brevet (DNB) &#8211; Site \u00c9duscol\"><img loading=\"lazy\" decoding=\"async\" width=\"300\" height=\"200\" src=\"https:\/\/pedagogie.ac-lille.fr\/sbssa\/wp-content\/uploads\/sites\/30\/2023\/04\/DNB-300x200.jpeg\" class=\"attachment-medium size-medium no-lazy wp-post-image\" alt=\"\" style=\"max-width:150px;max-height:150px;\" srcset=\"https:\/\/pedagogie.ac-lille.fr\/sbssa\/wp-content\/uploads\/sites\/30\/2023\/04\/DNB-300x200.jpeg 300w, https:\/\/pedagogie.ac-lille.fr\/sbssa\/wp-content\/uploads\/sites\/30\/2023\/04\/DNB-1024x683.jpeg 1024w, https:\/\/pedagogie.ac-lille.fr\/sbssa\/wp-content\/uploads\/sites\/30\/2023\/04\/DNB-768x512.jpeg 768w, https:\/\/pedagogie.ac-lille.fr\/sbssa\/wp-content\/uploads\/sites\/30\/2023\/04\/DNB-1536x1024.jpeg 1536w, https:\/\/pedagogie.ac-lille.fr\/sbssa\/wp-content\/uploads\/sites\/30\/2023\/04\/DNB.jpeg 2048w\" sizes=\"auto, (max-width: 300px) 100vw, 300px\" \/><\/a><\/div><a class=\"wp-block-latest-posts__post-title\" href=\"https:\/\/pedagogie.ac-lille.fr\/sbssa\/dnb-modalites-dattribution-du-diplome-national-du-brevet-dnb-site-eduscol\/\">DNB &#8211; Modalit\u00e9s d&rsquo;attribution du dipl\u00f4me national du brevet (DNB) &#8211; Site \u00c9duscol<\/a><time datetime=\"2018-11-16T20:56:00+01:00\" class=\"wp-block-latest-posts__post-date\">16 novembre 2018<\/time><\/li>\n<li><a class=\"wp-block-latest-posts__post-title\" href=\"https:\/\/pedagogie.ac-lille.fr\/sbssa\/3e-prepa-metiers-referentiel-octobre-2016\/\">3e Pr\u00e9pa-M\u00e9tiers &#8211; R\u00e9f\u00e9rentiel &#8211; Octobre 2016<\/a><time datetime=\"2016-10-16T21:32:00+02:00\" class=\"wp-block-latest-posts__post-date\">16 octobre 2016<\/time><\/li>\n<li><div class=\"wp-block-latest-posts__featured-image alignleft\"><a href=\"https:\/\/pedagogie.ac-lille.fr\/sbssa\/3e-prepa-metiers-note-de-service-du-12-octobre-2016-referentiel-de-formation-relatif-aux-sciences-et-a-la-technologie-au-cycle-4-pour-les-eleves-beneficiant-de-dispositifs-particuliers\/\" aria-label=\"3e Pr\u00e9pa-M\u00e9tiers &#8211; Note de service du 12 octobre 2016 &#8211; R\u00e9f\u00e9rentiel de formation relatif aux sciences et \u00e0 la technologie au cycle 4 pour les \u00e9l\u00e8ves b\u00e9n\u00e9ficiant de dispositifs particuliers\"><img loading=\"lazy\" decoding=\"async\" width=\"300\" height=\"199\" src=\"https:\/\/pedagogie.ac-lille.fr\/sbssa\/wp-content\/uploads\/sites\/30\/2021\/07\/laptop-819285_1920-300x199.jpg\" class=\"attachment-medium size-medium no-lazy wp-post-image\" alt=\"R\u00e9f\u00e9rentiel\" style=\"max-width:150px;max-height:150px;\" srcset=\"https:\/\/pedagogie.ac-lille.fr\/sbssa\/wp-content\/uploads\/sites\/30\/2021\/07\/laptop-819285_1920-300x199.jpg 300w, https:\/\/pedagogie.ac-lille.fr\/sbssa\/wp-content\/uploads\/sites\/30\/2021\/07\/laptop-819285_1920-1024x680.jpg 1024w, https:\/\/pedagogie.ac-lille.fr\/sbssa\/wp-content\/uploads\/sites\/30\/2021\/07\/laptop-819285_1920-768x510.jpg 768w, https:\/\/pedagogie.ac-lille.fr\/sbssa\/wp-content\/uploads\/sites\/30\/2021\/07\/laptop-819285_1920-1536x1020.jpg 1536w, https:\/\/pedagogie.ac-lille.fr\/sbssa\/wp-content\/uploads\/sites\/30\/2021\/07\/laptop-819285_1920.jpg 1920w\" sizes=\"auto, (max-width: 300px) 100vw, 300px\" \/><\/a><\/div><a class=\"wp-block-latest-posts__post-title\" href=\"https:\/\/pedagogie.ac-lille.fr\/sbssa\/3e-prepa-metiers-note-de-service-du-12-octobre-2016-referentiel-de-formation-relatif-aux-sciences-et-a-la-technologie-au-cycle-4-pour-les-eleves-beneficiant-de-dispositifs-particuliers\/\">3e Pr\u00e9pa-M\u00e9tiers &#8211; Note de service du 12 octobre 2016 &#8211; R\u00e9f\u00e9rentiel de formation relatif aux sciences et \u00e0 la technologie au cycle 4 pour les \u00e9l\u00e8ves b\u00e9n\u00e9ficiant de dispositifs particuliers<\/a><time datetime=\"2016-10-12T21:28:00+02:00\" class=\"wp-block-latest-posts__post-date\">12 octobre 2016<\/time><\/li>\n<li><div class=\"wp-block-latest-posts__featured-image alignleft\"><a href=\"https:\/\/pedagogie.ac-lille.fr\/sbssa\/3e-prepa-metiers-socle-commun-de-connaissances-de-competences-et-de-culture-boen-n-17-du-23-avril-2015\/\" aria-label=\"3e Pr\u00e9pa-M\u00e9tiers &#8211; Socle commun de connaissances, de comp\u00e9tences et de culture &#8211; BOEN n\u00b0 17 du 23 avril 2015\"><img loading=\"lazy\" decoding=\"async\" width=\"300\" height=\"100\" src=\"https:\/\/pedagogie.ac-lille.fr\/sbssa\/wp-content\/uploads\/sites\/30\/2023\/02\/chartegraphique_1000_marianne-300x100.gif\" class=\"attachment-medium size-medium no-lazy wp-post-image\" alt=\"\" style=\"max-width:150px;max-height:150px;\" \/><\/a><\/div><a class=\"wp-block-latest-posts__post-title\" href=\"https:\/\/pedagogie.ac-lille.fr\/sbssa\/3e-prepa-metiers-socle-commun-de-connaissances-de-competences-et-de-culture-boen-n-17-du-23-avril-2015\/\">3e Pr\u00e9pa-M\u00e9tiers &#8211; Socle commun de connaissances, de comp\u00e9tences et de culture &#8211; BOEN n\u00b0 17 du 23 avril 2015<\/a><time datetime=\"2015-04-23T20:46:00+02:00\" class=\"wp-block-latest-posts__post-date\">23 avril 2015<\/time><\/li>\n<\/ul>","protected":false},"excerpt":{"rendered":"","protected":false},"author":48,"featured_media":3822,"parent":663,"menu_order":0,"comment_status":"closed","ping_status":"closed","template":"","meta":{"ngg_post_thumbnail":0,"footnotes":""},"class_list":["post-10355","page","type-page","status-publish","has-post-thumbnail","czr-hentry"],"publishpress_future_action":{"enabled":false,"date":"2026-04-13 18:16:42","action":"change-status","newStatus":"draft","terms":[],"taxonomy":"","extraData":[]},"publishpress_future_workflow_manual_trigger":{"enabledWorkflows":[]},"_links":{"self":[{"href":"https:\/\/pedagogie.ac-lille.fr\/sbssa\/wp-json\/wp\/v2\/pages\/10355","targetHints":{"allow":["GET"]}}],"collection":[{"href":"https:\/\/pedagogie.ac-lille.fr\/sbssa\/wp-json\/wp\/v2\/pages"}],"about":[{"href":"https:\/\/pedagogie.ac-lille.fr\/sbssa\/wp-json\/wp\/v2\/types\/page"}],"author":[{"embeddable":true,"href":"https:\/\/pedagogie.ac-lille.fr\/sbssa\/wp-json\/wp\/v2\/users\/48"}],"replies":[{"embeddable":true,"href":"https:\/\/pedagogie.ac-lille.fr\/sbssa\/wp-json\/wp\/v2\/comments?post=10355"}],"version-history":[{"count":3,"href":"https:\/\/pedagogie.ac-lille.fr\/sbssa\/wp-json\/wp\/v2\/pages\/10355\/revisions"}],"predecessor-version":[{"id":10375,"href":"https:\/\/pedagogie.ac-lille.fr\/sbssa\/wp-json\/wp\/v2\/pages\/10355\/revisions\/10375"}],"up":[{"embeddable":true,"href":"https:\/\/pedagogie.ac-lille.fr\/sbssa\/wp-json\/wp\/v2\/pages\/663"}],"wp:featuredmedia":[{"embeddable":true,"href":"https:\/\/pedagogie.ac-lille.fr\/sbssa\/wp-json\/wp\/v2\/media\/3822"}],"wp:attachment":[{"href":"https:\/\/pedagogie.ac-lille.fr\/sbssa\/wp-json\/wp\/v2\/media?parent=10355"}],"curies":[{"name":"wp","href":"https:\/\/api.w.org\/{rel}","templated":true}]}}