{"id":10358,"date":"2023-04-16T19:15:32","date_gmt":"2023-04-16T17:15:32","guid":{"rendered":"https:\/\/pedagogie.ac-lille.fr\/sbssa\/?page_id=10358"},"modified":"2023-04-17T15:01:47","modified_gmt":"2023-04-17T13:01:47","slug":"documents-academiques-3e-prepa-metiers","status":"publish","type":"page","link":"https:\/\/pedagogie.ac-lille.fr\/sbssa\/enseignements-generaux\/sciences-et-vie-de-la-terre-s-v-t-en-3e-prepa-metiers\/documents-academiques-3e-prepa-metiers\/","title":{"rendered":"Documents acad\u00e9miques &#8211; 3e Pr\u00e9pa-M\u00e9tiers"},"content":{"rendered":"<ul class=\"wp-block-latest-posts__list has-dates wp-block-latest-posts\"><li><div class=\"wp-block-latest-posts__featured-image alignleft\"><a href=\"https:\/\/pedagogie.ac-lille.fr\/sbssa\/3e-prepa-metiers-pedagogies-innovantes-paf-mars-2020\/\" aria-label=\"Prot\u00e9g\u00e9\u00a0: PAF 2019 &#8211; 2020 en 3e Pr\u00e9pa-M\u00e9tiers : P\u00e9dagogies innovantes &#8211; Mars 2020\"><img loading=\"lazy\" decoding=\"async\" width=\"300\" height=\"300\" src=\"https:\/\/pedagogie.ac-lille.fr\/sbssa\/wp-content\/uploads\/sites\/30\/2023\/04\/bulb-gfa575a810_1280-300x300.png\" class=\"attachment-medium size-medium no-lazy wp-post-image\" alt=\"\" style=\"max-width:150px;max-height:150px;\" srcset=\"https:\/\/pedagogie.ac-lille.fr\/sbssa\/wp-content\/uploads\/sites\/30\/2023\/04\/bulb-gfa575a810_1280-300x300.png 300w, https:\/\/pedagogie.ac-lille.fr\/sbssa\/wp-content\/uploads\/sites\/30\/2023\/04\/bulb-gfa575a810_1280-1024x1024.png 1024w, https:\/\/pedagogie.ac-lille.fr\/sbssa\/wp-content\/uploads\/sites\/30\/2023\/04\/bulb-gfa575a810_1280-150x150.png 150w, https:\/\/pedagogie.ac-lille.fr\/sbssa\/wp-content\/uploads\/sites\/30\/2023\/04\/bulb-gfa575a810_1280-768x768.png 768w, https:\/\/pedagogie.ac-lille.fr\/sbssa\/wp-content\/uploads\/sites\/30\/2023\/04\/bulb-gfa575a810_1280-510x510.png 510w, https:\/\/pedagogie.ac-lille.fr\/sbssa\/wp-content\/uploads\/sites\/30\/2023\/04\/bulb-gfa575a810_1280.png 1280w\" sizes=\"auto, (max-width: 300px) 100vw, 300px\" \/><\/a><\/div><a class=\"wp-block-latest-posts__post-title\" href=\"https:\/\/pedagogie.ac-lille.fr\/sbssa\/3e-prepa-metiers-pedagogies-innovantes-paf-mars-2020\/\">Prot\u00e9g\u00e9\u00a0: PAF 2019 &#8211; 2020 en 3e Pr\u00e9pa-M\u00e9tiers : P\u00e9dagogies innovantes &#8211; Mars 2020<\/a><time datetime=\"2020-03-31T14:47:00+02:00\" class=\"wp-block-latest-posts__post-date\">31 mars 2020<\/time><\/li>\n<li><div class=\"wp-block-latest-posts__featured-image alignleft\"><a href=\"https:\/\/pedagogie.ac-lille.fr\/sbssa\/enseigner-la-decouverte-professionnelle-en-troisieme-prepa-metiers-mars-2019\/\" aria-label=\"Prot\u00e9g\u00e9\u00a0: PAF 2019 &#8211; 2020 en 3e Pr\u00e9pa-M\u00e9tiers : Enseigner la d\u00e9couverte professionnelle en troisi\u00e8me &#8211; Mars 2019\"><img loading=\"lazy\" decoding=\"async\" width=\"300\" height=\"300\" src=\"https:\/\/pedagogie.ac-lille.fr\/sbssa\/wp-content\/uploads\/sites\/30\/2023\/04\/choose-the-right-direction-g9c734d768_1920-300x300.jpg\" class=\"attachment-medium size-medium no-lazy wp-post-image\" alt=\"3e pr\u00e9pa m\u00e9tiers\" style=\"max-width:150px;max-height:150px;\" srcset=\"https:\/\/pedagogie.ac-lille.fr\/sbssa\/wp-content\/uploads\/sites\/30\/2023\/04\/choose-the-right-direction-g9c734d768_1920-300x300.jpg 300w, https:\/\/pedagogie.ac-lille.fr\/sbssa\/wp-content\/uploads\/sites\/30\/2023\/04\/choose-the-right-direction-g9c734d768_1920-1024x1024.jpg 1024w, https:\/\/pedagogie.ac-lille.fr\/sbssa\/wp-content\/uploads\/sites\/30\/2023\/04\/choose-the-right-direction-g9c734d768_1920-150x150.jpg 150w, https:\/\/pedagogie.ac-lille.fr\/sbssa\/wp-content\/uploads\/sites\/30\/2023\/04\/choose-the-right-direction-g9c734d768_1920-768x768.jpg 768w, https:\/\/pedagogie.ac-lille.fr\/sbssa\/wp-content\/uploads\/sites\/30\/2023\/04\/choose-the-right-direction-g9c734d768_1920-1536x1536.jpg 1536w, https:\/\/pedagogie.ac-lille.fr\/sbssa\/wp-content\/uploads\/sites\/30\/2023\/04\/choose-the-right-direction-g9c734d768_1920-510x510.jpg 510w, https:\/\/pedagogie.ac-lille.fr\/sbssa\/wp-content\/uploads\/sites\/30\/2023\/04\/choose-the-right-direction-g9c734d768_1920.jpg 1920w\" sizes=\"auto, (max-width: 300px) 100vw, 300px\" \/><\/a><\/div><a class=\"wp-block-latest-posts__post-title\" href=\"https:\/\/pedagogie.ac-lille.fr\/sbssa\/enseigner-la-decouverte-professionnelle-en-troisieme-prepa-metiers-mars-2019\/\">Prot\u00e9g\u00e9\u00a0: PAF 2019 &#8211; 2020 en 3e Pr\u00e9pa-M\u00e9tiers : Enseigner la d\u00e9couverte professionnelle en troisi\u00e8me &#8211; Mars 2019<\/a><time datetime=\"2019-03-30T22:12:00+01:00\" class=\"wp-block-latest-posts__post-date\">30 mars 2019<\/time><\/li>\n<li><div class=\"wp-block-latest-posts__featured-image alignleft\"><a href=\"https:\/\/pedagogie.ac-lille.fr\/sbssa\/3e-prepa-metiers-enseigner-la-svt-paf-fevrier-2019\/\" aria-label=\"Prot\u00e9g\u00e9\u00a0: PAF 2019 &#8211; 2020 en 3e Pr\u00e9pa-M\u00e9tiers : Enseigner la SVT &#8211; Fe\u0301vrier 2019\"><img loading=\"lazy\" decoding=\"async\" width=\"300\" height=\"215\" src=\"https:\/\/pedagogie.ac-lille.fr\/sbssa\/wp-content\/uploads\/sites\/30\/2023\/04\/science-g3f4112989_1280-300x215.png\" class=\"attachment-medium size-medium no-lazy wp-post-image\" alt=\"Science\" style=\"max-width:150px;max-height:150px;\" srcset=\"https:\/\/pedagogie.ac-lille.fr\/sbssa\/wp-content\/uploads\/sites\/30\/2023\/04\/science-g3f4112989_1280-300x215.png 300w, https:\/\/pedagogie.ac-lille.fr\/sbssa\/wp-content\/uploads\/sites\/30\/2023\/04\/science-g3f4112989_1280-1024x734.png 1024w, https:\/\/pedagogie.ac-lille.fr\/sbssa\/wp-content\/uploads\/sites\/30\/2023\/04\/science-g3f4112989_1280-768x550.png 768w, https:\/\/pedagogie.ac-lille.fr\/sbssa\/wp-content\/uploads\/sites\/30\/2023\/04\/science-g3f4112989_1280.png 1280w\" sizes=\"auto, (max-width: 300px) 100vw, 300px\" \/><\/a><\/div><a class=\"wp-block-latest-posts__post-title\" href=\"https:\/\/pedagogie.ac-lille.fr\/sbssa\/3e-prepa-metiers-enseigner-la-svt-paf-fevrier-2019\/\">Prot\u00e9g\u00e9\u00a0: PAF 2019 &#8211; 2020 en 3e Pr\u00e9pa-M\u00e9tiers : Enseigner la SVT &#8211; Fe\u0301vrier 2019<\/a><time datetime=\"2019-02-01T14:07:00+01:00\" class=\"wp-block-latest-posts__post-date\">1 f\u00e9vrier 2019<\/time><\/li>\n<li><div class=\"wp-block-latest-posts__featured-image alignleft\"><a href=\"https:\/\/pedagogie.ac-lille.fr\/sbssa\/3e-prepa-metiers-description-de-lepreuve-de-mathematiques-physique-chimie-svt-et-technologie-2016\/\" aria-label=\"3e Pr\u00e9pa M\u00e9tiers &#8211; Description de l&rsquo;\u00e9preuve de math\u00e9matiques, physique-chimie, SVT et technologie 2016\"><img loading=\"lazy\" decoding=\"async\" width=\"300\" height=\"300\" src=\"https:\/\/pedagogie.ac-lille.fr\/sbssa\/wp-content\/uploads\/sites\/30\/2022\/05\/checklist-g91a009eaf_1920-300x300.png\" class=\"attachment-medium size-medium no-lazy wp-post-image\" alt=\"Liste\" style=\"max-width:150px;max-height:150px;\" srcset=\"https:\/\/pedagogie.ac-lille.fr\/sbssa\/wp-content\/uploads\/sites\/30\/2022\/05\/checklist-g91a009eaf_1920-300x300.png 300w, https:\/\/pedagogie.ac-lille.fr\/sbssa\/wp-content\/uploads\/sites\/30\/2022\/05\/checklist-g91a009eaf_1920-1024x1024.png 1024w, https:\/\/pedagogie.ac-lille.fr\/sbssa\/wp-content\/uploads\/sites\/30\/2022\/05\/checklist-g91a009eaf_1920-150x150.png 150w, https:\/\/pedagogie.ac-lille.fr\/sbssa\/wp-content\/uploads\/sites\/30\/2022\/05\/checklist-g91a009eaf_1920-768x768.png 768w, https:\/\/pedagogie.ac-lille.fr\/sbssa\/wp-content\/uploads\/sites\/30\/2022\/05\/checklist-g91a009eaf_1920-1536x1536.png 1536w, https:\/\/pedagogie.ac-lille.fr\/sbssa\/wp-content\/uploads\/sites\/30\/2022\/05\/checklist-g91a009eaf_1920-510x510.png 510w, https:\/\/pedagogie.ac-lille.fr\/sbssa\/wp-content\/uploads\/sites\/30\/2022\/05\/checklist-g91a009eaf_1920.png 1920w\" sizes=\"auto, (max-width: 300px) 100vw, 300px\" \/><\/a><\/div><a class=\"wp-block-latest-posts__post-title\" href=\"https:\/\/pedagogie.ac-lille.fr\/sbssa\/3e-prepa-metiers-description-de-lepreuve-de-mathematiques-physique-chimie-svt-et-technologie-2016\/\">3e Pr\u00e9pa M\u00e9tiers &#8211; Description de l&rsquo;\u00e9preuve de math\u00e9matiques, physique-chimie, SVT et technologie 2016<\/a><time datetime=\"2016-12-16T21:46:00+01:00\" class=\"wp-block-latest-posts__post-date\">16 d\u00e9cembre 2016<\/time><\/li>\n<li><div class=\"wp-block-latest-posts__featured-image alignleft\"><a href=\"https:\/\/pedagogie.ac-lille.fr\/sbssa\/3e-prepa-metiers-entrer-dans-le-programme-de-svt-par-competences\/\" aria-label=\"Prot\u00e9g\u00e9\u00a0: PAF 2016 &#8211; 2017 en 3e Pr\u00e9pa-M\u00e9tiers : Entrer dans le programme de SVT par comp\u00e9tences &#8211; Novembre 2016\"><img loading=\"lazy\" decoding=\"async\" width=\"300\" height=\"225\" src=\"https:\/\/pedagogie.ac-lille.fr\/sbssa\/wp-content\/uploads\/sites\/30\/2022\/05\/gears-g3a04f50f3_1920-300x225.jpg\" class=\"attachment-medium size-medium no-lazy wp-post-image\" alt=\"Engrenages\" style=\"max-width:150px;max-height:150px;\" srcset=\"https:\/\/pedagogie.ac-lille.fr\/sbssa\/wp-content\/uploads\/sites\/30\/2022\/05\/gears-g3a04f50f3_1920-300x225.jpg 300w, https:\/\/pedagogie.ac-lille.fr\/sbssa\/wp-content\/uploads\/sites\/30\/2022\/05\/gears-g3a04f50f3_1920-1024x768.jpg 1024w, https:\/\/pedagogie.ac-lille.fr\/sbssa\/wp-content\/uploads\/sites\/30\/2022\/05\/gears-g3a04f50f3_1920-768x576.jpg 768w, https:\/\/pedagogie.ac-lille.fr\/sbssa\/wp-content\/uploads\/sites\/30\/2022\/05\/gears-g3a04f50f3_1920-1536x1152.jpg 1536w, https:\/\/pedagogie.ac-lille.fr\/sbssa\/wp-content\/uploads\/sites\/30\/2022\/05\/gears-g3a04f50f3_1920.jpg 1920w\" sizes=\"auto, (max-width: 300px) 100vw, 300px\" \/><\/a><\/div><a class=\"wp-block-latest-posts__post-title\" href=\"https:\/\/pedagogie.ac-lille.fr\/sbssa\/3e-prepa-metiers-entrer-dans-le-programme-de-svt-par-competences\/\">Prot\u00e9g\u00e9\u00a0: PAF 2016 &#8211; 2017 en 3e Pr\u00e9pa-M\u00e9tiers : Entrer dans le programme de SVT par comp\u00e9tences &#8211; Novembre 2016<\/a><time datetime=\"2016-11-30T21:51:00+01:00\" class=\"wp-block-latest-posts__post-date\">30 novembre 2016<\/time><\/li>\n<\/ul>","protected":false},"excerpt":{"rendered":"","protected":false},"author":48,"featured_media":0,"parent":663,"menu_order":0,"comment_status":"closed","ping_status":"closed","template":"","meta":{"ngg_post_thumbnail":0,"footnotes":""},"class_list":["post-10358","page","type-page","status-publish","czr-hentry"],"publishpress_future_action":{"enabled":false,"date":"2026-04-13 20:21:23","action":"change-status","newStatus":"draft","terms":[],"taxonomy":"","extraData":[]},"publishpress_future_workflow_manual_trigger":{"enabledWorkflows":[]},"_links":{"self":[{"href":"https:\/\/pedagogie.ac-lille.fr\/sbssa\/wp-json\/wp\/v2\/pages\/10358","targetHints":{"allow":["GET"]}}],"collection":[{"href":"https:\/\/pedagogie.ac-lille.fr\/sbssa\/wp-json\/wp\/v2\/pages"}],"about":[{"href":"https:\/\/pedagogie.ac-lille.fr\/sbssa\/wp-json\/wp\/v2\/types\/page"}],"author":[{"embeddable":true,"href":"https:\/\/pedagogie.ac-lille.fr\/sbssa\/wp-json\/wp\/v2\/users\/48"}],"replies":[{"embeddable":true,"href":"https:\/\/pedagogie.ac-lille.fr\/sbssa\/wp-json\/wp\/v2\/comments?post=10358"}],"version-history":[{"count":4,"href":"https:\/\/pedagogie.ac-lille.fr\/sbssa\/wp-json\/wp\/v2\/pages\/10358\/revisions"}],"predecessor-version":[{"id":10522,"href":"https:\/\/pedagogie.ac-lille.fr\/sbssa\/wp-json\/wp\/v2\/pages\/10358\/revisions\/10522"}],"up":[{"embeddable":true,"href":"https:\/\/pedagogie.ac-lille.fr\/sbssa\/wp-json\/wp\/v2\/pages\/663"}],"wp:attachment":[{"href":"https:\/\/pedagogie.ac-lille.fr\/sbssa\/wp-json\/wp\/v2\/media?parent=10358"}],"curies":[{"name":"wp","href":"https:\/\/api.w.org\/{rel}","templated":true}]}}