{"id":13076,"date":"2024-12-29T11:15:55","date_gmt":"2024-12-29T10:15:55","guid":{"rendered":"https:\/\/pedagogie.ac-lille.fr\/sbssa\/?page_id=13076"},"modified":"2024-12-29T12:57:14","modified_gmt":"2024-12-29T11:57:14","slug":"referentiel-mc-ccc","status":"publish","type":"page","link":"https:\/\/pedagogie.ac-lille.fr\/sbssa\/filieres\/beaute-et-bien-etre\/coiffure\/mention-complementaire-coiffure-coupe-couleur-mc-ccc\/referentiel-mc-ccc\/","title":{"rendered":"R\u00e9f\u00e9rentiel de la mention compl\u00e9mentaire \u00ab\u00a0coiffure coupe couleur\u00a0\u00bb (MC niveau V)"},"content":{"rendered":"\n<div class=\"wp-block-columns is-layout-flex wp-container-core-columns-is-layout-28f84493 wp-block-columns-is-layout-flex\">\n<div class=\"wp-block-column is-layout-flow wp-block-column-is-layout-flow\">\n<div class=\"wp-block-media-text is-stacked-on-mobile\" style=\"grid-template-columns:30% auto\"><figure class=\"wp-block-media-text__media\"><a href=\"https:\/\/referentiels-professionnels.eduscol.education.fr\/index156e.html\" target=\"_blank\" rel=\" noreferrer noopener\"><img loading=\"lazy\" decoding=\"async\" width=\"487\" height=\"192\" src=\"http:\/\/pedagogie.ac-lille.fr\/sbssa\/wp-content\/uploads\/sites\/30\/2021\/01\/eduscol_1.png\" alt=\"\" class=\"wp-image-119 size-full\" srcset=\"https:\/\/pedagogie.ac-lille.fr\/sbssa\/wp-content\/uploads\/sites\/30\/2021\/01\/eduscol_1.png 487w, https:\/\/pedagogie.ac-lille.fr\/sbssa\/wp-content\/uploads\/sites\/30\/2021\/01\/eduscol_1-300x118.png 300w\" sizes=\"auto, (max-width: 487px) 100vw, 487px\" \/><\/a><\/figure><div class=\"wp-block-media-text__content\">\n<p><a href=\"https:\/\/referentiels-professionnels.eduscol.education.fr\/index156e.html\" target=\"_blank\" rel=\"noreferrer noopener\">R\u00e9f\u00e9rentiel en ligne<\/a><\/p>\n<\/div><\/div>\n<\/div>\n<\/div>\n\n\n\n<div class=\"wp-block-media-text is-stacked-on-mobile\" style=\"grid-template-columns:30% auto\"><figure class=\"wp-block-media-text__media\"><a href=\"https:\/\/www.education.gouv.fr\/bo\/15\/Hebdo18\/MENE1507576A.htm\" target=\"_blank\" rel=\" noreferrer noopener\"><img loading=\"lazy\" decoding=\"async\" width=\"300\" height=\"169\" src=\"https:\/\/pedagogie.ac-lille.fr\/sbssa\/wp-content\/uploads\/sites\/30\/2023\/04\/BOEN-300x169.png\" alt=\"BOEN\" class=\"wp-image-10389 size-medium\" srcset=\"https:\/\/pedagogie.ac-lille.fr\/sbssa\/wp-content\/uploads\/sites\/30\/2023\/04\/BOEN-300x169.png 300w, https:\/\/pedagogie.ac-lille.fr\/sbssa\/wp-content\/uploads\/sites\/30\/2023\/04\/BOEN.png 340w\" sizes=\"auto, (max-width: 300px) 100vw, 300px\" \/><\/a><\/figure><div class=\"wp-block-media-text__content\">\n<p><a href=\"https:\/\/www.education.gouv.fr\/bo\/15\/Hebdo18\/MENE1507576A.htm\">Bulletin officiel n\u00b018 du 30 avril 2015&nbsp;<br>&nbsp;\u00ab Coiffure coupe couleur \u00bb : cr\u00e9ation et modalit\u00e9s de d\u00e9livrance<\/a><\/p>\n<\/div><\/div>\n\n\n\n<div class=\"wp-block-file\"><a id=\"wp-block-file--media-48856141-161a-4700-833a-5c4db684c4c6\" href=\"http:\/\/pedagogie.ac-lille.fr\/sbssa\/wp-content\/uploads\/sites\/30\/2024\/12\/mc_ccc_referentiel_des_activites_professionnelles_annexe_ia.pdf\" target=\"_blank\" rel=\"noreferrer noopener\">MC CCC &#8211; R\u00e9f\u00e9rentiel des activit\u00e9s professionnelles &#8211; Annexe I a<\/a><a href=\"http:\/\/pedagogie.ac-lille.fr\/sbssa\/wp-content\/uploads\/sites\/30\/2024\/12\/mc_ccc_referentiel_des_activites_professionnelles_annexe_ia.pdf\" class=\"wp-block-file__button wp-element-button\" download aria-describedby=\"wp-block-file--media-48856141-161a-4700-833a-5c4db684c4c6\">T\u00e9l\u00e9charger<\/a><\/div>\n\n\n\n<div class=\"wp-block-file\"><a id=\"wp-block-file--media-48303840-7f58-4f56-af56-10d735911227\" href=\"http:\/\/pedagogie.ac-lille.fr\/sbssa\/wp-content\/uploads\/sites\/30\/2024\/12\/mc_ccc_referentiel_de_certification_annexe_ib-1.pdf\" target=\"_blank\" rel=\"noreferrer noopener\">MC CCC &#8211; R\u00e9f\u00e9rentiel de certification &#8211; Annexe I b<\/a><a href=\"http:\/\/pedagogie.ac-lille.fr\/sbssa\/wp-content\/uploads\/sites\/30\/2024\/12\/mc_ccc_referentiel_de_certification_annexe_ib-1.pdf\" class=\"wp-block-file__button wp-element-button\" download aria-describedby=\"wp-block-file--media-48303840-7f58-4f56-af56-10d735911227\">T\u00e9l\u00e9charger<\/a><\/div>\n\n\n\n<div class=\"wp-block-file\"><a id=\"wp-block-file--media-9ba2403a-42f0-45d1-86c7-b0a03a719b87\" href=\"http:\/\/pedagogie.ac-lille.fr\/sbssa\/wp-content\/uploads\/sites\/30\/2024\/12\/mc_ccc_unites_constitutives_du_diplome_annexe_iia.pdf\" target=\"_blank\" rel=\"noreferrer noopener\">MC CCC &#8211; Unit\u00e9s constitutives du dipl\u00f4me -Annexe II a<\/a><a href=\"http:\/\/pedagogie.ac-lille.fr\/sbssa\/wp-content\/uploads\/sites\/30\/2024\/12\/mc_ccc_unites_constitutives_du_diplome_annexe_iia.pdf\" class=\"wp-block-file__button wp-element-button\" download aria-describedby=\"wp-block-file--media-9ba2403a-42f0-45d1-86c7-b0a03a719b87\">T\u00e9l\u00e9charger<\/a><\/div>\n\n\n\n<div class=\"wp-block-file\"><a id=\"wp-block-file--media-4f7c4568-2057-4ac3-be84-14fe8cd82261\" href=\"http:\/\/pedagogie.ac-lille.fr\/sbssa\/wp-content\/uploads\/sites\/30\/2024\/12\/mc_ccc_reglement_dexamen_annexe_iib.pdf\" target=\"_blank\" rel=\"noreferrer noopener\">MC CCC &#8211; R\u00e8glement d&rsquo;examen &#8211; Annexe II b<\/a><a href=\"http:\/\/pedagogie.ac-lille.fr\/sbssa\/wp-content\/uploads\/sites\/30\/2024\/12\/mc_ccc_reglement_dexamen_annexe_iib.pdf\" class=\"wp-block-file__button wp-element-button\" download aria-describedby=\"wp-block-file--media-4f7c4568-2057-4ac3-be84-14fe8cd82261\">T\u00e9l\u00e9charger<\/a><\/div>\n\n\n\n<div class=\"wp-block-file\"><a id=\"wp-block-file--media-17195d0f-0727-4676-bd6e-9db4f77c10aa\" href=\"http:\/\/pedagogie.ac-lille.fr\/sbssa\/wp-content\/uploads\/sites\/30\/2024\/12\/mc_ccc_definition_des_epreuves_annexe_iic.pdf\" target=\"_blank\" rel=\"noreferrer noopener\">MC CCC &#8211; D\u00e9finition des \u00e9preuves &#8211; Annexe II c<\/a><a href=\"http:\/\/pedagogie.ac-lille.fr\/sbssa\/wp-content\/uploads\/sites\/30\/2024\/12\/mc_ccc_definition_des_epreuves_annexe_iic.pdf\" class=\"wp-block-file__button wp-element-button\" download aria-describedby=\"wp-block-file--media-17195d0f-0727-4676-bd6e-9db4f77c10aa\">T\u00e9l\u00e9charger<\/a><\/div>\n\n\n\n<div class=\"wp-block-file\"><a id=\"wp-block-file--media-fe6dd8aa-be9c-44ad-ac21-71410e6effb5\" href=\"http:\/\/pedagogie.ac-lille.fr\/sbssa\/wp-content\/uploads\/sites\/30\/2024\/12\/mc_ccc_formation_en_milieu_professionnel_annexe_iii.pdf\" target=\"_blank\" rel=\"noreferrer noopener\">MC CCC &#8211; P\u00e9riode de formation en milieu professionnel &#8211; Annexe III<\/a><a href=\"http:\/\/pedagogie.ac-lille.fr\/sbssa\/wp-content\/uploads\/sites\/30\/2024\/12\/mc_ccc_formation_en_milieu_professionnel_annexe_iii.pdf\" class=\"wp-block-file__button wp-element-button\" download aria-describedby=\"wp-block-file--media-fe6dd8aa-be9c-44ad-ac21-71410e6effb5\">T\u00e9l\u00e9charger<\/a><\/div>\n\n\n\n<p><\/p>\n\n\n\n<p><\/p>\n","protected":false},"excerpt":{"rendered":"<p>R\u00e9f\u00e9rentiel en ligne Bulletin officiel n\u00b018 du 30 avril 2015&nbsp;&nbsp;\u00ab Coiffure coupe couleur \u00bb : cr\u00e9ation et modalit\u00e9s de d\u00e9livrance<\/p>\n","protected":false},"author":48,"featured_media":0,"parent":1740,"menu_order":0,"comment_status":"closed","ping_status":"closed","template":"","meta":{"ngg_post_thumbnail":0,"footnotes":""},"class_list":["post-13076","page","type-page","status-publish","czr-hentry"],"publishpress_future_action":{"enabled":false,"date":"2026-04-24 07:22:17","action":"change-status","newStatus":"draft","terms":[],"taxonomy":"","extraData":[]},"publishpress_future_workflow_manual_trigger":{"enabledWorkflows":[]},"_links":{"self":[{"href":"https:\/\/pedagogie.ac-lille.fr\/sbssa\/wp-json\/wp\/v2\/pages\/13076","targetHints":{"allow":["GET"]}}],"collection":[{"href":"https:\/\/pedagogie.ac-lille.fr\/sbssa\/wp-json\/wp\/v2\/pages"}],"about":[{"href":"https:\/\/pedagogie.ac-lille.fr\/sbssa\/wp-json\/wp\/v2\/types\/page"}],"author":[{"embeddable":true,"href":"https:\/\/pedagogie.ac-lille.fr\/sbssa\/wp-json\/wp\/v2\/users\/48"}],"replies":[{"embeddable":true,"href":"https:\/\/pedagogie.ac-lille.fr\/sbssa\/wp-json\/wp\/v2\/comments?post=13076"}],"version-history":[{"count":16,"href":"https:\/\/pedagogie.ac-lille.fr\/sbssa\/wp-json\/wp\/v2\/pages\/13076\/revisions"}],"predecessor-version":[{"id":13185,"href":"https:\/\/pedagogie.ac-lille.fr\/sbssa\/wp-json\/wp\/v2\/pages\/13076\/revisions\/13185"}],"up":[{"embeddable":true,"href":"https:\/\/pedagogie.ac-lille.fr\/sbssa\/wp-json\/wp\/v2\/pages\/1740"}],"wp:attachment":[{"href":"https:\/\/pedagogie.ac-lille.fr\/sbssa\/wp-json\/wp\/v2\/media?parent=13076"}],"curies":[{"name":"wp","href":"https:\/\/api.w.org\/{rel}","templated":true}]}}