{"id":13767,"date":"2025-09-20T16:01:10","date_gmt":"2025-09-20T14:01:10","guid":{"rendered":"https:\/\/pedagogie.ac-lille.fr\/sbssa\/?page_id=13767"},"modified":"2025-09-20T16:05:10","modified_gmt":"2025-09-20T14:05:10","slug":"formation-maintenir-et-actualiser-ses-competences-de-sauveteur-secouriste-du-travail-mac-sst","status":"publish","type":"page","link":"https:\/\/pedagogie.ac-lille.fr\/sbssa\/formation-maintenir-et-actualiser-ses-competences-de-sauveteur-secouriste-du-travail-mac-sst\/","title":{"rendered":"Formation\u00a0: Maintenir et Actualiser ses Comp\u00e9tences de Sauveteur Secouriste du Travail\u00a0(MAC SST)"},"content":{"rendered":"\n<div class=\"wp-block-columns is-layout-flex wp-container-core-columns-is-layout-28f84493 wp-block-columns-is-layout-flex\">\n<div class=\"wp-block-column is-layout-flow wp-block-column-is-layout-flow\">\n<h3 class=\"spip\"><strong>Objectif p\u00e9dagogique<\/strong><\/h3>\n<p>D\u00e9velopper des comp\u00e9tences en pr\u00e9vention et en secourisme \u00e0 travers les 4 grandes actions du SST&nbsp;: PROT\u00c9GER &#8211; EXAMINER &#8211; FAIRE ALERTER &#8211; SECOURIR.<\/p>\n<\/div>\n\n\n\n<div class=\"wp-block-column is-layout-flow wp-block-column-is-layout-flow\"><div class=\"wp-block-image\">\n<figure class=\"aligncenter size-full is-resized\"><img loading=\"lazy\" decoding=\"async\" width=\"165\" height=\"164\" src=\"https:\/\/pedagogie.ac-lille.fr\/sbssa\/wp-content\/uploads\/sites\/30\/2025\/09\/Beige-Illustrative-Customer-Journey-Mind-Map-Brainstorm-.png\" alt=\"\" class=\"wp-image-13768\" style=\"width:200px\" srcset=\"https:\/\/pedagogie.ac-lille.fr\/sbssa\/wp-content\/uploads\/sites\/30\/2025\/09\/Beige-Illustrative-Customer-Journey-Mind-Map-Brainstorm-.png 165w, https:\/\/pedagogie.ac-lille.fr\/sbssa\/wp-content\/uploads\/sites\/30\/2025\/09\/Beige-Illustrative-Customer-Journey-Mind-Map-Brainstorm--150x150.png 150w\" sizes=\"auto, (max-width: 165px) 100vw, 165px\" \/><\/figure>\n<\/div><\/div>\n<\/div>\n\n\n\n<h3 class=\"wp-block-heading\"><strong>Descriptif du contenu<\/strong><\/h3>\n\n\n\n<ul class=\"wp-block-list\">\n<li>Intervention face \u00e0 une situation d\u2019accident du travail.<\/li>\n\n\n\n<li>Contribution \u00e0 la pr\u00e9vention des risques professionnels dans l\u2019entreprise.<\/li>\n<\/ul>\n\n\n\n<h3 class=\"wp-block-heading\"><strong>Organisation<\/strong><\/h3>\n\n\n\n<ul class=\"wp-block-list\">\n<li>Dur\u00e9e\u00a0: 12 heures.<\/li>\n\n\n\n<li>Effectif\u00a0: 10 stagiaires.<\/li>\n\n\n\n<li>Modalit\u00e9\u00a0: Pr\u00e9sentiel &#8212;&gt; 2 journ\u00e9es de 6 heures.<\/li>\n<\/ul>\n\n\n\n<h3 class=\"wp-block-heading\"><strong>Pr\u00e9requis<\/strong><\/h3>\n\n\n\n<ul class=\"wp-block-list\">\n<li>Aucun pr\u00e9requis n\u00e9cessaire.<\/li>\n<\/ul>\n\n\n\n<h3 class=\"wp-block-heading\"><strong>Public d\u00e9sign\u00e9 et candidatures individuelles<\/strong><\/h3>\n\n\n\n<ul class=\"wp-block-list\">\n<li>Les professeurs de lyc\u00e9e professionnel de l\u2019acad\u00e9mie de Lille.<\/li>\n<\/ul>\n\n\n\n<h3 class=\"wp-block-heading\"><strong>Inscription 2025-2026<\/strong><\/h3>\n\n\n\n<ul class=\"wp-block-list\">\n<li>Num\u00e9ro de dispositif\u00a0:<\/li>\n\n\n\n<li><strong>Lien vers la page d\u00e9di\u00e9e du site de l\u2019EAFC<\/strong> pour les candidatures individuelles \u00e0 public volontaire<a href=\"https:\/\/es-st.ac-versailles.fr\/spip.php?article574#comments\"><\/a><a href=\"https:\/\/es-st.ac-versailles.fr\/spip.php?article574#forum\"><\/a><\/li>\n<\/ul>\n\n\n\n<p><\/p>\n","protected":false},"excerpt":{"rendered":"<p>Objectif p\u00e9dagogique D\u00e9velopper des comp\u00e9tences en pr\u00e9vention et en secourisme \u00e0 travers les 4 grandes actions du SST&nbsp;: PROT\u00c9GER &#8211; EXAMINER &#8211; FAIRE ALERTER &#8211; SECOURIR. Descriptif du contenu Organisation [&hellip;]<\/p>\n","protected":false},"author":48,"featured_media":13768,"parent":0,"menu_order":0,"comment_status":"closed","ping_status":"closed","template":"","meta":{"ngg_post_thumbnail":0,"footnotes":""},"class_list":["post-13767","page","type-page","status-publish","has-post-thumbnail","czr-hentry"],"publishpress_future_action":{"enabled":false,"date":"2026-05-03 08:41:41","action":"change-status","newStatus":"draft","terms":[],"taxonomy":"","extraData":[]},"publishpress_future_workflow_manual_trigger":{"enabledWorkflows":[]},"_links":{"self":[{"href":"https:\/\/pedagogie.ac-lille.fr\/sbssa\/wp-json\/wp\/v2\/pages\/13767","targetHints":{"allow":["GET"]}}],"collection":[{"href":"https:\/\/pedagogie.ac-lille.fr\/sbssa\/wp-json\/wp\/v2\/pages"}],"about":[{"href":"https:\/\/pedagogie.ac-lille.fr\/sbssa\/wp-json\/wp\/v2\/types\/page"}],"author":[{"embeddable":true,"href":"https:\/\/pedagogie.ac-lille.fr\/sbssa\/wp-json\/wp\/v2\/users\/48"}],"replies":[{"embeddable":true,"href":"https:\/\/pedagogie.ac-lille.fr\/sbssa\/wp-json\/wp\/v2\/comments?post=13767"}],"version-history":[{"count":4,"href":"https:\/\/pedagogie.ac-lille.fr\/sbssa\/wp-json\/wp\/v2\/pages\/13767\/revisions"}],"predecessor-version":[{"id":13774,"href":"https:\/\/pedagogie.ac-lille.fr\/sbssa\/wp-json\/wp\/v2\/pages\/13767\/revisions\/13774"}],"wp:featuredmedia":[{"embeddable":true,"href":"https:\/\/pedagogie.ac-lille.fr\/sbssa\/wp-json\/wp\/v2\/media\/13768"}],"wp:attachment":[{"href":"https:\/\/pedagogie.ac-lille.fr\/sbssa\/wp-json\/wp\/v2\/media?parent=13767"}],"curies":[{"name":"wp","href":"https:\/\/api.w.org\/{rel}","templated":true}]}}

Formation : Maintenir et Actualiser ses Compétences de Sauveteur Secouriste du Travail (MAC SST)

<div class="wp-block-columns is-layout-flex wp-container-core-columns-is-layout-28f84493 wp-block-columns-is-layout-flex">
<div class="wp-block-column is-layout-flow wp-block-column-is-layout-flow">
<h3 class="spip"><strong>Objectif pédagogique</strong></h3>
<p>Développer des compétences en prévention et en secourisme à travers les 4 grandes actions du SST&nbsp;: PROTÉGER &#8211; EXAMINER &#8211; FAIRE ALERTER &#8211; SECOURIR.</p>
</div>



<div class="wp-block-column is-layout-flow wp-block-column-is-layout-flow"><div class="wp-block-image">
<figure class="aligncenter size-full is-resized"><img loading="lazy" decoding="async" width="165" height="164" src="https://pedagogie.ac-lille.fr/sbssa/wp-content/uploads/sites/30/2025/09/Beige-Illustrative-Customer-Journey-Mind-Map-Brainstorm-.png" alt="" class="wp-image-13768" style="width:200px" srcset="https://pedagogie.ac-lille.fr/sbssa/wp-content/uploads/sites/30/2025/09/Beige-Illustrative-Customer-Journey-Mind-Map-Brainstorm-.png 165w, https://pedagogie.ac-lille.fr/sbssa/wp-content/uploads/sites/30/2025/09/Beige-Illustrative-Customer-Journey-Mind-Map-Brainstorm--150x150.png 150w" sizes="auto, (max-width: 165px) 100vw, 165px" /></figure>
</div></div>
</div>



<h3 class="wp-block-heading"><strong>Descriptif du contenu</strong></h3>



<ul class="wp-block-list">
<li>Intervention face à une situation d’accident du travail.</li>



<li>Contribution à la prévention des risques professionnels dans l’entreprise.</li>
</ul>



<h3 class="wp-block-heading"><strong>Organisation</strong></h3>



<ul class="wp-block-list">
<li>Durée : 12 heures.</li>



<li>Effectif : 10 stagiaires.</li>



<li>Modalité : Présentiel &#8212;&gt; 2 journées de 6 heures.</li>
</ul>



<h3 class="wp-block-heading"><strong>Prérequis</strong></h3>



<ul class="wp-block-list">
<li>Aucun prérequis nécessaire.</li>
</ul>



<h3 class="wp-block-heading"><strong>Public désigné et candidatures individuelles</strong></h3>



<ul class="wp-block-list">
<li>Les professeurs de lycée professionnel de l’académie de Lille.</li>
</ul>



<h3 class="wp-block-heading"><strong>Inscription 2025-2026</strong></h3>



<ul class="wp-block-list">
<li>Numéro de dispositif :</li>



<li><strong>Lien vers la page dédiée du site de l’EAFC</strong> pour les candidatures individuelles à public volontaire<a href="https://es-st.ac-versailles.fr/spip.php?article574#comments"></a><a href="https://es-st.ac-versailles.fr/spip.php?article574#forum"></a></li>
</ul>



<p></p>

<p>Objectif pédagogique Développer des compétences en prévention et en secourisme à travers les 4 grandes actions du SST&nbsp;: PROTÉGER &#8211; EXAMINER &#8211; FAIRE ALERTER &#8211; SECOURIR. Descriptif du contenu Organisation [&hellip;]</p>
