{"id":2871,"date":"2021-09-11T16:40:33","date_gmt":"2021-09-11T14:40:33","guid":{"rendered":"https:\/\/pedagogie.ac-lille.fr\/sbssa\/?page_id=2871"},"modified":"2025-08-21T15:05:24","modified_gmt":"2025-08-21T13:05:24","slug":"formation-initiale-2","status":"publish","type":"page","link":"https:\/\/pedagogie.ac-lille.fr\/sbssa\/formation\/formation-initiale-2\/","title":{"rendered":"Formation initiale"},"content":{"rendered":"\n<div class=\"wp-block-columns is-layout-flex wp-container-core-columns-is-layout-28f84493 wp-block-columns-is-layout-flex\">\n<div class=\"wp-block-column is-layout-flow wp-block-column-is-layout-flow\"><style>\n       .errordiv { padding:10px; margin:10px; border: 1px solid #555555;color: #000000;background-color: #f8f8f8; width:500px; }#advanced_iframe {visibility:visible;opacity:1;vertical-align:top;}.ai-info-bottom-iframe { position: fixed; z-index: 10000; bottom:0; left: 0; margin: 0px; text-align: center; width: 100%; background-color: #ff9999; padding-left: 5px;padding-bottom: 5px; border-top: 1px solid #aaa } a.ai-bold {font-weight: bold;}#ai-layer-div-advanced_iframe p {height:100%;margin:0;padding:0}<\/style><script type=\"text\/javascript\">var ai_iframe_width_advanced_iframe = 0;var ai_iframe_height_advanced_iframe = 0;var aiOnloadScrollTop=\"true\";var aiShowDebug=false;\n\t\tif (typeof aiReadyCallbacks === 'undefined') {\n\t\t\tvar aiReadyCallbacks = [];\n\t\t} else if (!(aiReadyCallbacks instanceof Array)) {\n\t\t\tvar aiReadyCallbacks = [];\n\t\t}    function aiShowIframeId(id_iframe) { jQuery(\"#\"+id_iframe).css(\"visibility\", \"visible\");    }    function aiResizeIframeHeight(height) { aiResizeIframeHeight(height,advanced_iframe); }    function aiResizeIframeHeightId(height,width,id) {aiResizeIframeHeightById(id,height);}<\/script><iframe id=\"advanced_iframe\"  name=\"advanced_iframe\"  src=\"https:\/\/view.genially.com\/682af76750d563065a2a0f46\"  width=\"100%\"  height=\"600\"  frameborder=\"0\"  border=\"0\"  allowtransparency=\"true\"  loading=\"lazy\"  style=\";border-width: 0px;;border: none;;width:100%;;height:600px;\" ><\/iframe><script type=\"text\/javascript\">var ifrm_advanced_iframe = document.getElementById(\"advanced_iframe\");var hiddenTabsDoneadvanced_iframe = false;\nfunction resizeCallbackadvanced_iframe() {}<\/script><script type=\"text\/javascript\"><\/script><p style=\"display:block !important; visibility:visible !important;margin: -18px 14px 0 0;padding-left: 3px;padding-top:3px;background: white; overflow: hidden; position: relative; line-height:15px;width: fit-content;\"><small style=\"display:block !important;visibility:visible !important\">powered by Advanced iFrame<\/small><\/p><\/div>\n<\/div>\n\n\n<pre><a href=\"https:\/\/www.devenirenseignant.gouv.fr\/referentiel-de-formation-former-aux-metiers-du-professorat-et-de-l-education-au-xxieme-siecle-1277\" target=\"_blank\" rel=\"noopener\"><img loading=\"lazy\" decoding=\"async\" class=\"alignleft wp-image-12481 size-medium\" src=\"https:\/\/pedagogie.ac-lille.fr\/sbssa\/wp-content\/uploads\/sites\/30\/2024\/09\/Devenir-enseignant-300x200.jpg\" alt=\"\" width=\"300\" height=\"200\" srcset=\"https:\/\/pedagogie.ac-lille.fr\/sbssa\/wp-content\/uploads\/sites\/30\/2024\/09\/Devenir-enseignant-300x200.jpg 300w, https:\/\/pedagogie.ac-lille.fr\/sbssa\/wp-content\/uploads\/sites\/30\/2024\/09\/Devenir-enseignant-1024x683.jpg 1024w, https:\/\/pedagogie.ac-lille.fr\/sbssa\/wp-content\/uploads\/sites\/30\/2024\/09\/Devenir-enseignant-768x512.jpg 768w, https:\/\/pedagogie.ac-lille.fr\/sbssa\/wp-content\/uploads\/sites\/30\/2024\/09\/Devenir-enseignant.jpg 1200w\" sizes=\"auto, (max-width: 300px) 100vw, 300px\" \/><\/a>Le r\u00e9f\u00e9rentiel de formation intitul\u00e9 \"Former l'enseignant du XXIe si\u00e8cle\" des futurs professeurs des premier et second degr\u00e9s et CPE d\u00e9finit le contenu de la formation d\u00e9livr\u00e9e au sein des Insp\u00e9 (instituts nationaux sup\u00e9rieurs du professorat et de l'\u00e9ducation).<br>Vous pouvez le consulter en cliquant sur l'image ci-contre.<\/pre>\n\n\n<hr class=\"wp-block-separator has-alpha-channel-opacity\" \/>\n\n\n<p><a href=\"https:\/\/www.inspe-lille-hdf.fr\/formation-initiale\" target=\"_blank\" rel=\"noopener\"><img loading=\"lazy\" decoding=\"async\" class=\"alignleft wp-image-10839 size-medium\" src=\"https:\/\/pedagogie.ac-lille.fr\/sbssa\/wp-content\/uploads\/sites\/30\/2021\/03\/Inspe_Lille_HdF_2-300x89.png\" alt=\"\" width=\"300\" height=\"89\" srcset=\"https:\/\/pedagogie.ac-lille.fr\/sbssa\/wp-content\/uploads\/sites\/30\/2021\/03\/Inspe_Lille_HdF_2-300x89.png 300w, https:\/\/pedagogie.ac-lille.fr\/sbssa\/wp-content\/uploads\/sites\/30\/2021\/03\/Inspe_Lille_HdF_2-768x228.png 768w, https:\/\/pedagogie.ac-lille.fr\/sbssa\/wp-content\/uploads\/sites\/30\/2021\/03\/Inspe_Lille_HdF_2.png 895w\" sizes=\"auto, (max-width: 300px) 100vw, 300px\" \/><\/a><a href=\"https:\/\/www.inspe-lille-hdf.fr\/\" target=\"_blank\" rel=\"noopener\">Site de l&rsquo;INSPE de Lille<\/a><\/p>\n<p><a href=\"https:\/\/www.inspe-lille-hdf.fr\/formation-initiale\" target=\"_blank\" rel=\"noopener\">Page d\u00e9di\u00e9e \u00e0 la formation initiale<\/a><\/p>\n\n\n<hr class=\"wp-block-separator has-alpha-channel-opacity\" \/>\n\n\n<ul class=\"wp-block-latest-posts__list has-dates wp-block-latest-posts\"><li><div class=\"wp-block-latest-posts__featured-image alignleft\"><a href=\"https:\/\/pedagogie.ac-lille.fr\/sbssa\/guide-daccompagnement-du-contractuel-alternant-du-second-degre-2024\/\" aria-label=\"Guide d&rsquo;accompagnement des contractuels alternants du second degr\u00e9 2025-2026\"><img loading=\"lazy\" decoding=\"async\" width=\"214\" height=\"300\" src=\"https:\/\/pedagogie.ac-lille.fr\/sbssa\/wp-content\/uploads\/sites\/30\/2024\/08\/Guide-accompagnement-M2-contractuels-alternants-second-degre-2025-214x300.png\" class=\"attachment-medium size-medium no-lazy wp-post-image\" alt=\"\" style=\"max-width:150px;max-height:150px;\" srcset=\"https:\/\/pedagogie.ac-lille.fr\/sbssa\/wp-content\/uploads\/sites\/30\/2024\/08\/Guide-accompagnement-M2-contractuels-alternants-second-degre-2025-214x300.png 214w, https:\/\/pedagogie.ac-lille.fr\/sbssa\/wp-content\/uploads\/sites\/30\/2024\/08\/Guide-accompagnement-M2-contractuels-alternants-second-degre-2025.png 441w\" sizes=\"auto, (max-width: 214px) 100vw, 214px\" \/><\/a><\/div><a class=\"wp-block-latest-posts__post-title\" href=\"https:\/\/pedagogie.ac-lille.fr\/sbssa\/guide-daccompagnement-du-contractuel-alternant-du-second-degre-2024\/\">Guide d&rsquo;accompagnement des contractuels alternants du second degr\u00e9 2025-2026<\/a><time datetime=\"2025-08-21T14:56:33+02:00\" class=\"wp-block-latest-posts__post-date\">21 ao\u00fbt 2025<\/time><\/li>\n<li><div class=\"wp-block-latest-posts__featured-image alignleft\"><a href=\"https:\/\/pedagogie.ac-lille.fr\/sbssa\/guide-des-fonctionnaires-stagiaires-du-second-degre-2024\/\" aria-label=\"Guide des fonctionnaires stagiaires du second degr\u00e9 2025-2026\"><img loading=\"lazy\" decoding=\"async\" width=\"218\" height=\"300\" src=\"https:\/\/pedagogie.ac-lille.fr\/sbssa\/wp-content\/uploads\/sites\/30\/2024\/08\/Guide-fonctionaire-stagiaire-2025-218x300.png\" class=\"attachment-medium size-medium no-lazy wp-post-image\" alt=\"\" style=\"max-width:150px;max-height:150px;\" srcset=\"https:\/\/pedagogie.ac-lille.fr\/sbssa\/wp-content\/uploads\/sites\/30\/2024\/08\/Guide-fonctionaire-stagiaire-2025-218x300.png 218w, https:\/\/pedagogie.ac-lille.fr\/sbssa\/wp-content\/uploads\/sites\/30\/2024\/08\/Guide-fonctionaire-stagiaire-2025.png 449w\" sizes=\"auto, (max-width: 218px) 100vw, 218px\" \/><\/a><\/div><a class=\"wp-block-latest-posts__post-title\" href=\"https:\/\/pedagogie.ac-lille.fr\/sbssa\/guide-des-fonctionnaires-stagiaires-du-second-degre-2024\/\">Guide des fonctionnaires stagiaires du second degr\u00e9 2025-2026<\/a><time datetime=\"2025-08-21T14:49:49+02:00\" class=\"wp-block-latest-posts__post-date\">21 ao\u00fbt 2025<\/time><\/li>\n<li><div class=\"wp-block-latest-posts__featured-image alignleft\"><a href=\"https:\/\/pedagogie.ac-lille.fr\/sbssa\/guide-de-laccompagnement-des-professeurs-fonctionnaires-stagiaires-a-lattention-des-tuteurs-et-tutrices-des-chefs-et-cheffes-detablissement-et-des-inspecteurs-et-inspectric\/\" aria-label=\"Guide de l\u2019accompagnement des professeurs fonctionnaires stagiaires \u00e0 l\u2019attention des tuteurs et tutrices, des chefs et cheffes d\u2019\u00e9tablissement et des inspecteurs et inspectrices &#8211; Ann\u00e9e 2025-2026\"><img loading=\"lazy\" decoding=\"async\" width=\"212\" height=\"300\" src=\"https:\/\/pedagogie.ac-lille.fr\/sbssa\/wp-content\/uploads\/sites\/30\/2024\/08\/Guide-accompagnement-stagiaires-2025-212x300.png\" class=\"attachment-medium size-medium no-lazy wp-post-image\" alt=\"\" style=\"max-width:150px;max-height:150px;\" srcset=\"https:\/\/pedagogie.ac-lille.fr\/sbssa\/wp-content\/uploads\/sites\/30\/2024\/08\/Guide-accompagnement-stagiaires-2025-212x300.png 212w, https:\/\/pedagogie.ac-lille.fr\/sbssa\/wp-content\/uploads\/sites\/30\/2024\/08\/Guide-accompagnement-stagiaires-2025.png 455w\" sizes=\"auto, (max-width: 212px) 100vw, 212px\" \/><\/a><\/div><a class=\"wp-block-latest-posts__post-title\" href=\"https:\/\/pedagogie.ac-lille.fr\/sbssa\/guide-de-laccompagnement-des-professeurs-fonctionnaires-stagiaires-a-lattention-des-tuteurs-et-tutrices-des-chefs-et-cheffes-detablissement-et-des-inspecteurs-et-inspectric\/\">Guide de l\u2019accompagnement des professeurs fonctionnaires stagiaires \u00e0 l\u2019attention des tuteurs et tutrices, des chefs et cheffes d\u2019\u00e9tablissement et des inspecteurs et inspectrices &#8211; Ann\u00e9e 2025-2026<\/a><time datetime=\"2025-08-21T14:35:00+02:00\" class=\"wp-block-latest-posts__post-date\">21 ao\u00fbt 2025<\/time><\/li>\n<li><div class=\"wp-block-latest-posts__featured-image alignleft\"><a href=\"https:\/\/pedagogie.ac-lille.fr\/sbssa\/memento-administratif-2024-de-lenseignant-contractuel-2\/\" aria-label=\"Memento administratif  de l&rsquo;enseignant contractuel 2024-2025\"><img loading=\"lazy\" decoding=\"async\" width=\"211\" height=\"300\" src=\"https:\/\/pedagogie.ac-lille.fr\/sbssa\/wp-content\/uploads\/sites\/30\/2024\/09\/Memento-CTEN-211x300.png\" class=\"attachment-medium size-medium no-lazy wp-post-image\" alt=\"\" style=\"max-width:150px;max-height:150px;\" srcset=\"https:\/\/pedagogie.ac-lille.fr\/sbssa\/wp-content\/uploads\/sites\/30\/2024\/09\/Memento-CTEN-211x300.png 211w, https:\/\/pedagogie.ac-lille.fr\/sbssa\/wp-content\/uploads\/sites\/30\/2024\/09\/Memento-CTEN.png 459w\" sizes=\"auto, (max-width: 211px) 100vw, 211px\" \/><\/a><\/div><a class=\"wp-block-latest-posts__post-title\" href=\"https:\/\/pedagogie.ac-lille.fr\/sbssa\/memento-administratif-2024-de-lenseignant-contractuel-2\/\">Memento administratif  de l&rsquo;enseignant contractuel 2024-2025<\/a><time datetime=\"2024-08-23T13:37:00+02:00\" class=\"wp-block-latest-posts__post-date\">23 ao\u00fbt 2024<\/time><\/li>\n<li><div class=\"wp-block-latest-posts__featured-image alignleft\"><a href=\"https:\/\/pedagogie.ac-lille.fr\/sbssa\/certificat-daptitude-a-participer-lenseignement-francais-a-letranger-capefe\/\" aria-label=\"Certificat d\u2019Aptitude \u00e0 Participer l\u2019Enseignement Fran\u00e7ais \u00e0 l\u2019\u00c9tranger (CAPEF\u00c9)\"><img loading=\"lazy\" decoding=\"async\" width=\"300\" height=\"89\" src=\"https:\/\/pedagogie.ac-lille.fr\/sbssa\/wp-content\/uploads\/sites\/30\/2021\/03\/Inspe_Lille_HdF_2-300x89.png\" class=\"attachment-medium size-medium no-lazy wp-post-image\" alt=\"\" style=\"max-width:150px;max-height:150px;\" srcset=\"https:\/\/pedagogie.ac-lille.fr\/sbssa\/wp-content\/uploads\/sites\/30\/2021\/03\/Inspe_Lille_HdF_2-300x89.png 300w, https:\/\/pedagogie.ac-lille.fr\/sbssa\/wp-content\/uploads\/sites\/30\/2021\/03\/Inspe_Lille_HdF_2-768x228.png 768w, https:\/\/pedagogie.ac-lille.fr\/sbssa\/wp-content\/uploads\/sites\/30\/2021\/03\/Inspe_Lille_HdF_2.png 895w\" sizes=\"auto, (max-width: 300px) 100vw, 300px\" \/><\/a><\/div><a class=\"wp-block-latest-posts__post-title\" href=\"https:\/\/pedagogie.ac-lille.fr\/sbssa\/certificat-daptitude-a-participer-lenseignement-francais-a-letranger-capefe\/\">Certificat d\u2019Aptitude \u00e0 Participer l\u2019Enseignement Fran\u00e7ais \u00e0 l\u2019\u00c9tranger (CAPEF\u00c9)<\/a><time datetime=\"2022-10-03T14:07:00+02:00\" class=\"wp-block-latest-posts__post-date\">3 octobre 2022<\/time><\/li>\n<li><div class=\"wp-block-latest-posts__featured-image alignleft\"><a href=\"https:\/\/pedagogie.ac-lille.fr\/sbssa\/master-meef-mention-pratiques-et-ingenierie-de-la-formation-pco-csco-pratiques-cooperatives-et-climat-scolaire\/\" aria-label=\"MASTER ME\u00c9F Mention pratiques et ing\u00e9nierie de la formation &#8211; PCo CSco Pratiques Coop\u00e9ratives et Climat Scolaire\"><img loading=\"lazy\" decoding=\"async\" width=\"300\" height=\"89\" src=\"https:\/\/pedagogie.ac-lille.fr\/sbssa\/wp-content\/uploads\/sites\/30\/2021\/03\/Inspe_Lille_HdF_2-300x89.png\" class=\"attachment-medium size-medium no-lazy wp-post-image\" alt=\"\" style=\"max-width:150px;max-height:150px;\" srcset=\"https:\/\/pedagogie.ac-lille.fr\/sbssa\/wp-content\/uploads\/sites\/30\/2021\/03\/Inspe_Lille_HdF_2-300x89.png 300w, https:\/\/pedagogie.ac-lille.fr\/sbssa\/wp-content\/uploads\/sites\/30\/2021\/03\/Inspe_Lille_HdF_2-768x228.png 768w, https:\/\/pedagogie.ac-lille.fr\/sbssa\/wp-content\/uploads\/sites\/30\/2021\/03\/Inspe_Lille_HdF_2.png 895w\" sizes=\"auto, (max-width: 300px) 100vw, 300px\" \/><\/a><\/div><a class=\"wp-block-latest-posts__post-title\" href=\"https:\/\/pedagogie.ac-lille.fr\/sbssa\/master-meef-mention-pratiques-et-ingenierie-de-la-formation-pco-csco-pratiques-cooperatives-et-climat-scolaire\/\">MASTER ME\u00c9F Mention pratiques et ing\u00e9nierie de la formation &#8211; PCo CSco Pratiques Coop\u00e9ratives et Climat Scolaire<\/a><time datetime=\"2021-03-31T16:50:00+02:00\" class=\"wp-block-latest-posts__post-date\">31 mars 2021<\/time><\/li>\n<li><div class=\"wp-block-latest-posts__featured-image alignleft\"><a href=\"https:\/\/pedagogie.ac-lille.fr\/sbssa\/arrete-du-28-mai-2019-modifiant-larrete-du-18-juin-2014-fixant-les-modalites-de-formation-initiale-de-certains-personnels-enseignants-et-deducation-de-lenseignement-public-stagiaires\/\" aria-label=\"Arr\u00eat\u00e9 du 28 mai 2019 modifiant l&rsquo;arr\u00eat\u00e9 du 18 juin 2014 fixant les modalit\u00e9s de formation initiale de certains personnels enseignants et d&rsquo;\u00e9ducation de l&rsquo;enseignement public stagiaires\"><img loading=\"lazy\" decoding=\"async\" width=\"300\" height=\"165\" src=\"https:\/\/pedagogie.ac-lille.fr\/sbssa\/wp-content\/uploads\/sites\/30\/2021\/03\/gavel-3577258_1920-300x165.jpg\" class=\"attachment-medium size-medium no-lazy wp-post-image\" alt=\"Arr\u00eat\u00e9\" style=\"max-width:150px;max-height:150px;\" srcset=\"https:\/\/pedagogie.ac-lille.fr\/sbssa\/wp-content\/uploads\/sites\/30\/2021\/03\/gavel-3577258_1920-300x165.jpg 300w, https:\/\/pedagogie.ac-lille.fr\/sbssa\/wp-content\/uploads\/sites\/30\/2021\/03\/gavel-3577258_1920-1024x563.jpg 1024w, https:\/\/pedagogie.ac-lille.fr\/sbssa\/wp-content\/uploads\/sites\/30\/2021\/03\/gavel-3577258_1920-768x422.jpg 768w, https:\/\/pedagogie.ac-lille.fr\/sbssa\/wp-content\/uploads\/sites\/30\/2021\/03\/gavel-3577258_1920-1536x845.jpg 1536w, https:\/\/pedagogie.ac-lille.fr\/sbssa\/wp-content\/uploads\/sites\/30\/2021\/03\/gavel-3577258_1920.jpg 1920w\" sizes=\"auto, (max-width: 300px) 100vw, 300px\" \/><\/a><\/div><a class=\"wp-block-latest-posts__post-title\" href=\"https:\/\/pedagogie.ac-lille.fr\/sbssa\/arrete-du-28-mai-2019-modifiant-larrete-du-18-juin-2014-fixant-les-modalites-de-formation-initiale-de-certains-personnels-enseignants-et-deducation-de-lenseignement-public-stagiaires\/\">Arr\u00eat\u00e9 du 28 mai 2019 modifiant l&rsquo;arr\u00eat\u00e9 du 18 juin 2014 fixant les modalit\u00e9s de formation initiale de certains personnels enseignants et d&rsquo;\u00e9ducation de l&rsquo;enseignement public stagiaires<\/a><time datetime=\"2019-05-28T12:30:00+02:00\" class=\"wp-block-latest-posts__post-date\">28 mai 2019<\/time><\/li>\n<li><div class=\"wp-block-latest-posts__featured-image alignleft\"><a href=\"https:\/\/pedagogie.ac-lille.fr\/sbssa\/arrete-du-28-mai-2019-modifiant-larrete-du-27-aout-2013-fixant-le-cadre-national-des-formations-dispensees-au-sein-des-masters-meef\/\" aria-label=\"Arr\u00eat\u00e9 du 28 mai 2019 modifiant l&rsquo;arr\u00eat\u00e9 du 27 ao\u00fbt 2013 fixant le cadre national des formations dispens\u00e9es au sein des masters MEEF\"><img loading=\"lazy\" decoding=\"async\" width=\"300\" height=\"165\" src=\"https:\/\/pedagogie.ac-lille.fr\/sbssa\/wp-content\/uploads\/sites\/30\/2021\/03\/gavel-3577258_1920-300x165.jpg\" class=\"attachment-medium size-medium no-lazy wp-post-image\" alt=\"Arr\u00eat\u00e9\" style=\"max-width:150px;max-height:150px;\" srcset=\"https:\/\/pedagogie.ac-lille.fr\/sbssa\/wp-content\/uploads\/sites\/30\/2021\/03\/gavel-3577258_1920-300x165.jpg 300w, https:\/\/pedagogie.ac-lille.fr\/sbssa\/wp-content\/uploads\/sites\/30\/2021\/03\/gavel-3577258_1920-1024x563.jpg 1024w, https:\/\/pedagogie.ac-lille.fr\/sbssa\/wp-content\/uploads\/sites\/30\/2021\/03\/gavel-3577258_1920-768x422.jpg 768w, https:\/\/pedagogie.ac-lille.fr\/sbssa\/wp-content\/uploads\/sites\/30\/2021\/03\/gavel-3577258_1920-1536x845.jpg 1536w, https:\/\/pedagogie.ac-lille.fr\/sbssa\/wp-content\/uploads\/sites\/30\/2021\/03\/gavel-3577258_1920.jpg 1920w\" sizes=\"auto, (max-width: 300px) 100vw, 300px\" \/><\/a><\/div><a class=\"wp-block-latest-posts__post-title\" href=\"https:\/\/pedagogie.ac-lille.fr\/sbssa\/arrete-du-28-mai-2019-modifiant-larrete-du-27-aout-2013-fixant-le-cadre-national-des-formations-dispensees-au-sein-des-masters-meef\/\">Arr\u00eat\u00e9 du 28 mai 2019 modifiant l&rsquo;arr\u00eat\u00e9 du 27 ao\u00fbt 2013 fixant le cadre national des formations dispens\u00e9es au sein des masters MEEF<\/a><time datetime=\"2019-05-28T12:26:00+02:00\" class=\"wp-block-latest-posts__post-date\">28 mai 2019<\/time><\/li>\n<li><div class=\"wp-block-latest-posts__featured-image alignleft\"><a href=\"https:\/\/pedagogie.ac-lille.fr\/sbssa\/cadre-general-et-annexe-du-referentiel-de-formation-du-master-meef-28-mars-2019\/\" aria-label=\"cadre g\u00e9n\u00e9ral et annexe du r\u00e9f\u00e9rentiel de formation du master MEEF &#8211; 28 mars 2019\"><img loading=\"lazy\" decoding=\"async\" width=\"300\" height=\"296\" src=\"https:\/\/pedagogie.ac-lille.fr\/sbssa\/wp-content\/uploads\/sites\/30\/2023\/10\/folder-148581_1280-300x296.png\" class=\"attachment-medium size-medium no-lazy wp-post-image\" alt=\"\" style=\"max-width:150px;max-height:150px;\" srcset=\"https:\/\/pedagogie.ac-lille.fr\/sbssa\/wp-content\/uploads\/sites\/30\/2023\/10\/folder-148581_1280-300x296.png 300w, https:\/\/pedagogie.ac-lille.fr\/sbssa\/wp-content\/uploads\/sites\/30\/2023\/10\/folder-148581_1280-1024x1011.png 1024w, https:\/\/pedagogie.ac-lille.fr\/sbssa\/wp-content\/uploads\/sites\/30\/2023\/10\/folder-148581_1280-768x758.png 768w, https:\/\/pedagogie.ac-lille.fr\/sbssa\/wp-content\/uploads\/sites\/30\/2023\/10\/folder-148581_1280.png 1280w\" sizes=\"auto, (max-width: 300px) 100vw, 300px\" \/><\/a><\/div><a class=\"wp-block-latest-posts__post-title\" href=\"https:\/\/pedagogie.ac-lille.fr\/sbssa\/cadre-general-et-annexe-du-referentiel-de-formation-du-master-meef-28-mars-2019\/\">cadre g\u00e9n\u00e9ral et annexe du r\u00e9f\u00e9rentiel de formation du master MEEF &#8211; 28 mars 2019<\/a><time datetime=\"2019-03-28T12:36:00+01:00\" class=\"wp-block-latest-posts__post-date\">28 mars 2019<\/time><\/li>\n<li><div class=\"wp-block-latest-posts__featured-image alignleft\"><a href=\"https:\/\/pedagogie.ac-lille.fr\/sbssa\/referentiel-de-competences-professionnelles-des-metiers-du-professorat-et-de-leducation\/\" aria-label=\"R\u00e9f\u00e9rentiel de comp\u00e9tences professionnelles des m\u00e9tiers du professorat et de l&rsquo;\u00e9ducation\"><img loading=\"lazy\" decoding=\"async\" width=\"300\" height=\"296\" src=\"https:\/\/pedagogie.ac-lille.fr\/sbssa\/wp-content\/uploads\/sites\/30\/2023\/10\/folder-148581_1280-300x296.png\" class=\"attachment-medium size-medium no-lazy wp-post-image\" alt=\"\" style=\"max-width:150px;max-height:150px;\" srcset=\"https:\/\/pedagogie.ac-lille.fr\/sbssa\/wp-content\/uploads\/sites\/30\/2023\/10\/folder-148581_1280-300x296.png 300w, https:\/\/pedagogie.ac-lille.fr\/sbssa\/wp-content\/uploads\/sites\/30\/2023\/10\/folder-148581_1280-1024x1011.png 1024w, https:\/\/pedagogie.ac-lille.fr\/sbssa\/wp-content\/uploads\/sites\/30\/2023\/10\/folder-148581_1280-768x758.png 768w, https:\/\/pedagogie.ac-lille.fr\/sbssa\/wp-content\/uploads\/sites\/30\/2023\/10\/folder-148581_1280.png 1280w\" sizes=\"auto, (max-width: 300px) 100vw, 300px\" \/><\/a><\/div><a class=\"wp-block-latest-posts__post-title\" href=\"https:\/\/pedagogie.ac-lille.fr\/sbssa\/referentiel-de-competences-professionnelles-des-metiers-du-professorat-et-de-leducation\/\">R\u00e9f\u00e9rentiel de comp\u00e9tences professionnelles des m\u00e9tiers du professorat et de l&rsquo;\u00e9ducation<\/a><time datetime=\"2013-07-25T12:19:00+02:00\" class=\"wp-block-latest-posts__post-date\">25 juillet 2013<\/time><\/li>\n<\/ul>","protected":false},"excerpt":{"rendered":"<p>Le r\u00e9f\u00e9rentiel de formation intitul\u00e9 \u00ab\u00a0Former l&rsquo;enseignant du XXIe si\u00e8cle\u00a0\u00bb des futurs professeurs des premier et second degr\u00e9s et CPE d\u00e9finit le contenu de la formation d\u00e9livr\u00e9e au sein des [&hellip;]<\/p>\n","protected":false},"author":48,"featured_media":12467,"parent":728,"menu_order":-2,"comment_status":"closed","ping_status":"closed","template":"","meta":{"ngg_post_thumbnail":0,"footnotes":""},"class_list":["post-2871","page","type-page","status-publish","has-post-thumbnail","czr-hentry"],"publishpress_future_action":{"enabled":false,"date":"2026-04-21 13:38:57","action":"change-status","newStatus":"draft","terms":[],"taxonomy":"","extraData":[]},"publishpress_future_workflow_manual_trigger":{"enabledWorkflows":[]},"_links":{"self":[{"href":"https:\/\/pedagogie.ac-lille.fr\/sbssa\/wp-json\/wp\/v2\/pages\/2871","targetHints":{"allow":["GET"]}}],"collection":[{"href":"https:\/\/pedagogie.ac-lille.fr\/sbssa\/wp-json\/wp\/v2\/pages"}],"about":[{"href":"https:\/\/pedagogie.ac-lille.fr\/sbssa\/wp-json\/wp\/v2\/types\/page"}],"author":[{"embeddable":true,"href":"https:\/\/pedagogie.ac-lille.fr\/sbssa\/wp-json\/wp\/v2\/users\/48"}],"replies":[{"embeddable":true,"href":"https:\/\/pedagogie.ac-lille.fr\/sbssa\/wp-json\/wp\/v2\/comments?post=2871"}],"version-history":[{"count":39,"href":"https:\/\/pedagogie.ac-lille.fr\/sbssa\/wp-json\/wp\/v2\/pages\/2871\/revisions"}],"predecessor-version":[{"id":13526,"href":"https:\/\/pedagogie.ac-lille.fr\/sbssa\/wp-json\/wp\/v2\/pages\/2871\/revisions\/13526"}],"up":[{"embeddable":true,"href":"https:\/\/pedagogie.ac-lille.fr\/sbssa\/wp-json\/wp\/v2\/pages\/728"}],"wp:featuredmedia":[{"embeddable":true,"href":"https:\/\/pedagogie.ac-lille.fr\/sbssa\/wp-json\/wp\/v2\/media\/12467"}],"wp:attachment":[{"href":"https:\/\/pedagogie.ac-lille.fr\/sbssa\/wp-json\/wp\/v2\/media?parent=2871"}],"curies":[{"name":"wp","href":"https:\/\/api.w.org\/{rel}","templated":true}]}}