{"id":6630,"date":"2021-02-10T06:00:00","date_gmt":"2021-02-10T05:00:00","guid":{"rendered":"https:\/\/pedagogie.ac-lille.fr\/sbssa\/?page_id=6630"},"modified":"2024-12-23T18:41:49","modified_gmt":"2024-12-23T17:41:49","slug":"rendez-vous-de-carriere","status":"publish","type":"page","link":"https:\/\/pedagogie.ac-lille.fr\/sbssa\/communication-inspection\/rendez-vous-de-carriere\/","title":{"rendered":"Rendez-vous de carri\u00e8re &#8211; Visite conseil"},"content":{"rendered":"\n<div class=\"wp-block-columns is-layout-flex wp-container-core-columns-is-layout-28f84493 wp-block-columns-is-layout-flex\">\n<div class=\"wp-block-column is-layout-flow wp-block-column-is-layout-flow\" style=\"flex-basis:33.33%\"><div class=\"wp-block-image\">\n<figure class=\"alignleft size-large is-resized\"><img loading=\"lazy\" decoding=\"async\" width=\"1024\" height=\"965\" src=\"https:\/\/pedagogie.ac-lille.fr\/sbssa\/wp-content\/uploads\/sites\/30\/2022\/11\/office-3493282_1280-1024x965.png\" alt=\"Entretien\" class=\"wp-image-6641\" style=\"width:230px;height:216px\" srcset=\"https:\/\/pedagogie.ac-lille.fr\/sbssa\/wp-content\/uploads\/sites\/30\/2022\/11\/office-3493282_1280-1024x965.png 1024w, https:\/\/pedagogie.ac-lille.fr\/sbssa\/wp-content\/uploads\/sites\/30\/2022\/11\/office-3493282_1280-300x283.png 300w, https:\/\/pedagogie.ac-lille.fr\/sbssa\/wp-content\/uploads\/sites\/30\/2022\/11\/office-3493282_1280-768x724.png 768w, https:\/\/pedagogie.ac-lille.fr\/sbssa\/wp-content\/uploads\/sites\/30\/2022\/11\/office-3493282_1280.png 1280w\" sizes=\"auto, (max-width: 1024px) 100vw, 1024px\" \/><\/figure>\n<\/div><\/div>\n\n\n\n<div class=\"wp-block-column is-layout-flow wp-block-column-is-layout-flow\" style=\"flex-basis:66.66%\">\n<p><strong>L&rsquo;\u00e9valuation des personnels enseignants et d&rsquo;\u00e9ducation comprend un accompagnement tout au long du parcours professionnel et des rendez-vous de carri\u00e8re, moments privil\u00e9gi\u00e9s d&rsquo;\u00e9change sur les comp\u00e9tences acquises et sur les perspectives d&rsquo;\u00e9volution professionnelle.<\/strong><\/p>\n<p>Dans le cadre du<strong> rendez-vous de carri\u00e8re<\/strong>, vous trouverez dans cette page les informations n\u00e9cessaires pour pr\u00e9parer au mieux ce<strong> temps d\u00e9di\u00e9 qui porte un regard sur une p\u00e9riode de la vie professionnelle :<\/strong><\/p>\n<\/div>\n<\/div>\n\n\n<div class=\"cadre_2\">\n<p>&nbsp;<\/p>\n<\/div>\n<ul>\n<li>Un lien, avec toutes les ressources accessibles sur le site du minist\u00e8re :<br class=\"autobr\"><a class=\"spip_out\" href=\"https:\/\/www.education.gouv.fr\/rendez-vous-de-carriere-mode-d-emploi-41627\" target=\"_blank\" rel=\"noopener noreferrer external\">Rendez-vous de carri\u00e8re&nbsp;: mode d\u2019emploi (education.gouv.fr)<\/a><\/li>\n<li>Le <a href=\"https:\/\/pedagogie.ac-lille.fr\/sbssa\/wp-content\/uploads\/sites\/30\/2022\/11\/PPCR-Guide-du-rendez-vous-de-carrie\u0300re-des-personnels-enseignants-dE\u0301ducation-et-psychologues-de-lE\u0301ducation-nationale-2017.pdf\" target=\"_blank\" rel=\"noopener\">guide du rendez-vous de carri\u00e8re &#8211; 2017<\/a><\/li>\n<li>Les annexes du guide du rendez-vous de carri\u00e8re \u00e0 consulter :\n<ul>\n<li><a href=\"https:\/\/pedagogie.ac-lille.fr\/sbssa\/wp-content\/uploads\/sites\/30\/2022\/11\/document-aide-rdv-carriere-2020-71973.pdf\" target=\"_blank\" rel=\"noopener\">annexe 4 : document d\u2019aide et de r\u00e9f\u00e9rence de l\u2019entretien ;<\/a><\/li>\n<li><a href=\"https:\/\/pedagogie.ac-lille.fr\/sbssa\/wp-content\/uploads\/sites\/30\/2022\/11\/annexe_6_du_guide-du-rendez-vous-de-carri-re-des-personnels-enseignants-d-ducation-et-psychologues-de-l-ducation-nationale-48144_0_1_.pdf\" target=\"_blank\" rel=\"noopener\">annexe 6 : r\u00e9f\u00e9rentiel des comp\u00e9tences professionnelles des m\u00e9tiers du professorat et de l\u2019\u00e9ducation<\/a><\/li>\n<\/ul>\n<\/li>\n<\/ul>\n<p><strong style=\"font-size: revert;color: initial\">Nous accueillons volontiers tous les supports que vous jugerez utile de nous communiquer en amont du rendez- vous de carri\u00e8re<\/strong><span style=\"font-size: revert;color: initial\">.<\/span><\/p>\n<p style=\"text-align: right\">Les IEN-ET SBSSA<\/p>\n<h1><span style=\"color: #0000ff\"><strong>Visite conseil<\/strong><\/span><\/h1>\n<p><a href=\"https:\/\/pedagogie.ac-lille.fr\/sbssa\/wp-content\/uploads\/sites\/30\/2022\/11\/Protocole-visite-conseil.pdf\" target=\"_blank\" rel=\"https:\/\/pedagogie.ac-lille.fr\/sbssa\/wp-content\/uploads\/sites\/30\/2022\/11\/icon-1968237_1280.png noopener\"><img loading=\"lazy\" decoding=\"async\" class=\"alignnone wp-image-6528\" src=\"https:\/\/pedagogie.ac-lille.fr\/sbssa\/wp-content\/uploads\/sites\/30\/2022\/11\/icon-1968237_1280-300x300.png\" alt=\"Lettre\" width=\"70\" height=\"70\" srcset=\"https:\/\/pedagogie.ac-lille.fr\/sbssa\/wp-content\/uploads\/sites\/30\/2022\/11\/icon-1968237_1280-300x300.png 300w, https:\/\/pedagogie.ac-lille.fr\/sbssa\/wp-content\/uploads\/sites\/30\/2022\/11\/icon-1968237_1280-1024x1024.png 1024w, https:\/\/pedagogie.ac-lille.fr\/sbssa\/wp-content\/uploads\/sites\/30\/2022\/11\/icon-1968237_1280-150x150.png 150w, https:\/\/pedagogie.ac-lille.fr\/sbssa\/wp-content\/uploads\/sites\/30\/2022\/11\/icon-1968237_1280-768x768.png 768w, https:\/\/pedagogie.ac-lille.fr\/sbssa\/wp-content\/uploads\/sites\/30\/2022\/11\/icon-1968237_1280-510x510.png 510w, https:\/\/pedagogie.ac-lille.fr\/sbssa\/wp-content\/uploads\/sites\/30\/2022\/11\/icon-1968237_1280.png 1280w\" sizes=\"auto, (max-width: 70px) 100vw, 70px\" \/><\/a><a href=\"https:\/\/pedagogie.ac-lille.fr\/sbssa\/wp-content\/uploads\/sites\/30\/2022\/11\/Protocole-visite-conseil.pdf\" target=\"_blank\" rel=\"noopener\">Veuillez trouver ici un protocole de visite conseil <\/a><br>&nbsp; &nbsp; &nbsp; &nbsp; &nbsp; &nbsp; &nbsp; &nbsp; &nbsp; (documents souhait\u00e9s lors de la visite et fiche pr\u00e9paratoire \u00e0 l&rsquo;entretien individuel)<\/p>\n<hr>\n<div class=\"cadre_2\">\n<h3 id=\"edugouv-summary-item-6\" class=\"title\">Textes de r\u00e9f\u00e9rence :<\/h3>\n<p><a href=\"https:\/\/pedagogie.ac-lille.fr\/sbssa\/wp-content\/uploads\/sites\/30\/2022\/11\/Le\u0301gifrance-Logo.png\"><img loading=\"lazy\" decoding=\"async\" class=\"wp-image-6656 size-medium alignleft\" src=\"https:\/\/pedagogie.ac-lille.fr\/sbssa\/wp-content\/uploads\/sites\/30\/2022\/11\/Le\u0301gifrance-Logo-300x93.png\" alt=\"L\u00e9gifrance-logo\" width=\"300\" height=\"93\" srcset=\"https:\/\/pedagogie.ac-lille.fr\/sbssa\/wp-content\/uploads\/sites\/30\/2022\/11\/Le\u0301gifrance-Logo-300x93.png 300w, https:\/\/pedagogie.ac-lille.fr\/sbssa\/wp-content\/uploads\/sites\/30\/2022\/11\/Le\u0301gifrance-Logo-1024x316.png 1024w, https:\/\/pedagogie.ac-lille.fr\/sbssa\/wp-content\/uploads\/sites\/30\/2022\/11\/Le\u0301gifrance-Logo-768x237.png 768w, https:\/\/pedagogie.ac-lille.fr\/sbssa\/wp-content\/uploads\/sites\/30\/2022\/11\/Le\u0301gifrance-Logo-1536x475.png 1536w, https:\/\/pedagogie.ac-lille.fr\/sbssa\/wp-content\/uploads\/sites\/30\/2022\/11\/Le\u0301gifrance-Logo-2048x633.png 2048w\" sizes=\"auto, (max-width: 300px) 100vw, 300px\" \/><\/a><a class=\"chevron\" title=\"Nouvelle fen\u00eatre vers legifrance.gouv.fr\" href=\"https:\/\/www.legifrance.gouv.fr\/affichTexte.do;jsessionid=8032A282282A75131244A3BAC65FC804.tpdila15v_1?cidTexte=JORFTEXT000034600973&amp;dateTexte=29990101\" target=\"_blank\" rel=\"noopener\">D\u00e9cret n\u00b0 2017-786 du 5 mai 2017<\/a><br><a class=\"chevron\" title=\"Nouvelle fen\u00eatre vers legifrance.gouv.fr\" href=\"https:\/\/www.legifrance.gouv.fr\/affichTexte.do?cidTexte=JORFTEXT000034632395&amp;dateTexte=20191104\" target=\"_blank\" rel=\"noopener\">Arr\u00eat\u00e9 du 5 mai 2017 modifi\u00e9<\/a><br><a href=\"https:\/\/www.legifrance.gouv.fr\/loda\/id\/JORFTEXT000027721614\/\" target=\"_blank\" rel=\"noopener\">Arr\u00eat\u00e9 du 1er juillet 2013 &#8211; JO du 18 juillet 2013<\/a><\/p>\n<\/div>","protected":false},"excerpt":{"rendered":"<p>L&rsquo;\u00e9valuation des personnels enseignants et d&rsquo;\u00e9ducation comprend un accompagnement tout au long du parcours professionnel et des rendez-vous de carri\u00e8re, moments privil\u00e9gi\u00e9s d&rsquo;\u00e9change sur les comp\u00e9tences acquises et sur les [&hellip;]<\/p>\n","protected":false},"author":48,"featured_media":0,"parent":731,"menu_order":1,"comment_status":"closed","ping_status":"closed","template":"","meta":{"ngg_post_thumbnail":0,"footnotes":""},"class_list":["post-6630","page","type-page","status-publish","czr-hentry"],"publishpress_future_action":{"enabled":false,"date":"2026-04-20 10:52:18","action":"change-status","newStatus":"draft","terms":[],"taxonomy":"","extraData":[]},"publishpress_future_workflow_manual_trigger":{"enabledWorkflows":[]},"_links":{"self":[{"href":"https:\/\/pedagogie.ac-lille.fr\/sbssa\/wp-json\/wp\/v2\/pages\/6630","targetHints":{"allow":["GET"]}}],"collection":[{"href":"https:\/\/pedagogie.ac-lille.fr\/sbssa\/wp-json\/wp\/v2\/pages"}],"about":[{"href":"https:\/\/pedagogie.ac-lille.fr\/sbssa\/wp-json\/wp\/v2\/types\/page"}],"author":[{"embeddable":true,"href":"https:\/\/pedagogie.ac-lille.fr\/sbssa\/wp-json\/wp\/v2\/users\/48"}],"replies":[{"embeddable":true,"href":"https:\/\/pedagogie.ac-lille.fr\/sbssa\/wp-json\/wp\/v2\/comments?post=6630"}],"version-history":[{"count":26,"href":"https:\/\/pedagogie.ac-lille.fr\/sbssa\/wp-json\/wp\/v2\/pages\/6630\/revisions"}],"predecessor-version":[{"id":12993,"href":"https:\/\/pedagogie.ac-lille.fr\/sbssa\/wp-json\/wp\/v2\/pages\/6630\/revisions\/12993"}],"up":[{"embeddable":true,"href":"https:\/\/pedagogie.ac-lille.fr\/sbssa\/wp-json\/wp\/v2\/pages\/731"}],"wp:attachment":[{"href":"https:\/\/pedagogie.ac-lille.fr\/sbssa\/wp-json\/wp\/v2\/media?parent=6630"}],"curies":[{"name":"wp","href":"https:\/\/api.w.org\/{rel}","templated":true}]}}