{"id":6829,"date":"2022-11-20T17:02:17","date_gmt":"2022-11-20T16:02:17","guid":{"rendered":"https:\/\/pedagogie.ac-lille.fr\/sbssa\/?page_id=6829"},"modified":"2024-09-02T09:19:32","modified_gmt":"2024-09-02T07:19:32","slug":"3rb-reseau-ressource-risque-biologique","status":"publish","type":"page","link":"https:\/\/pedagogie.ac-lille.fr\/sbssa\/dossiers-transversaux\/enseigner-la-sante-la-securite-au-travail-e-s-s-t\/3rb-reseau-ressource-risque-biologique\/","title":{"rendered":"Risques Biologiques"},"content":{"rendered":"<p>Les agents biologiques (bact\u00e9ries, champignons, virus\u2026) peuvent \u00eatre \u00e0 l\u2019origine de maladies chez l\u2019homme&nbsp;: infections, intoxications, allergies voire cancers.<\/p>\n<p>Le risque biologique concerne de multiples activit\u00e9s : les m\u00e9tiers de la sant\u00e9, les services \u00e0 la personne, l\u2019agriculture, les industries agroalimentaires, les m\u00e9tiers de l\u2019environnement\u2026<\/p>\n<p>L\u2019\u00e9valuation des risques se fait en suivant la cha\u00eene de transmission \u00e0 partir du \u00ab&nbsp;r\u00e9servoir&nbsp;\u00bb d\u2019agents biologiques jusqu\u2019au travailleur expos\u00e9. La pr\u00e9vention des risques consiste \u00e0 rompre cette cha\u00eene le plus en amont possible.<\/p>\n<p>La pr\u00e9vention passe par des mesures d\u2019organisation du travail, de protection collective et individuelle, ainsi que d\u2019information et de formation du personnel. Ces mesures de pr\u00e9vention doivent \u00eatre adapt\u00e9es \u00e0 l\u2019activit\u00e9 professionnelle consid\u00e9r\u00e9e.&nbsp;&nbsp;<\/p>\n<p>Source : INRS<\/p>\n<p>&nbsp;<\/p>\n\n<ul class=\"wp-block-latest-posts__list has-dates alignleft wp-block-latest-posts\"><li><div class=\"wp-block-latest-posts__featured-image alignleft\"><img loading=\"lazy\" decoding=\"async\" width=\"209\" height=\"300\" src=\"https:\/\/pedagogie.ac-lille.fr\/sbssa\/wp-content\/uploads\/sites\/30\/2026\/03\/ed6188-209x300.jpg\" class=\"attachment-medium size-medium no-lazy wp-post-image\" alt=\"\" style=\"\" srcset=\"https:\/\/pedagogie.ac-lille.fr\/sbssa\/wp-content\/uploads\/sites\/30\/2026\/03\/ed6188-209x300.jpg 209w, https:\/\/pedagogie.ac-lille.fr\/sbssa\/wp-content\/uploads\/sites\/30\/2026\/03\/ed6188.jpg 280w\" sizes=\"auto, (max-width: 209px) 100vw, 209px\" \/><\/div><a class=\"wp-block-latest-posts__post-title\" href=\"https:\/\/pedagogie.ac-lille.fr\/sbssa\/risques-biologiques-pour-un-usage-raisonne-de-la-desinfection\/\">Risques biologiques : pour un usage raisonn\u00e9 de la d\u00e9sinfection<\/a><time datetime=\"2026-03-22T19:09:55+01:00\" class=\"wp-block-latest-posts__post-date\">22 mars 2026<\/time><\/li>\n<li><div class=\"wp-block-latest-posts__featured-image alignleft\"><img loading=\"lazy\" decoding=\"async\" width=\"300\" height=\"300\" src=\"https:\/\/pedagogie.ac-lille.fr\/sbssa\/wp-content\/uploads\/sites\/30\/2025\/07\/certibiocide-410x410-1-300x300.png\" class=\"attachment-medium size-medium no-lazy wp-post-image\" alt=\"\" style=\"\" srcset=\"https:\/\/pedagogie.ac-lille.fr\/sbssa\/wp-content\/uploads\/sites\/30\/2025\/07\/certibiocide-410x410-1-300x300.png 300w, https:\/\/pedagogie.ac-lille.fr\/sbssa\/wp-content\/uploads\/sites\/30\/2025\/07\/certibiocide-410x410-1-150x150.png 150w, https:\/\/pedagogie.ac-lille.fr\/sbssa\/wp-content\/uploads\/sites\/30\/2025\/07\/certibiocide-410x410-1.png 410w\" sizes=\"auto, (max-width: 300px) 100vw, 300px\" \/><\/div><a class=\"wp-block-latest-posts__post-title\" href=\"https:\/\/pedagogie.ac-lille.fr\/sbssa\/mise-en-application-au-1er-janvier-2026-de-larrete-certibiocide-du-23-janvier-2023\/\">Mise en application au 1er janvier 2026 de l\u2019arr\u00eat\u00e9 \u00ab certibiocide \u00bb du 23 janvier 2023<\/a><time datetime=\"2025-07-10T11:14:58+02:00\" class=\"wp-block-latest-posts__post-date\">10 juillet 2025<\/time><\/li>\n<li><div class=\"wp-block-latest-posts__featured-image alignleft\"><img loading=\"lazy\" decoding=\"async\" width=\"300\" height=\"137\" src=\"https:\/\/pedagogie.ac-lille.fr\/sbssa\/wp-content\/uploads\/sites\/30\/2021\/07\/logo_inrs-300x137.jpg\" class=\"attachment-medium size-medium no-lazy wp-post-image\" alt=\"\" style=\"\" srcset=\"https:\/\/pedagogie.ac-lille.fr\/sbssa\/wp-content\/uploads\/sites\/30\/2021\/07\/logo_inrs-300x137.jpg 300w, https:\/\/pedagogie.ac-lille.fr\/sbssa\/wp-content\/uploads\/sites\/30\/2021\/07\/logo_inrs-517x235.jpg 517w, https:\/\/pedagogie.ac-lille.fr\/sbssa\/wp-content\/uploads\/sites\/30\/2021\/07\/logo_inrs.jpg 605w\" sizes=\"auto, (max-width: 300px) 100vw, 300px\" \/><\/div><a class=\"wp-block-latest-posts__post-title\" href=\"https:\/\/pedagogie.ac-lille.fr\/sbssa\/dossier-risques-biologiques-des-pratiques-et-des-outils-pour-la-prevention\/\">Dossier \u00ab\u00a0Risques biologiques : des pratiques et des outils pour la pr\u00e9vention\u00a0\u00bb &#8211; D\u00e9cembre 2024<\/a><time datetime=\"2025-02-27T05:07:52+01:00\" class=\"wp-block-latest-posts__post-date\">27 f\u00e9vrier 2025<\/time><\/li>\n<li><div class=\"wp-block-latest-posts__featured-image alignleft\"><img loading=\"lazy\" decoding=\"async\" width=\"212\" height=\"300\" src=\"https:\/\/pedagogie.ac-lille.fr\/sbssa\/wp-content\/uploads\/sites\/30\/2024\/05\/ed6521-212x300.jpg\" class=\"attachment-medium size-medium no-lazy wp-post-image\" alt=\"\" style=\"\" srcset=\"https:\/\/pedagogie.ac-lille.fr\/sbssa\/wp-content\/uploads\/sites\/30\/2024\/05\/ed6521-212x300.jpg 212w, https:\/\/pedagogie.ac-lille.fr\/sbssa\/wp-content\/uploads\/sites\/30\/2024\/05\/ed6521.jpg 280w\" sizes=\"auto, (max-width: 212px) 100vw, 212px\" \/><\/div><a class=\"wp-block-latest-posts__post-title\" href=\"https:\/\/pedagogie.ac-lille.fr\/sbssa\/sante-au-travail-passez-a-laction-prothesiste-dentaire-edition-inrs-2023-ed-6521\/\">Sant\u00e9 au travail : passez \u00e0 l&rsquo;action ! &#8211; Proth\u00e9siste dentaire &#8211; Edition INRS 2023 &#8211; Ed 6521<\/a><time datetime=\"2024-05-05T19:39:03+02:00\" class=\"wp-block-latest-posts__post-date\">5 mai 2024<\/time><\/li>\n<li><div class=\"wp-block-latest-posts__featured-image alignleft\"><img loading=\"lazy\" decoding=\"async\" width=\"300\" height=\"137\" src=\"https:\/\/pedagogie.ac-lille.fr\/sbssa\/wp-content\/uploads\/sites\/30\/2021\/07\/logo_inrs-300x137.jpg\" class=\"attachment-medium size-medium no-lazy wp-post-image\" alt=\"\" style=\"\" srcset=\"https:\/\/pedagogie.ac-lille.fr\/sbssa\/wp-content\/uploads\/sites\/30\/2021\/07\/logo_inrs-300x137.jpg 300w, https:\/\/pedagogie.ac-lille.fr\/sbssa\/wp-content\/uploads\/sites\/30\/2021\/07\/logo_inrs-517x235.jpg 517w, https:\/\/pedagogie.ac-lille.fr\/sbssa\/wp-content\/uploads\/sites\/30\/2021\/07\/logo_inrs.jpg 605w\" sizes=\"auto, (max-width: 300px) 100vw, 300px\" \/><\/div><a class=\"wp-block-latest-posts__post-title\" href=\"https:\/\/pedagogie.ac-lille.fr\/sbssa\/6840-2\/\">Dossier \u00ab\u00a0Risques Biologiques \u00a0\u00bb du site de l&rsquo;INRS<\/a><time datetime=\"2022-11-20T17:14:52+01:00\" class=\"wp-block-latest-posts__post-date\">20 novembre 2022<\/time><\/li>\n<li><div class=\"wp-block-latest-posts__featured-image alignleft\"><img loading=\"lazy\" decoding=\"async\" width=\"300\" height=\"182\" src=\"https:\/\/pedagogie.ac-lille.fr\/sbssa\/wp-content\/uploads\/sites\/30\/2021\/03\/logo_3rb-300x182.gif\" class=\"attachment-medium size-medium no-lazy wp-post-image\" alt=\"\" style=\"\" \/><\/div><a class=\"wp-block-latest-posts__post-title\" href=\"https:\/\/pedagogie.ac-lille.fr\/sbssa\/site-3rb-reseau-ressource-risque-biologique-2\/\">Site 3RB (R\u00e9seau Ressource Risque Biologique)<\/a><time datetime=\"2022-11-20T17:00:00+01:00\" class=\"wp-block-latest-posts__post-date\">20 novembre 2022<\/time><\/li>\n<li><div class=\"wp-block-latest-posts__featured-image alignleft\"><img loading=\"lazy\" decoding=\"async\" width=\"300\" height=\"300\" src=\"https:\/\/pedagogie.ac-lille.fr\/sbssa\/wp-content\/uploads\/sites\/30\/2022\/11\/Risque-biologique-Logo-300x300.jpg\" class=\"attachment-medium size-medium no-lazy wp-post-image\" alt=\"Risque biologique - Logo\" style=\"\" srcset=\"https:\/\/pedagogie.ac-lille.fr\/sbssa\/wp-content\/uploads\/sites\/30\/2022\/11\/Risque-biologique-Logo-300x300.jpg 300w, https:\/\/pedagogie.ac-lille.fr\/sbssa\/wp-content\/uploads\/sites\/30\/2022\/11\/Risque-biologique-Logo-150x150.jpg 150w, https:\/\/pedagogie.ac-lille.fr\/sbssa\/wp-content\/uploads\/sites\/30\/2022\/11\/Risque-biologique-Logo-510x510.jpg 510w, https:\/\/pedagogie.ac-lille.fr\/sbssa\/wp-content\/uploads\/sites\/30\/2022\/11\/Risque-biologique-Logo.jpg 600w\" sizes=\"auto, (max-width: 300px) 100vw, 300px\" \/><\/div><a class=\"wp-block-latest-posts__post-title\" href=\"https:\/\/pedagogie.ac-lille.fr\/sbssa\/videos-sur-le-risque-biologique\/\">Playlist de vid\u00e9os &#8211; Risques biologiques<\/a><time datetime=\"2022-11-20T16:55:00+01:00\" class=\"wp-block-latest-posts__post-date\">20 novembre 2022<\/time><\/li>\n<\/ul>","protected":false},"excerpt":{"rendered":"<p>Les agents biologiques (bact\u00e9ries, champignons, virus\u2026) peuvent \u00eatre \u00e0 l\u2019origine de maladies chez l\u2019homme&nbsp;: infections, intoxications, allergies voire cancers. Le risque biologique concerne de multiples activit\u00e9s : les m\u00e9tiers de [&hellip;]<\/p>\n","protected":false},"author":48,"featured_media":6843,"parent":710,"menu_order":-1,"comment_status":"closed","ping_status":"closed","template":"","meta":{"ngg_post_thumbnail":0,"footnotes":""},"class_list":["post-6829","page","type-page","status-publish","has-post-thumbnail","czr-hentry"],"publishpress_future_action":{"enabled":false,"date":"2026-04-22 21:14:39","action":"change-status","newStatus":"draft","terms":[],"taxonomy":"","extraData":[]},"publishpress_future_workflow_manual_trigger":{"enabledWorkflows":[]},"_links":{"self":[{"href":"https:\/\/pedagogie.ac-lille.fr\/sbssa\/wp-json\/wp\/v2\/pages\/6829","targetHints":{"allow":["GET"]}}],"collection":[{"href":"https:\/\/pedagogie.ac-lille.fr\/sbssa\/wp-json\/wp\/v2\/pages"}],"about":[{"href":"https:\/\/pedagogie.ac-lille.fr\/sbssa\/wp-json\/wp\/v2\/types\/page"}],"author":[{"embeddable":true,"href":"https:\/\/pedagogie.ac-lille.fr\/sbssa\/wp-json\/wp\/v2\/users\/48"}],"replies":[{"embeddable":true,"href":"https:\/\/pedagogie.ac-lille.fr\/sbssa\/wp-json\/wp\/v2\/comments?post=6829"}],"version-history":[{"count":16,"href":"https:\/\/pedagogie.ac-lille.fr\/sbssa\/wp-json\/wp\/v2\/pages\/6829\/revisions"}],"predecessor-version":[{"id":12462,"href":"https:\/\/pedagogie.ac-lille.fr\/sbssa\/wp-json\/wp\/v2\/pages\/6829\/revisions\/12462"}],"up":[{"embeddable":true,"href":"https:\/\/pedagogie.ac-lille.fr\/sbssa\/wp-json\/wp\/v2\/pages\/710"}],"wp:featuredmedia":[{"embeddable":true,"href":"https:\/\/pedagogie.ac-lille.fr\/sbssa\/wp-json\/wp\/v2\/media\/6843"}],"wp:attachment":[{"href":"https:\/\/pedagogie.ac-lille.fr\/sbssa\/wp-json\/wp\/v2\/media?parent=6829"}],"curies":[{"name":"wp","href":"https:\/\/api.w.org\/{rel}","templated":true}]}}