{"id":731,"date":"2021-03-21T08:45:47","date_gmt":"2021-03-21T07:45:47","guid":{"rendered":"https:\/\/pedagogie.ac-lille.fr\/sbssa\/?page_id=731"},"modified":"2024-09-02T15:27:48","modified_gmt":"2024-09-02T13:27:48","slug":"communication-inspection","status":"publish","type":"page","link":"https:\/\/pedagogie.ac-lille.fr\/sbssa\/communication-inspection\/","title":{"rendered":"INSPECTION"},"content":{"rendered":"\n<div class=\"wp-block-columns is-layout-flex wp-container-core-columns-is-layout-28f84493 wp-block-columns-is-layout-flex\">\n<div class=\"wp-block-column is-layout-flow wp-block-column-is-layout-flow\"><div class=\"wp-block-image\">\n<figure class=\"aligncenter size-thumbnail\"><a href=\"https:\/\/pedagogie.ac-lille.fr\/sbssa\/communication-inspection\/bulletins-de-rentree\/\"><img loading=\"lazy\" decoding=\"async\" width=\"150\" height=\"150\" src=\"https:\/\/pedagogie.ac-lille.fr\/sbssa\/wp-content\/uploads\/sites\/30\/2021\/03\/note-2389227_1280-150x150.png\" alt=\"R\u00e9f\u00e9rentiel\" class=\"wp-image-279\" srcset=\"https:\/\/pedagogie.ac-lille.fr\/sbssa\/wp-content\/uploads\/sites\/30\/2021\/03\/note-2389227_1280-150x150.png 150w, https:\/\/pedagogie.ac-lille.fr\/sbssa\/wp-content\/uploads\/sites\/30\/2021\/03\/note-2389227_1280-300x300.png 300w, https:\/\/pedagogie.ac-lille.fr\/sbssa\/wp-content\/uploads\/sites\/30\/2021\/03\/note-2389227_1280-1024x1024.png 1024w, https:\/\/pedagogie.ac-lille.fr\/sbssa\/wp-content\/uploads\/sites\/30\/2021\/03\/note-2389227_1280-768x768.png 768w, https:\/\/pedagogie.ac-lille.fr\/sbssa\/wp-content\/uploads\/sites\/30\/2021\/03\/note-2389227_1280-510x510.png 510w, https:\/\/pedagogie.ac-lille.fr\/sbssa\/wp-content\/uploads\/sites\/30\/2021\/03\/note-2389227_1280.png 1280w\" sizes=\"auto, (max-width: 150px) 100vw, 150px\" \/><\/a><figcaption class=\"wp-element-caption\"><a href=\"https:\/\/pedagogie.ac-lille.fr\/sbssa\/bulletins-de-rentree\/\" data-type=\"URL\" data-id=\"https:\/\/pedagogie.ac-lille.fr\/sbssa\/bulletins-de-rentree\/\">Bulletin des IEN<\/a><\/figcaption><\/figure>\n<\/div><\/div>\n\n\n\n<div class=\"wp-block-column is-layout-flow wp-block-column-is-layout-flow\"><div class=\"wp-block-image\">\n<figure class=\"aligncenter size-thumbnail\"><a href=\"https:\/\/pedagogie.ac-lille.fr\/sbssa\/communication-inspection\/rendez-vous-de-carriere\/\"><img loading=\"lazy\" decoding=\"async\" width=\"150\" height=\"150\" src=\"https:\/\/pedagogie.ac-lille.fr\/sbssa\/wp-content\/uploads\/sites\/30\/2022\/11\/folder-3503133_1280-150x150.png\" alt=\"\" class=\"wp-image-6535\" srcset=\"https:\/\/pedagogie.ac-lille.fr\/sbssa\/wp-content\/uploads\/sites\/30\/2022\/11\/folder-3503133_1280-150x150.png 150w, https:\/\/pedagogie.ac-lille.fr\/sbssa\/wp-content\/uploads\/sites\/30\/2022\/11\/folder-3503133_1280-300x300.png 300w, https:\/\/pedagogie.ac-lille.fr\/sbssa\/wp-content\/uploads\/sites\/30\/2022\/11\/folder-3503133_1280-1024x1024.png 1024w, https:\/\/pedagogie.ac-lille.fr\/sbssa\/wp-content\/uploads\/sites\/30\/2022\/11\/folder-3503133_1280-768x768.png 768w, https:\/\/pedagogie.ac-lille.fr\/sbssa\/wp-content\/uploads\/sites\/30\/2022\/11\/folder-3503133_1280-510x510.png 510w, https:\/\/pedagogie.ac-lille.fr\/sbssa\/wp-content\/uploads\/sites\/30\/2022\/11\/folder-3503133_1280.png 1280w\" sizes=\"auto, (max-width: 150px) 100vw, 150px\" \/><\/a><figcaption class=\"wp-element-caption\"><a href=\"https:\/\/pedagogie.ac-lille.fr\/sbssa\/communication-inspection\/rendez-vous-de-carriere\/\" data-type=\"page\" data-id=\"6630\">Rendez-vous de carri\u00e8re<\/a><br><a rel=\"noreferrer noopener\" href=\"https:\/\/pedagogie.ac-lille.fr\/sbssa\/communication-inspection\/rendez-vous-de-carriere\/\" data-type=\"page\" data-id=\"6630\" target=\"_blank\">Visite conseil<\/a><\/figcaption><\/figure>\n<\/div><\/div>\n\n\n\n<div class=\"wp-block-column is-layout-flow wp-block-column-is-layout-flow\"><div class=\"wp-block-image\">\n<figure class=\"aligncenter size-thumbnail\"><a href=\"https:\/\/pedagogie.ac-lille.fr\/sbssa\/communication-inspection\/informations-diverses\/\"><img loading=\"lazy\" decoding=\"async\" width=\"150\" height=\"150\" src=\"https:\/\/pedagogie.ac-lille.fr\/sbssa\/wp-content\/uploads\/sites\/30\/2022\/11\/info-1459077_1920-150x150.png\" alt=\"\" class=\"wp-image-6530\" srcset=\"https:\/\/pedagogie.ac-lille.fr\/sbssa\/wp-content\/uploads\/sites\/30\/2022\/11\/info-1459077_1920-150x150.png 150w, https:\/\/pedagogie.ac-lille.fr\/sbssa\/wp-content\/uploads\/sites\/30\/2022\/11\/info-1459077_1920-300x300.png 300w, https:\/\/pedagogie.ac-lille.fr\/sbssa\/wp-content\/uploads\/sites\/30\/2022\/11\/info-1459077_1920-1024x1024.png 1024w, https:\/\/pedagogie.ac-lille.fr\/sbssa\/wp-content\/uploads\/sites\/30\/2022\/11\/info-1459077_1920-768x768.png 768w, https:\/\/pedagogie.ac-lille.fr\/sbssa\/wp-content\/uploads\/sites\/30\/2022\/11\/info-1459077_1920-1536x1536.png 1536w, https:\/\/pedagogie.ac-lille.fr\/sbssa\/wp-content\/uploads\/sites\/30\/2022\/11\/info-1459077_1920-510x510.png 510w, https:\/\/pedagogie.ac-lille.fr\/sbssa\/wp-content\/uploads\/sites\/30\/2022\/11\/info-1459077_1920.png 1920w\" sizes=\"auto, (max-width: 150px) 100vw, 150px\" \/><\/a><figcaption class=\"wp-element-caption\"><a href=\"https:\/\/pedagogie.ac-lille.fr\/sbssa\/communication-inspection\/informations-diverses\/\" data-type=\"page\" data-id=\"6660\">Informations diverses<\/a><\/figcaption><\/figure>\n<\/div><\/div>\n<\/div>\n\n\n<p>Le fonctionnement du corps d\u2019inspection sciences biologiques et sciences sociales appliqu\u00e9es se d\u00e9cline ainsi&nbsp;:<\/p>\n<p>Les Inspectrices et Inspecteurs G\u00e9n\u00e9raux de nos disciplines sont Mesdames <strong>Sabine CAROTTI<\/strong><b>, Morgane LE BRAS \u2013 CARABOEUF et <\/b><b>Jean-Marc MOULLET.<\/b><\/p>\n<p>L\u2019Acad\u00e9mie de Lille accueille cette ann\u00e9e, aux c\u00f4t\u00e9s de <strong>Ruth GISSELBRECHT, Fr\u00e9d\u00e9rique LUBRANO DI FIGOLO et<\/strong> <strong>Lyes ALIANE,<\/strong> IEN ET Sciences Biologiques et Sciences Sociales Appliqu\u00e9es, <strong>B\u00e9rang\u00e8re KISIEL<\/strong> et <strong>Guillaume FOUQUET.<\/strong><\/p>\n<p><span style=\"color: #ffffff\">Notre corps d\u2019inspection est \u00e9paul\u00e9 pour l\u2019ann\u00e9e scolaire 2024 \u2013 2025 par une professeure charg\u00e9e de mission d\u2019inspection <strong>Samantha ANGUENOT.<\/strong><\/span><\/p>\n\n<style>\n       .errordiv { padding:10px; margin:10px; border: 1px solid #555555;color: #000000;background-color: #f8f8f8; width:500px; }#advanced_iframe {visibility:visible;opacity:1;vertical-align:top;}.ai-info-bottom-iframe { position: fixed; z-index: 10000; bottom:0; left: 0; margin: 0px; text-align: center; width: 100%; background-color: #ff9999; padding-left: 5px;padding-bottom: 5px; border-top: 1px solid #aaa } a.ai-bold {font-weight: bold;}#ai-layer-div-advanced_iframe p {height:100%;margin:0;padding:0}<\/style><script type=\"text\/javascript\">var ai_iframe_width_advanced_iframe = 0;var ai_iframe_height_advanced_iframe = 0;var aiOnloadScrollTop=\"true\";var aiShowDebug=false;\n\t\tif (typeof aiReadyCallbacks === 'undefined') {\n\t\t\tvar aiReadyCallbacks = [];\n\t\t} else if (!(aiReadyCallbacks instanceof Array)) {\n\t\t\tvar aiReadyCallbacks = [];\n\t\t}    function aiShowIframeId(id_iframe) { jQuery(\"#\"+id_iframe).css(\"visibility\", \"visible\");    }    function aiResizeIframeHeight(height) { aiResizeIframeHeight(height,advanced_iframe); }    function aiResizeIframeHeightId(height,width,id) {aiResizeIframeHeightById(id,height);}<\/script><a href=\"https:\/\/view.genial.ly\/5eff0377d56fa20d98b2ef71\" target=\"_blank\" rel=\"noopener\">Contenu embarqu\u00e9 non autoris\u00e9<\/a><script type=\"text\/javascript\">var ifrm_advanced_iframe = document.getElementById(\"advanced_iframe\");var hiddenTabsDoneadvanced_iframe = false;\nfunction resizeCallbackadvanced_iframe() {}<\/script><script type=\"text\/javascript\"><\/script><p style=\"display:block !important; visibility:visible !important;margin: -18px 14px 0 0;padding-left: 3px;padding-top:3px;background: white; overflow: hidden; position: relative; line-height:15px;width: fit-content;\"><small style=\"display:block !important;visibility:visible !important\">powered by Advanced iFrame<\/small><\/p>\n\n\n<h2 class=\"wp-block-heading\"><mark style=\"background-color:#0693e3\" class=\"has-inline-color has-white-color\">DERNIERS ARTICLES PUBLI\u00c9S<\/mark><\/h2>\n\n\n<ul class=\"wp-block-latest-posts__list has-dates wp-block-latest-posts\"><li><div class=\"wp-block-latest-posts__featured-image alignleft\"><a href=\"https:\/\/pedagogie.ac-lille.fr\/sbssa\/bulletin-de-rentree-des-ien-et-sbssa-2024\/\" aria-label=\"Bulletin de rentr\u00e9e des IEN-ET SBSSA 2024\"><img loading=\"lazy\" decoding=\"async\" width=\"300\" height=\"193\" src=\"https:\/\/pedagogie.ac-lille.fr\/sbssa\/wp-content\/uploads\/sites\/30\/2022\/11\/email-4539382_1920-300x193.jpg\" class=\"attachment-medium size-medium no-lazy wp-post-image\" alt=\"Bulletin\" style=\"max-width:150px;max-height:150px;\" srcset=\"https:\/\/pedagogie.ac-lille.fr\/sbssa\/wp-content\/uploads\/sites\/30\/2022\/11\/email-4539382_1920-300x193.jpg 300w, https:\/\/pedagogie.ac-lille.fr\/sbssa\/wp-content\/uploads\/sites\/30\/2022\/11\/email-4539382_1920-1024x660.jpg 1024w, https:\/\/pedagogie.ac-lille.fr\/sbssa\/wp-content\/uploads\/sites\/30\/2022\/11\/email-4539382_1920-768x495.jpg 768w, https:\/\/pedagogie.ac-lille.fr\/sbssa\/wp-content\/uploads\/sites\/30\/2022\/11\/email-4539382_1920-1536x990.jpg 1536w, https:\/\/pedagogie.ac-lille.fr\/sbssa\/wp-content\/uploads\/sites\/30\/2022\/11\/email-4539382_1920.jpg 1920w\" sizes=\"auto, (max-width: 300px) 100vw, 300px\" \/><\/a><\/div><a class=\"wp-block-latest-posts__post-title\" href=\"https:\/\/pedagogie.ac-lille.fr\/sbssa\/bulletin-de-rentree-des-ien-et-sbssa-2024\/\">Bulletin de rentr\u00e9e des IEN-ET SBSSA 2024<\/a><time datetime=\"2024-10-01T18:34:11+02:00\" class=\"wp-block-latest-posts__post-date\">1 octobre 2024<\/time><\/li>\n<li><div class=\"wp-block-latest-posts__featured-image alignleft\"><a href=\"https:\/\/pedagogie.ac-lille.fr\/sbssa\/elements-de-contexte-de-lannee-scolaire-2024-2025\/\" aria-label=\"\u00c9l\u00e9ments de contexte de l&rsquo;ann\u00e9e scolaire 2024-2025 dans l&rsquo;Acad\u00e9mie de Lille\"><img loading=\"lazy\" decoding=\"async\" width=\"298\" height=\"300\" src=\"https:\/\/pedagogie.ac-lille.fr\/sbssa\/wp-content\/uploads\/sites\/30\/2023\/02\/Academie_de_Lille.svg_-298x300.png\" class=\"attachment-medium size-medium no-lazy wp-post-image\" alt=\"\" style=\"max-width:150px;max-height:150px;\" srcset=\"https:\/\/pedagogie.ac-lille.fr\/sbssa\/wp-content\/uploads\/sites\/30\/2023\/02\/Academie_de_Lille.svg_-298x300.png 298w, https:\/\/pedagogie.ac-lille.fr\/sbssa\/wp-content\/uploads\/sites\/30\/2023\/02\/Academie_de_Lille.svg_-1017x1024.png 1017w, https:\/\/pedagogie.ac-lille.fr\/sbssa\/wp-content\/uploads\/sites\/30\/2023\/02\/Academie_de_Lille.svg_-150x150.png 150w, https:\/\/pedagogie.ac-lille.fr\/sbssa\/wp-content\/uploads\/sites\/30\/2023\/02\/Academie_de_Lille.svg_-768x773.png 768w, https:\/\/pedagogie.ac-lille.fr\/sbssa\/wp-content\/uploads\/sites\/30\/2023\/02\/Academie_de_Lille.svg_.png 1200w\" sizes=\"auto, (max-width: 298px) 100vw, 298px\" \/><\/a><\/div><a class=\"wp-block-latest-posts__post-title\" href=\"https:\/\/pedagogie.ac-lille.fr\/sbssa\/elements-de-contexte-de-lannee-scolaire-2024-2025\/\">\u00c9l\u00e9ments de contexte de l&rsquo;ann\u00e9e scolaire 2024-2025 dans l&rsquo;Acad\u00e9mie de Lille<\/a><time datetime=\"2024-09-24T11:06:40+02:00\" class=\"wp-block-latest-posts__post-date\">24 septembre 2024<\/time><\/li>\n<li><div class=\"wp-block-latest-posts__featured-image alignleft\"><a href=\"https:\/\/pedagogie.ac-lille.fr\/sbssa\/guide-daccueil-des-personnels-de-lacademie-de-lille-2022\/\" aria-label=\"Guide d&rsquo;accueil des personnels de l&rsquo;acad\u00e9mie de Lille &#8211; 2023\"><img loading=\"lazy\" decoding=\"async\" width=\"225\" height=\"300\" src=\"https:\/\/pedagogie.ac-lille.fr\/sbssa\/wp-content\/uploads\/sites\/30\/2022\/11\/Guide-personnel-acade\u0301mie-Lille-2022-225x300.png\" class=\"attachment-medium size-medium no-lazy wp-post-image\" alt=\"Guide personnel de l&#039;acad\u00e9mie de Lille - 2022\" style=\"max-width:150px;max-height:150px;\" srcset=\"https:\/\/pedagogie.ac-lille.fr\/sbssa\/wp-content\/uploads\/sites\/30\/2022\/11\/Guide-personnel-acade\u0301mie-Lille-2022-225x300.png 225w, https:\/\/pedagogie.ac-lille.fr\/sbssa\/wp-content\/uploads\/sites\/30\/2022\/11\/Guide-personnel-acade\u0301mie-Lille-2022.png 473w\" sizes=\"auto, (max-width: 225px) 100vw, 225px\" \/><\/a><\/div><a class=\"wp-block-latest-posts__post-title\" href=\"https:\/\/pedagogie.ac-lille.fr\/sbssa\/guide-daccueil-des-personnels-de-lacademie-de-lille-2022\/\">Guide d&rsquo;accueil des personnels de l&rsquo;acad\u00e9mie de Lille &#8211; 2023<\/a><time datetime=\"2023-10-03T06:00:00+02:00\" class=\"wp-block-latest-posts__post-date\">3 octobre 2023<\/time><\/li>\n<li><div class=\"wp-block-latest-posts__featured-image alignleft\"><a href=\"https:\/\/pedagogie.ac-lille.fr\/sbssa\/projet-academique-2022-2025-pour-une-excellence-inclusive\/\" aria-label=\"Projet Acad\u00e9mique 2022 &#8211; 2025 : Pour une excellence inclusive\"><img loading=\"lazy\" decoding=\"async\" width=\"300\" height=\"163\" src=\"https:\/\/pedagogie.ac-lille.fr\/sbssa\/wp-content\/uploads\/sites\/30\/2022\/11\/Banner-projet-academique-2022-2025-300x163.jpg\" class=\"attachment-medium size-medium no-lazy wp-post-image\" alt=\"Projet acad\u00e9mique 2022-2025\" style=\"max-width:150px;max-height:150px;\" srcset=\"https:\/\/pedagogie.ac-lille.fr\/sbssa\/wp-content\/uploads\/sites\/30\/2022\/11\/Banner-projet-academique-2022-2025-300x163.jpg 300w, https:\/\/pedagogie.ac-lille.fr\/sbssa\/wp-content\/uploads\/sites\/30\/2022\/11\/Banner-projet-academique-2022-2025-1024x558.jpg 1024w, https:\/\/pedagogie.ac-lille.fr\/sbssa\/wp-content\/uploads\/sites\/30\/2022\/11\/Banner-projet-academique-2022-2025-768x418.jpg 768w, https:\/\/pedagogie.ac-lille.fr\/sbssa\/wp-content\/uploads\/sites\/30\/2022\/11\/Banner-projet-academique-2022-2025.jpg 1340w\" sizes=\"auto, (max-width: 300px) 100vw, 300px\" \/><\/a><\/div><a class=\"wp-block-latest-posts__post-title\" href=\"https:\/\/pedagogie.ac-lille.fr\/sbssa\/projet-academique-2022-2025-pour-une-excellence-inclusive\/\">Projet Acad\u00e9mique 2022 &#8211; 2025 : Pour une excellence inclusive<\/a><time datetime=\"2022-11-22T12:36:45+01:00\" class=\"wp-block-latest-posts__post-date\">22 novembre 2022<\/time><\/li>\n<li><div class=\"wp-block-latest-posts__featured-image alignleft\"><a href=\"https:\/\/pedagogie.ac-lille.fr\/sbssa\/site-de-presentation-de-la-region-academique-hauts-de-france\/\" aria-label=\"La r\u00e9gion acad\u00e9mique Hauts-De-France\"><img loading=\"lazy\" decoding=\"async\" width=\"300\" height=\"169\" src=\"https:\/\/pedagogie.ac-lille.fr\/sbssa\/wp-content\/uploads\/sites\/30\/2022\/11\/Re\u0301gion_acade\u0301mique_Hauts-de-France.svg_-300x169.png\" class=\"attachment-medium size-medium no-lazy wp-post-image\" alt=\"\" style=\"max-width:150px;max-height:150px;\" srcset=\"https:\/\/pedagogie.ac-lille.fr\/sbssa\/wp-content\/uploads\/sites\/30\/2022\/11\/Re\u0301gion_acade\u0301mique_Hauts-de-France.svg_-300x169.png 300w, https:\/\/pedagogie.ac-lille.fr\/sbssa\/wp-content\/uploads\/sites\/30\/2022\/11\/Re\u0301gion_acade\u0301mique_Hauts-de-France.svg_-1024x577.png 1024w, https:\/\/pedagogie.ac-lille.fr\/sbssa\/wp-content\/uploads\/sites\/30\/2022\/11\/Re\u0301gion_acade\u0301mique_Hauts-de-France.svg_-768x433.png 768w, https:\/\/pedagogie.ac-lille.fr\/sbssa\/wp-content\/uploads\/sites\/30\/2022\/11\/Re\u0301gion_acade\u0301mique_Hauts-de-France.svg_-1536x865.png 1536w, https:\/\/pedagogie.ac-lille.fr\/sbssa\/wp-content\/uploads\/sites\/30\/2022\/11\/Re\u0301gion_acade\u0301mique_Hauts-de-France.svg_-2048x1154.png 2048w, https:\/\/pedagogie.ac-lille.fr\/sbssa\/wp-content\/uploads\/sites\/30\/2022\/11\/Re\u0301gion_acade\u0301mique_Hauts-de-France.svg_-1110x624.png 1110w, https:\/\/pedagogie.ac-lille.fr\/sbssa\/wp-content\/uploads\/sites\/30\/2022\/11\/Re\u0301gion_acade\u0301mique_Hauts-de-France.svg_-528x297.png 528w\" sizes=\"auto, (max-width: 300px) 100vw, 300px\" \/><\/a><\/div><a class=\"wp-block-latest-posts__post-title\" href=\"https:\/\/pedagogie.ac-lille.fr\/sbssa\/site-de-presentation-de-la-region-academique-hauts-de-france\/\">La r\u00e9gion acad\u00e9mique Hauts-De-France<\/a><time datetime=\"2022-11-22T09:09:35+01:00\" class=\"wp-block-latest-posts__post-date\">22 novembre 2022<\/time><\/li>\n<li><div class=\"wp-block-latest-posts__featured-image alignleft\"><a href=\"https:\/\/pedagogie.ac-lille.fr\/sbssa\/newsletter-du-sepia-soutien-a-lexperimentation-pedagogique-et-a-linnovation-dans-lacademie\/\" aria-label=\"Le SEPIA (Soutien \u00e0 l&rsquo;Exp\u00e9rimentation P\u00e9dagogique et \u00e0 l&rsquo;Innovation dans l&rsquo;Acad\u00e9mie)\"><img loading=\"lazy\" decoding=\"async\" width=\"300\" height=\"300\" src=\"https:\/\/pedagogie.ac-lille.fr\/sbssa\/wp-content\/uploads\/sites\/30\/2022\/11\/SEPIA-300x300.png\" class=\"attachment-medium size-medium no-lazy wp-post-image\" alt=\"SEPIA - Logo\" style=\"max-width:150px;max-height:150px;\" srcset=\"https:\/\/pedagogie.ac-lille.fr\/sbssa\/wp-content\/uploads\/sites\/30\/2022\/11\/SEPIA-300x300.png 300w, https:\/\/pedagogie.ac-lille.fr\/sbssa\/wp-content\/uploads\/sites\/30\/2022\/11\/SEPIA-150x150.png 150w, https:\/\/pedagogie.ac-lille.fr\/sbssa\/wp-content\/uploads\/sites\/30\/2022\/11\/SEPIA.png 400w\" sizes=\"auto, (max-width: 300px) 100vw, 300px\" \/><\/a><\/div><a class=\"wp-block-latest-posts__post-title\" href=\"https:\/\/pedagogie.ac-lille.fr\/sbssa\/newsletter-du-sepia-soutien-a-lexperimentation-pedagogique-et-a-linnovation-dans-lacademie\/\">Le SEPIA (Soutien \u00e0 l&rsquo;Exp\u00e9rimentation P\u00e9dagogique et \u00e0 l&rsquo;Innovation dans l&rsquo;Acad\u00e9mie)<\/a><time datetime=\"2022-09-30T10:14:00+02:00\" class=\"wp-block-latest-posts__post-date\">30 septembre 2022<\/time><\/li>\n<li><div class=\"wp-block-latest-posts__featured-image alignleft\"><a href=\"https:\/\/pedagogie.ac-lille.fr\/sbssa\/referentiel-de-competences-professionnelles-des-metiers-du-professorat-et-de-leducation\/\" aria-label=\"R\u00e9f\u00e9rentiel de comp\u00e9tences professionnelles des m\u00e9tiers du professorat et de l&rsquo;\u00e9ducation\"><img loading=\"lazy\" decoding=\"async\" width=\"300\" height=\"296\" src=\"https:\/\/pedagogie.ac-lille.fr\/sbssa\/wp-content\/uploads\/sites\/30\/2023\/10\/folder-148581_1280-300x296.png\" class=\"attachment-medium size-medium no-lazy wp-post-image\" alt=\"\" style=\"max-width:150px;max-height:150px;\" srcset=\"https:\/\/pedagogie.ac-lille.fr\/sbssa\/wp-content\/uploads\/sites\/30\/2023\/10\/folder-148581_1280-300x296.png 300w, https:\/\/pedagogie.ac-lille.fr\/sbssa\/wp-content\/uploads\/sites\/30\/2023\/10\/folder-148581_1280-1024x1011.png 1024w, https:\/\/pedagogie.ac-lille.fr\/sbssa\/wp-content\/uploads\/sites\/30\/2023\/10\/folder-148581_1280-768x758.png 768w, https:\/\/pedagogie.ac-lille.fr\/sbssa\/wp-content\/uploads\/sites\/30\/2023\/10\/folder-148581_1280.png 1280w\" sizes=\"auto, (max-width: 300px) 100vw, 300px\" \/><\/a><\/div><a class=\"wp-block-latest-posts__post-title\" href=\"https:\/\/pedagogie.ac-lille.fr\/sbssa\/referentiel-de-competences-professionnelles-des-metiers-du-professorat-et-de-leducation\/\">R\u00e9f\u00e9rentiel de comp\u00e9tences professionnelles des m\u00e9tiers du professorat et de l&rsquo;\u00e9ducation<\/a><time datetime=\"2013-07-25T12:19:00+02:00\" class=\"wp-block-latest-posts__post-date\">25 juillet 2013<\/time><\/li>\n<\/ul>","protected":false},"excerpt":{"rendered":"<p>Le fonctionnement du corps d\u2019inspection sciences biologiques et sciences sociales appliqu\u00e9es se d\u00e9cline ainsi&nbsp;: Les Inspectrices et Inspecteurs G\u00e9n\u00e9raux de nos disciplines sont Mesdames Sabine CAROTTI, Morgane LE BRAS \u2013 [&hellip;]<\/p>\n","protected":false},"author":48,"featured_media":0,"parent":0,"menu_order":0,"comment_status":"closed","ping_status":"closed","template":"","meta":{"ngg_post_thumbnail":0,"footnotes":""},"class_list":["post-731","page","type-page","status-publish","czr-hentry"],"publishpress_future_action":{"enabled":false,"date":"2026-05-03 05:26:20","action":"change-status","newStatus":"draft","terms":[],"taxonomy":"","extraData":[]},"publishpress_future_workflow_manual_trigger":{"enabledWorkflows":[]},"_links":{"self":[{"href":"https:\/\/pedagogie.ac-lille.fr\/sbssa\/wp-json\/wp\/v2\/pages\/731","targetHints":{"allow":["GET"]}}],"collection":[{"href":"https:\/\/pedagogie.ac-lille.fr\/sbssa\/wp-json\/wp\/v2\/pages"}],"about":[{"href":"https:\/\/pedagogie.ac-lille.fr\/sbssa\/wp-json\/wp\/v2\/types\/page"}],"author":[{"embeddable":true,"href":"https:\/\/pedagogie.ac-lille.fr\/sbssa\/wp-json\/wp\/v2\/users\/48"}],"replies":[{"embeddable":true,"href":"https:\/\/pedagogie.ac-lille.fr\/sbssa\/wp-json\/wp\/v2\/comments?post=731"}],"version-history":[{"count":87,"href":"https:\/\/pedagogie.ac-lille.fr\/sbssa\/wp-json\/wp\/v2\/pages\/731\/revisions"}],"predecessor-version":[{"id":12611,"href":"https:\/\/pedagogie.ac-lille.fr\/sbssa\/wp-json\/wp\/v2\/pages\/731\/revisions\/12611"}],"wp:attachment":[{"href":"https:\/\/pedagogie.ac-lille.fr\/sbssa\/wp-json\/wp\/v2\/media?parent=731"}],"curies":[{"name":"wp","href":"https:\/\/api.w.org\/{rel}","templated":true}]}}