{"id":8938,"date":"2023-01-06T18:26:16","date_gmt":"2023-01-06T17:26:16","guid":{"rendered":"https:\/\/pedagogie.ac-lille.fr\/sbssa\/?page_id=8938"},"modified":"2023-01-08T07:43:21","modified_gmt":"2023-01-08T06:43:21","slug":"mention-complementaire-aide-a-domicile-mcad-2-2","status":"publish","type":"page","link":"https:\/\/pedagogie.ac-lille.fr\/sbssa\/filieres\/filieres-sanitaire-et-sociale\/mention-complementaire-aide-a-domicile-mcad-2-2\/","title":{"rendered":"Dipl\u00f4me d&rsquo;\u00c9tat d&rsquo;Aide-Soignant (DE AS)"},"content":{"rendered":"\n<div class=\"wp-block-columns is-layout-flex wp-container-core-columns-is-layout-28f84493 wp-block-columns-is-layout-flex\">\n<div class=\"wp-block-column is-layout-flow wp-block-column-is-layout-flow\"><div class=\"wp-block-image\">\n<figure class=\"aligncenter size-thumbnail\"><a href=\"https:\/\/pedagogie.ac-lille.fr\/sbssa\/filieres\/filieres-sanitaire-et-sociale\/mention-complementaire-aide-a-domicile-mcad-2-2\/textes-officiels-de-as\/\"><img loading=\"lazy\" decoding=\"async\" width=\"150\" height=\"150\" src=\"https:\/\/pedagogie.ac-lille.fr\/sbssa\/wp-content\/uploads\/sites\/30\/2022\/05\/education-g88d03105e_1280-150x150.png\" alt=\"Officiel\" class=\"wp-image-3822\" srcset=\"https:\/\/pedagogie.ac-lille.fr\/sbssa\/wp-content\/uploads\/sites\/30\/2022\/05\/education-g88d03105e_1280-150x150.png 150w, https:\/\/pedagogie.ac-lille.fr\/sbssa\/wp-content\/uploads\/sites\/30\/2022\/05\/education-g88d03105e_1280-300x300.png 300w, https:\/\/pedagogie.ac-lille.fr\/sbssa\/wp-content\/uploads\/sites\/30\/2022\/05\/education-g88d03105e_1280-1024x1024.png 1024w, https:\/\/pedagogie.ac-lille.fr\/sbssa\/wp-content\/uploads\/sites\/30\/2022\/05\/education-g88d03105e_1280-768x768.png 768w, https:\/\/pedagogie.ac-lille.fr\/sbssa\/wp-content\/uploads\/sites\/30\/2022\/05\/education-g88d03105e_1280-510x510.png 510w, https:\/\/pedagogie.ac-lille.fr\/sbssa\/wp-content\/uploads\/sites\/30\/2022\/05\/education-g88d03105e_1280.png 1280w\" sizes=\"auto, (max-width: 150px) 100vw, 150px\" \/><\/a><figcaption class=\"wp-element-caption\"><a href=\"https:\/\/pedagogie.ac-lille.fr\/sbssa\/filieres\/filieres-sanitaire-et-sociale\/mention-complementaire-aide-a-domicile-mcad-2-2\/textes-officiels-de-as\/\">Textes officiels<\/a><\/figcaption><\/figure>\n<\/div><\/div>\n\n\n\n<div class=\"wp-block-column is-layout-flow wp-block-column-is-layout-flow\"><div class=\"wp-block-image\">\n<figure class=\"aligncenter size-thumbnail\"><a href=\"https:\/\/pedagogie.ac-lille.fr\/sbssa\/filieres\/filieres-sanitaire-et-sociale\/mention-complementaire-aide-a-domicile-mcad-2-2\/documents-academiques-de-as\/\"><img loading=\"lazy\" decoding=\"async\" width=\"150\" height=\"150\" src=\"https:\/\/pedagogie.ac-lille.fr\/sbssa\/wp-content\/uploads\/sites\/30\/2021\/03\/acade\u0301mie-de-lille-squarelogo-1456823934020-1-150x150.png\" alt=\"\" class=\"wp-image-911\" srcset=\"https:\/\/pedagogie.ac-lille.fr\/sbssa\/wp-content\/uploads\/sites\/30\/2021\/03\/acade\u0301mie-de-lille-squarelogo-1456823934020-1-150x150.png 150w, https:\/\/pedagogie.ac-lille.fr\/sbssa\/wp-content\/uploads\/sites\/30\/2021\/03\/acade\u0301mie-de-lille-squarelogo-1456823934020-1.png 180w\" sizes=\"auto, (max-width: 150px) 100vw, 150px\" \/><\/a><figcaption class=\"wp-element-caption\"><a href=\"https:\/\/pedagogie.ac-lille.fr\/sbssa\/filieres\/filieres-sanitaire-et-sociale\/mention-complementaire-aide-a-domicile-mcad-2-2\/documents-academiques-de-as\/\">Documents acad\u00e9miques<\/a><\/figcaption><\/figure>\n<\/div><\/div>\n\n\n\n<div class=\"wp-block-column is-layout-flow wp-block-column-is-layout-flow\"><div class=\"wp-block-image\">\n<figure class=\"aligncenter size-thumbnail\"><a href=\"https:\/\/pedagogie.ac-lille.fr\/sbssa\/filieres\/filieres-sanitaire-et-sociale\/mention-complementaire-aide-a-domicile-mcad-2-2\/ressources-de-as\/\"><img loading=\"lazy\" decoding=\"async\" width=\"150\" height=\"150\" src=\"https:\/\/pedagogie.ac-lille.fr\/sbssa\/wp-content\/uploads\/sites\/30\/2022\/05\/pixel-cells-g9c2803b40_1280-150x150.png\" alt=\"Ressources\" class=\"wp-image-3312\" srcset=\"https:\/\/pedagogie.ac-lille.fr\/sbssa\/wp-content\/uploads\/sites\/30\/2022\/05\/pixel-cells-g9c2803b40_1280-150x150.png 150w, https:\/\/pedagogie.ac-lille.fr\/sbssa\/wp-content\/uploads\/sites\/30\/2022\/05\/pixel-cells-g9c2803b40_1280-510x510.png 510w\" sizes=\"auto, (max-width: 150px) 100vw, 150px\" \/><\/a><figcaption class=\"wp-element-caption\"><a href=\"https:\/\/pedagogie.ac-lille.fr\/sbssa\/filieres\/filieres-sanitaire-et-sociale\/mention-complementaire-aide-a-domicile-mcad-2-2\/ressources-de-as\/\">Ressources<\/a><\/figcaption><\/figure>\n<\/div><\/div>\n<\/div>\n\n\n<p><a href=\"https:\/\/pedagogie.ac-lille.fr\/sbssa\/wp-content\/uploads\/sites\/30\/2022\/05\/pexels-rodnae-productions-6129242.jpg\"><img loading=\"lazy\" decoding=\"async\" class=\"wp-image-2966 size-medium alignleft\" src=\"https:\/\/pedagogie.ac-lille.fr\/sbssa\/wp-content\/uploads\/sites\/30\/2022\/05\/pexels-rodnae-productions-6129242-300x200.jpg\" alt=\"\" width=\"300\" height=\"200\" srcset=\"https:\/\/pedagogie.ac-lille.fr\/sbssa\/wp-content\/uploads\/sites\/30\/2022\/05\/pexels-rodnae-productions-6129242-300x200.jpg 300w, https:\/\/pedagogie.ac-lille.fr\/sbssa\/wp-content\/uploads\/sites\/30\/2022\/05\/pexels-rodnae-productions-6129242.jpg 640w\" sizes=\"auto, (max-width: 300px) 100vw, 300px\" \/><\/a>Laissant une large place \u00e0 la pratique, la formation conduisant au Dipl\u00f4me d&rsquo;E1tat d&rsquo;aide-soignant forme de futurs professionnels, capables d&rsquo;assurer des activit\u00e9s soin, et de pr\u00e9vention et d&rsquo;\u00e9ducation \u00e0 la sant\u00e9.<\/p>\n<p>L\u2019\u00e9l\u00e8ve apprend \u00e0 s\u2019occuper de l&rsquo;hygi\u00e8ne et veiller au confort physique et moral des malades, en les aidant \u00e0 effectuer leur toilette et \u00e0 s\u2019habiller. Il est form\u00e9 \u00e0 accompagner, dans leurs d\u00e9placements, les personnes priv\u00e9es d&rsquo;autonomie en les aidant \u00e0 s\u2019asseoir, \u00e0 se nourrir et \u00e0 sortir de leur lit.<\/p>\n<p>Ses comp\u00e9tences s&rsquo;\u00e9tendent \u00e0 certaines t\u00e2ches d&rsquo;entretien comme le changement de la literie et du linge, ainsi que le nettoyage et le rangement des chambres et des espaces de vie.<\/p>\n<p>Si l&rsquo;aide-soignant n&rsquo;est pas habilit\u00e9 \u00e0 d\u00e9livrer de m\u00e9dicaments, l\u2019\u00e9l\u00e8ve est pr\u00e9par\u00e9 \u00e0 participer \u00e0 d&rsquo;autres soins comme le changement de certains pansements, les pr\u00e9l\u00e8vements non st\u00e9riles (selles, urine \u2026), le changement de masque destin\u00e9 \u00e0 l\u2019aide respiratoire, le renouvellement des poches sur colostomie cicatris\u00e9e, le lavage oculaire et l\u2019instillation de collyre\u2026. &nbsp;<\/p>\n<p>Il est capable de mesurer les param\u00e8tres vitaux (saturation d\u2019oxyg\u00e8ne, pression art\u00e9rielle, temp\u00e9rature, rythme respiratoire, mensurations) en utilisant des outils sp\u00e9cifiques. Il apprend \u00e0 observer et participer \u00e0 l\u2019\u00e9valuation de la douleur et du comportement des patients. Enfin, il acquiert les comp\u00e9tences n\u00e9cessaires pour prendre part \u00e0 l\u2019animation de groupe \u00e0 vis\u00e9e th\u00e9rapeutique, et \u00e0 \u00e9valuer la qualit\u00e9 des soins et les r\u00e9ajuster si n\u00e9cessaires<\/p>\n<p>Les instituts de formation s\u00e9lectionnent sur dossier et entretien. Ils peuvent se regrouper au niveau r\u00e9gional ou infrar\u00e9gional pour constituer un jury. Les candidats doivent \u00eatre \u00e2g\u00e9s de 17 ans au moins \u00e0 la date d&rsquo;entr\u00e9e en formation.<\/p>\n<p>dans les \u00e9tablissements sanitaires, sociaux ou m\u00e9dio-sociaux ou dans des structures d&rsquo;accueil d&rsquo;enfants de moins de six ans (maternit\u00e9s, centres de Protection Maternelle et Infantile, structures d&rsquo;accueil &#8211; cr\u00e8ches, pouponni\u00e8res \u2026)<\/p>\n<p>Les instituts de formation s\u00e9lectionnent sur dossier et entretien.<\/p>\n<p>Source : Onisep<\/p>\n<p><a href=\"https:\/\/www.onisep.fr\/Ressources\/univers-formation\/Formations\/Lycees\/diplome-d-etat-d-aide-soignant\" target=\"_blank\" rel=\"noopener\"><img loading=\"lazy\" decoding=\"async\" class=\"alignleft wp-image-296\" src=\"https:\/\/pedagogie.ac-lille.fr\/sbssa\/wp-content\/uploads\/sites\/30\/2021\/03\/Onisep-300x65.png\" alt=\"Onisep\" width=\"378\" height=\"82\" srcset=\"https:\/\/pedagogie.ac-lille.fr\/sbssa\/wp-content\/uploads\/sites\/30\/2021\/03\/Onisep-300x65.png 300w, https:\/\/pedagogie.ac-lille.fr\/sbssa\/wp-content\/uploads\/sites\/30\/2021\/03\/Onisep.png 482w\" sizes=\"auto, (max-width: 378px) 100vw, 378px\" \/><\/a><a href=\"https:\/\/www.onisep.fr\/Ressources\/univers-formation\/Formations\/Lycees\/diplome-d-etat-d-auxiliaire-de-puericulture\" target=\"_blank\" rel=\"noreferrer noopener\">Pr\u00e9sentation du dipl\u00f4me, des conditions d\u2019admissions, des poursuites d\u2019\u00e9tudes, d\u2019exemples de m\u00e9tiers, des lieux de formation\u2026<\/a><\/p>\n<p>&nbsp;<\/p>\n\n\n<h2 class=\"wp-block-heading\"><mark style=\"background-color:#0693e3\" class=\"has-inline-color has-white-color\">Derniers articles publi\u00e9s sur la fili\u00e8re<\/mark><\/h2>\n\n\n<ul class=\"wp-block-latest-posts__list has-dates wp-block-latest-posts\"><li><a class=\"wp-block-latest-posts__post-title\" href=\"https:\/\/pedagogie.ac-lille.fr\/sbssa\/de-as-recrutement-des-ifas-de-lacademie\/\">DE AS &#8211; Recrutement des IFAS de l&rsquo;\u00c9ducation nationale dans l&rsquo;acad\u00e9mie<\/a><time datetime=\"2023-01-08T06:17:00+01:00\" class=\"wp-block-latest-posts__post-date\">8 janvier 2023<\/time><\/li>\n<li><div class=\"wp-block-latest-posts__featured-image alignleft\"><a href=\"https:\/\/pedagogie.ac-lille.fr\/sbssa\/de-as-nouveau-referentiel-de-formation-arrete-du-10-juin-2021\/\" aria-label=\"DE AS &#8211; Nouveau r\u00e9f\u00e9rentiel de formation &#8211; Arr\u00eat\u00e9 du 10 juin 2021\"><img loading=\"lazy\" decoding=\"async\" width=\"300\" height=\"199\" src=\"https:\/\/pedagogie.ac-lille.fr\/sbssa\/wp-content\/uploads\/sites\/30\/2021\/07\/laptop-819285_1920-300x199.jpg\" class=\"attachment-medium size-medium no-lazy wp-post-image\" alt=\"R\u00e9f\u00e9rentiel\" style=\"max-width:150px;max-height:150px;\" srcset=\"https:\/\/pedagogie.ac-lille.fr\/sbssa\/wp-content\/uploads\/sites\/30\/2021\/07\/laptop-819285_1920-300x199.jpg 300w, https:\/\/pedagogie.ac-lille.fr\/sbssa\/wp-content\/uploads\/sites\/30\/2021\/07\/laptop-819285_1920-1024x680.jpg 1024w, https:\/\/pedagogie.ac-lille.fr\/sbssa\/wp-content\/uploads\/sites\/30\/2021\/07\/laptop-819285_1920-768x510.jpg 768w, https:\/\/pedagogie.ac-lille.fr\/sbssa\/wp-content\/uploads\/sites\/30\/2021\/07\/laptop-819285_1920-1536x1020.jpg 1536w, https:\/\/pedagogie.ac-lille.fr\/sbssa\/wp-content\/uploads\/sites\/30\/2021\/07\/laptop-819285_1920.jpg 1920w\" sizes=\"auto, (max-width: 300px) 100vw, 300px\" \/><\/a><\/div><a class=\"wp-block-latest-posts__post-title\" href=\"https:\/\/pedagogie.ac-lille.fr\/sbssa\/de-as-nouveau-referentiel-de-formation-arrete-du-10-juin-2021\/\">DE AS &#8211; Nouveau r\u00e9f\u00e9rentiel de formation &#8211; Arr\u00eat\u00e9 du 10 juin 2021<\/a><time datetime=\"2021-06-10T10:42:00+02:00\" class=\"wp-block-latest-posts__post-date\">10 juin 2021<\/time><\/li>\n<li><div class=\"wp-block-latest-posts__featured-image alignleft\"><a href=\"https:\/\/pedagogie.ac-lille.fr\/sbssa\/deas-et-deap-arrete-du-12-avril-2021-portant-diverses-modifications-relatives-aux-conditions-dacces-aux-formations-conduisant-aux-diplomes-detat-daide-soignant-et-dauxiliaire-de-puericulture\/\" aria-label=\"DE AP et DE AS &#8211; Arr\u00eat\u00e9 du 12 avril 2021 portant diverses modifications relatives aux conditions d&rsquo;acc\u00e8s aux formations conduisant aux dipl\u00f4mes d&rsquo;\u00c9tat d&rsquo;aide soignant et d&rsquo;auxiliaire de pu\u00e9riculture\"><img loading=\"lazy\" decoding=\"async\" width=\"300\" height=\"165\" src=\"https:\/\/pedagogie.ac-lille.fr\/sbssa\/wp-content\/uploads\/sites\/30\/2021\/03\/gavel-3577258_1920-300x165.jpg\" class=\"attachment-medium size-medium no-lazy wp-post-image\" alt=\"Arr\u00eat\u00e9\" style=\"max-width:150px;max-height:150px;\" srcset=\"https:\/\/pedagogie.ac-lille.fr\/sbssa\/wp-content\/uploads\/sites\/30\/2021\/03\/gavel-3577258_1920-300x165.jpg 300w, https:\/\/pedagogie.ac-lille.fr\/sbssa\/wp-content\/uploads\/sites\/30\/2021\/03\/gavel-3577258_1920-1024x563.jpg 1024w, https:\/\/pedagogie.ac-lille.fr\/sbssa\/wp-content\/uploads\/sites\/30\/2021\/03\/gavel-3577258_1920-768x422.jpg 768w, https:\/\/pedagogie.ac-lille.fr\/sbssa\/wp-content\/uploads\/sites\/30\/2021\/03\/gavel-3577258_1920-1536x845.jpg 1536w, https:\/\/pedagogie.ac-lille.fr\/sbssa\/wp-content\/uploads\/sites\/30\/2021\/03\/gavel-3577258_1920.jpg 1920w\" sizes=\"auto, (max-width: 300px) 100vw, 300px\" \/><\/a><\/div><a class=\"wp-block-latest-posts__post-title\" href=\"https:\/\/pedagogie.ac-lille.fr\/sbssa\/deas-et-deap-arrete-du-12-avril-2021-portant-diverses-modifications-relatives-aux-conditions-dacces-aux-formations-conduisant-aux-diplomes-detat-daide-soignant-et-dauxiliaire-de-puericulture\/\">DE AP et DE AS &#8211; Arr\u00eat\u00e9 du 12 avril 2021 portant diverses modifications relatives aux conditions d&rsquo;acc\u00e8s aux formations conduisant aux dipl\u00f4mes d&rsquo;\u00c9tat d&rsquo;aide soignant et d&rsquo;auxiliaire de pu\u00e9riculture<\/a><time datetime=\"2021-04-12T17:18:00+02:00\" class=\"wp-block-latest-posts__post-date\">12 avril 2021<\/time><\/li>\n<li><div class=\"wp-block-latest-posts__featured-image alignleft\"><a href=\"https:\/\/pedagogie.ac-lille.fr\/sbssa\/de-ap-de-as-arrete-du-7-avril-2020-relatif-aux-modalites-dadmission-aux-formations-conduisant-aux-de-ap-et-au-de-as\/\" aria-label=\"DE AP et DE AS &#8211; Arr\u00eat\u00e9 du 7 avril 2020 relatif aux modalit\u00e9s d&rsquo;admission aux formations conduisant aux DE AP et au DE AS\"><img loading=\"lazy\" decoding=\"async\" width=\"300\" height=\"165\" src=\"https:\/\/pedagogie.ac-lille.fr\/sbssa\/wp-content\/uploads\/sites\/30\/2021\/03\/gavel-3577258_1920-300x165.jpg\" class=\"attachment-medium size-medium no-lazy wp-post-image\" alt=\"Arr\u00eat\u00e9\" style=\"max-width:150px;max-height:150px;\" srcset=\"https:\/\/pedagogie.ac-lille.fr\/sbssa\/wp-content\/uploads\/sites\/30\/2021\/03\/gavel-3577258_1920-300x165.jpg 300w, https:\/\/pedagogie.ac-lille.fr\/sbssa\/wp-content\/uploads\/sites\/30\/2021\/03\/gavel-3577258_1920-1024x563.jpg 1024w, https:\/\/pedagogie.ac-lille.fr\/sbssa\/wp-content\/uploads\/sites\/30\/2021\/03\/gavel-3577258_1920-768x422.jpg 768w, https:\/\/pedagogie.ac-lille.fr\/sbssa\/wp-content\/uploads\/sites\/30\/2021\/03\/gavel-3577258_1920-1536x845.jpg 1536w, https:\/\/pedagogie.ac-lille.fr\/sbssa\/wp-content\/uploads\/sites\/30\/2021\/03\/gavel-3577258_1920.jpg 1920w\" sizes=\"auto, (max-width: 300px) 100vw, 300px\" \/><\/a><\/div><a class=\"wp-block-latest-posts__post-title\" href=\"https:\/\/pedagogie.ac-lille.fr\/sbssa\/de-ap-de-as-arrete-du-7-avril-2020-relatif-aux-modalites-dadmission-aux-formations-conduisant-aux-de-ap-et-au-de-as\/\">DE AP et DE AS &#8211; Arr\u00eat\u00e9 du 7 avril 2020 relatif aux modalit\u00e9s d&rsquo;admission aux formations conduisant aux DE AP et au DE AS<\/a><time datetime=\"2020-04-07T16:08:00+02:00\" class=\"wp-block-latest-posts__post-date\">7 avril 2020<\/time><\/li>\n<li><div class=\"wp-block-latest-posts__featured-image alignleft\"><a href=\"https:\/\/pedagogie.ac-lille.fr\/sbssa\/de-as-comparatif-des-referentiels-dactivites-de-as-et-bcp-assp-2011\/\" aria-label=\"DE AS &#8211; Comparaison des r\u00e9f\u00e9rentiels d&rsquo;activit\u00e9s (DE AS et BCP ASSP 2011)\"><img loading=\"lazy\" decoding=\"async\" width=\"300\" height=\"199\" src=\"https:\/\/pedagogie.ac-lille.fr\/sbssa\/wp-content\/uploads\/sites\/30\/2021\/07\/laptop-819285_1920-300x199.jpg\" class=\"attachment-medium size-medium no-lazy wp-post-image\" alt=\"R\u00e9f\u00e9rentiel\" style=\"max-width:150px;max-height:150px;\" srcset=\"https:\/\/pedagogie.ac-lille.fr\/sbssa\/wp-content\/uploads\/sites\/30\/2021\/07\/laptop-819285_1920-300x199.jpg 300w, https:\/\/pedagogie.ac-lille.fr\/sbssa\/wp-content\/uploads\/sites\/30\/2021\/07\/laptop-819285_1920-1024x680.jpg 1024w, https:\/\/pedagogie.ac-lille.fr\/sbssa\/wp-content\/uploads\/sites\/30\/2021\/07\/laptop-819285_1920-768x510.jpg 768w, https:\/\/pedagogie.ac-lille.fr\/sbssa\/wp-content\/uploads\/sites\/30\/2021\/07\/laptop-819285_1920-1536x1020.jpg 1536w, https:\/\/pedagogie.ac-lille.fr\/sbssa\/wp-content\/uploads\/sites\/30\/2021\/07\/laptop-819285_1920.jpg 1920w\" sizes=\"auto, (max-width: 300px) 100vw, 300px\" \/><\/a><\/div><a class=\"wp-block-latest-posts__post-title\" href=\"https:\/\/pedagogie.ac-lille.fr\/sbssa\/de-as-comparatif-des-referentiels-dactivites-de-as-et-bcp-assp-2011\/\">DE AS &#8211; Comparaison des r\u00e9f\u00e9rentiels d&rsquo;activit\u00e9s (DE AS et BCP ASSP 2011)<\/a><time datetime=\"2017-06-08T06:08:00+02:00\" class=\"wp-block-latest-posts__post-date\">8 juin 2017<\/time><\/li>\n<li><div class=\"wp-block-latest-posts__featured-image alignleft\"><a href=\"https:\/\/pedagogie.ac-lille.fr\/sbssa\/de-as-passerelle-bcp-assp-ifas-2017\/\" aria-label=\"DE AS &#8211; Passerelle BCP ASSP \/ IFAS &#8211; 2017\"><img loading=\"lazy\" decoding=\"async\" width=\"300\" height=\"300\" src=\"https:\/\/pedagogie.ac-lille.fr\/sbssa\/wp-content\/uploads\/sites\/30\/2017\/06\/walkway-99161_1280-300x300.png\" class=\"attachment-medium size-medium no-lazy wp-post-image\" alt=\"Passerelle\" style=\"max-width:150px;max-height:150px;\" srcset=\"https:\/\/pedagogie.ac-lille.fr\/sbssa\/wp-content\/uploads\/sites\/30\/2017\/06\/walkway-99161_1280-300x300.png 300w, https:\/\/pedagogie.ac-lille.fr\/sbssa\/wp-content\/uploads\/sites\/30\/2017\/06\/walkway-99161_1280-1024x1024.png 1024w, https:\/\/pedagogie.ac-lille.fr\/sbssa\/wp-content\/uploads\/sites\/30\/2017\/06\/walkway-99161_1280-150x150.png 150w, https:\/\/pedagogie.ac-lille.fr\/sbssa\/wp-content\/uploads\/sites\/30\/2017\/06\/walkway-99161_1280-768x768.png 768w, https:\/\/pedagogie.ac-lille.fr\/sbssa\/wp-content\/uploads\/sites\/30\/2017\/06\/walkway-99161_1280-510x510.png 510w, https:\/\/pedagogie.ac-lille.fr\/sbssa\/wp-content\/uploads\/sites\/30\/2017\/06\/walkway-99161_1280.png 1280w\" sizes=\"auto, (max-width: 300px) 100vw, 300px\" \/><\/a><\/div><a class=\"wp-block-latest-posts__post-title\" href=\"https:\/\/pedagogie.ac-lille.fr\/sbssa\/de-as-passerelle-bcp-assp-ifas-2017\/\">DE AS &#8211; Passerelle BCP ASSP \/ IFAS &#8211; 2017<\/a><time datetime=\"2017-06-08T05:56:00+02:00\" class=\"wp-block-latest-posts__post-date\">8 juin 2017<\/time><\/li>\n<li><div class=\"wp-block-latest-posts__featured-image alignleft\"><a href=\"https:\/\/pedagogie.ac-lille.fr\/sbssa\/arrete-du-21-mai-2014-modifiant-larrete-du-22-octobre-2005-relatif-a-la-formation-conduisant-au-diplome-detat-daide-soignant\/\" aria-label=\"Arr\u00eat\u00e9 du 21 mai 2014 modifiant l\u2019arr\u00eat\u00e9 du 22 octobre 2005 relatif \u00e0 la formation conduisant au dipl\u00f4me d\u2019\u00c9tat d\u2019Aide-Soignant (DEAP)\"><img loading=\"lazy\" decoding=\"async\" width=\"300\" height=\"165\" src=\"https:\/\/pedagogie.ac-lille.fr\/sbssa\/wp-content\/uploads\/sites\/30\/2021\/03\/gavel-3577258_1920-300x165.jpg\" class=\"attachment-medium size-medium no-lazy wp-post-image\" alt=\"Arr\u00eat\u00e9\" style=\"max-width:150px;max-height:150px;\" srcset=\"https:\/\/pedagogie.ac-lille.fr\/sbssa\/wp-content\/uploads\/sites\/30\/2021\/03\/gavel-3577258_1920-300x165.jpg 300w, https:\/\/pedagogie.ac-lille.fr\/sbssa\/wp-content\/uploads\/sites\/30\/2021\/03\/gavel-3577258_1920-1024x563.jpg 1024w, https:\/\/pedagogie.ac-lille.fr\/sbssa\/wp-content\/uploads\/sites\/30\/2021\/03\/gavel-3577258_1920-768x422.jpg 768w, https:\/\/pedagogie.ac-lille.fr\/sbssa\/wp-content\/uploads\/sites\/30\/2021\/03\/gavel-3577258_1920-1536x845.jpg 1536w, https:\/\/pedagogie.ac-lille.fr\/sbssa\/wp-content\/uploads\/sites\/30\/2021\/03\/gavel-3577258_1920.jpg 1920w\" sizes=\"auto, (max-width: 300px) 100vw, 300px\" \/><\/a><\/div><a class=\"wp-block-latest-posts__post-title\" href=\"https:\/\/pedagogie.ac-lille.fr\/sbssa\/arrete-du-21-mai-2014-modifiant-larrete-du-22-octobre-2005-relatif-a-la-formation-conduisant-au-diplome-detat-daide-soignant\/\">Arr\u00eat\u00e9 du 21 mai 2014 modifiant l\u2019arr\u00eat\u00e9 du 22 octobre 2005 relatif \u00e0 la formation conduisant au dipl\u00f4me d\u2019\u00c9tat d\u2019Aide-Soignant (DEAP)<\/a><time datetime=\"2014-05-21T16:08:00+02:00\" class=\"wp-block-latest-posts__post-date\">21 mai 2014<\/time><\/li>\n<li><div class=\"wp-block-latest-posts__featured-image alignleft\"><a href=\"https:\/\/pedagogie.ac-lille.fr\/sbssa\/de-as-arrete-du-28-septembre-2011-modifiant-larrete-du-22-octobre-2005-relatif-a-la-formation-conduisant-au-diplome-professionnel-daide-soignant\/\" aria-label=\"DE AS &#8211; Arr\u00eat\u00e9 du 28 septembre 2011 modifiant l\u2019arr\u00eat\u00e9 du 22 octobre 2005 relatif \u00e0 la formation conduisant au dipl\u00f4me professionnel d\u2019aide-soignant\"><img loading=\"lazy\" decoding=\"async\" width=\"300\" height=\"165\" src=\"https:\/\/pedagogie.ac-lille.fr\/sbssa\/wp-content\/uploads\/sites\/30\/2021\/03\/gavel-3577258_1920-300x165.jpg\" class=\"attachment-medium size-medium no-lazy wp-post-image\" alt=\"Arr\u00eat\u00e9\" style=\"max-width:150px;max-height:150px;\" srcset=\"https:\/\/pedagogie.ac-lille.fr\/sbssa\/wp-content\/uploads\/sites\/30\/2021\/03\/gavel-3577258_1920-300x165.jpg 300w, https:\/\/pedagogie.ac-lille.fr\/sbssa\/wp-content\/uploads\/sites\/30\/2021\/03\/gavel-3577258_1920-1024x563.jpg 1024w, https:\/\/pedagogie.ac-lille.fr\/sbssa\/wp-content\/uploads\/sites\/30\/2021\/03\/gavel-3577258_1920-768x422.jpg 768w, https:\/\/pedagogie.ac-lille.fr\/sbssa\/wp-content\/uploads\/sites\/30\/2021\/03\/gavel-3577258_1920-1536x845.jpg 1536w, https:\/\/pedagogie.ac-lille.fr\/sbssa\/wp-content\/uploads\/sites\/30\/2021\/03\/gavel-3577258_1920.jpg 1920w\" sizes=\"auto, (max-width: 300px) 100vw, 300px\" \/><\/a><\/div><a class=\"wp-block-latest-posts__post-title\" href=\"https:\/\/pedagogie.ac-lille.fr\/sbssa\/de-as-arrete-du-28-septembre-2011-modifiant-larrete-du-22-octobre-2005-relatif-a-la-formation-conduisant-au-diplome-professionnel-daide-soignant\/\">DE AS &#8211; Arr\u00eat\u00e9 du 28 septembre 2011 modifiant l\u2019arr\u00eat\u00e9 du 22 octobre 2005 relatif \u00e0 la formation conduisant au dipl\u00f4me professionnel d\u2019aide-soignant<\/a><time datetime=\"2011-09-28T10:14:00+02:00\" class=\"wp-block-latest-posts__post-date\">28 septembre 2011<\/time><\/li>\n<li><div class=\"wp-block-latest-posts__featured-image alignleft\"><a href=\"https:\/\/pedagogie.ac-lille.fr\/sbssa\/deas-arrete-du-15-mars-2010-modifiant-larrete-du-22-octobre-2005-relatif-a-la-formation-conduisant-au-diplome-detat-daide-soignant\/\" aria-label=\"DEAS &#8211; Arr\u00eat\u00e9 du 15 mars 2010 modifiant l\u2019arr\u00eat\u00e9 du 22 octobre 2005 relatif \u00e0 la formation conduisant au dipl\u00f4me d\u2019\u00c9tat d\u2019aide-soignant\"><img loading=\"lazy\" decoding=\"async\" width=\"300\" height=\"165\" src=\"https:\/\/pedagogie.ac-lille.fr\/sbssa\/wp-content\/uploads\/sites\/30\/2021\/03\/gavel-3577258_1920-300x165.jpg\" class=\"attachment-medium size-medium no-lazy wp-post-image\" alt=\"Arr\u00eat\u00e9\" style=\"max-width:150px;max-height:150px;\" srcset=\"https:\/\/pedagogie.ac-lille.fr\/sbssa\/wp-content\/uploads\/sites\/30\/2021\/03\/gavel-3577258_1920-300x165.jpg 300w, https:\/\/pedagogie.ac-lille.fr\/sbssa\/wp-content\/uploads\/sites\/30\/2021\/03\/gavel-3577258_1920-1024x563.jpg 1024w, https:\/\/pedagogie.ac-lille.fr\/sbssa\/wp-content\/uploads\/sites\/30\/2021\/03\/gavel-3577258_1920-768x422.jpg 768w, https:\/\/pedagogie.ac-lille.fr\/sbssa\/wp-content\/uploads\/sites\/30\/2021\/03\/gavel-3577258_1920-1536x845.jpg 1536w, https:\/\/pedagogie.ac-lille.fr\/sbssa\/wp-content\/uploads\/sites\/30\/2021\/03\/gavel-3577258_1920.jpg 1920w\" sizes=\"auto, (max-width: 300px) 100vw, 300px\" \/><\/a><\/div><a class=\"wp-block-latest-posts__post-title\" href=\"https:\/\/pedagogie.ac-lille.fr\/sbssa\/deas-arrete-du-15-mars-2010-modifiant-larrete-du-22-octobre-2005-relatif-a-la-formation-conduisant-au-diplome-detat-daide-soignant\/\">DEAS &#8211; Arr\u00eat\u00e9 du 15 mars 2010 modifiant l\u2019arr\u00eat\u00e9 du 22 octobre 2005 relatif \u00e0 la formation conduisant au dipl\u00f4me d\u2019\u00c9tat d\u2019aide-soignant<\/a><time datetime=\"2010-03-15T10:19:00+01:00\" class=\"wp-block-latest-posts__post-date\">15 mars 2010<\/time><\/li>\n<\/ul>","protected":false},"excerpt":{"rendered":"<p>Laissant une large place \u00e0 la pratique, la formation conduisant au Dipl\u00f4me d&rsquo;E1tat d&rsquo;aide-soignant forme de futurs professionnels, capables d&rsquo;assurer des activit\u00e9s soin, et de pr\u00e9vention et d&rsquo;\u00e9ducation \u00e0 la [&hellip;]<\/p>\n","protected":false},"author":48,"featured_media":0,"parent":7211,"menu_order":0,"comment_status":"closed","ping_status":"closed","template":"","meta":{"ngg_post_thumbnail":0,"footnotes":""},"class_list":["post-8938","page","type-page","status-publish","czr-hentry"],"publishpress_future_action":{"enabled":false,"date":"2026-04-20 10:51:50","action":"change-status","newStatus":"draft","terms":[],"taxonomy":"","extraData":[]},"publishpress_future_workflow_manual_trigger":{"enabledWorkflows":[]},"_links":{"self":[{"href":"https:\/\/pedagogie.ac-lille.fr\/sbssa\/wp-json\/wp\/v2\/pages\/8938","targetHints":{"allow":["GET"]}}],"collection":[{"href":"https:\/\/pedagogie.ac-lille.fr\/sbssa\/wp-json\/wp\/v2\/pages"}],"about":[{"href":"https:\/\/pedagogie.ac-lille.fr\/sbssa\/wp-json\/wp\/v2\/types\/page"}],"author":[{"embeddable":true,"href":"https:\/\/pedagogie.ac-lille.fr\/sbssa\/wp-json\/wp\/v2\/users\/48"}],"replies":[{"embeddable":true,"href":"https:\/\/pedagogie.ac-lille.fr\/sbssa\/wp-json\/wp\/v2\/comments?post=8938"}],"version-history":[{"count":3,"href":"https:\/\/pedagogie.ac-lille.fr\/sbssa\/wp-json\/wp\/v2\/pages\/8938\/revisions"}],"predecessor-version":[{"id":8955,"href":"https:\/\/pedagogie.ac-lille.fr\/sbssa\/wp-json\/wp\/v2\/pages\/8938\/revisions\/8955"}],"up":[{"embeddable":true,"href":"https:\/\/pedagogie.ac-lille.fr\/sbssa\/wp-json\/wp\/v2\/pages\/7211"}],"wp:attachment":[{"href":"https:\/\/pedagogie.ac-lille.fr\/sbssa\/wp-json\/wp\/v2\/media?parent=8938"}],"curies":[{"name":"wp","href":"https:\/\/api.w.org\/{rel}","templated":true}]}}