{"id":9225,"date":"2023-01-08T22:47:04","date_gmt":"2023-01-08T21:47:04","guid":{"rendered":"https:\/\/pedagogie.ac-lille.fr\/sbssa\/?page_id=9225"},"modified":"2023-01-10T09:35:50","modified_gmt":"2023-01-10T08:35:50","slug":"textes-officiels-segpa-ere","status":"publish","type":"page","link":"https:\/\/pedagogie.ac-lille.fr\/sbssa\/filieres\/page2-2\/s-e-g-p-a-champ-espace-rural-et-environnement-e-r-e\/textes-officiels-segpa-ere\/","title":{"rendered":"Textes officiels &#8211; SEGPA ERE"},"content":{"rendered":"<ul class=\"wp-block-latest-posts__list has-dates wp-block-latest-posts\"><li><div class=\"wp-block-latest-posts__featured-image alignleft\"><a href=\"https:\/\/pedagogie.ac-lille.fr\/sbssa\/page-eduscol\/\" aria-label=\"S.E.G.P.A. : page du site \u00c9duscol\"><img loading=\"lazy\" decoding=\"async\" width=\"150\" height=\"150\" src=\"https:\/\/pedagogie.ac-lille.fr\/sbssa\/wp-content\/uploads\/sites\/30\/2021\/08\/SEGPA-Banniere_Eduscol_1680x360_445b_acc_perso-150x150.jpg\" class=\"attachment-thumbnail size-thumbnail no-lazy wp-post-image\" alt=\"\" style=\"\" \/><\/a><\/div><a class=\"wp-block-latest-posts__post-title\" href=\"https:\/\/pedagogie.ac-lille.fr\/sbssa\/page-eduscol\/\">S.E.G.P.A. : page du site \u00c9duscol<\/a><time datetime=\"2020-10-20T11:55:00+02:00\" class=\"wp-block-latest-posts__post-date\">20 octobre 2020<\/time><\/li>\n<li><div class=\"wp-block-latest-posts__featured-image alignleft\"><a href=\"https:\/\/pedagogie.ac-lille.fr\/sbssa\/presentation-du-champ-ere-des-activites-professionnelles-de-reference-et-de-lorganisation-du-plateau-technique-eduscol-mai-2017\/\" aria-label=\"Pr\u00e9sentation du champ ERE, des activit\u00e9s professionnelles de r\u00e9f\u00e9rence et de l&rsquo;organisation du plateau technique &#8211; \u00c9duscol &#8211; Mai 2017\"><img loading=\"lazy\" decoding=\"async\" width=\"150\" height=\"150\" src=\"https:\/\/pedagogie.ac-lille.fr\/sbssa\/wp-content\/uploads\/sites\/30\/2022\/05\/mark-gcb02d2b6a_1920-150x150.jpg\" class=\"attachment-thumbnail size-thumbnail no-lazy wp-post-image\" alt=\"P\u00e9dagogie\" style=\"\" srcset=\"https:\/\/pedagogie.ac-lille.fr\/sbssa\/wp-content\/uploads\/sites\/30\/2022\/05\/mark-gcb02d2b6a_1920-150x150.jpg 150w, https:\/\/pedagogie.ac-lille.fr\/sbssa\/wp-content\/uploads\/sites\/30\/2022\/05\/mark-gcb02d2b6a_1920-510x510.jpg 510w\" sizes=\"auto, (max-width: 150px) 100vw, 150px\" \/><\/a><\/div><a class=\"wp-block-latest-posts__post-title\" href=\"https:\/\/pedagogie.ac-lille.fr\/sbssa\/presentation-du-champ-ere-des-activites-professionnelles-de-reference-et-de-lorganisation-du-plateau-technique-eduscol-mai-2017\/\">Pr\u00e9sentation du champ ERE, des activit\u00e9s professionnelles de r\u00e9f\u00e9rence et de l&rsquo;organisation du plateau technique &#8211; \u00c9duscol &#8211; Mai 2017<\/a><time datetime=\"2017-05-21T17:29:00+02:00\" class=\"wp-block-latest-posts__post-date\">21 mai 2017<\/time><\/li>\n<li><div class=\"wp-block-latest-posts__featured-image alignleft\"><a href=\"https:\/\/pedagogie.ac-lille.fr\/sbssa\/document-daccompagnement-pour-la-validation-des-competences-du-socle-en-cycle-3-2\/\" aria-label=\"Document d&rsquo;accompagnement pour la validation des comp\u00e9tences du socle en cycle 3\"><img loading=\"lazy\" decoding=\"async\" width=\"150\" height=\"150\" src=\"https:\/\/pedagogie.ac-lille.fr\/sbssa\/wp-content\/uploads\/sites\/30\/2022\/12\/compare-1207270_1920-150x150.jpg\" class=\"attachment-thumbnail size-thumbnail no-lazy wp-post-image\" alt=\"Epreuve - Epreuve\" style=\"\" srcset=\"https:\/\/pedagogie.ac-lille.fr\/sbssa\/wp-content\/uploads\/sites\/30\/2022\/12\/compare-1207270_1920-150x150.jpg 150w, https:\/\/pedagogie.ac-lille.fr\/sbssa\/wp-content\/uploads\/sites\/30\/2022\/12\/compare-1207270_1920-510x510.jpg 510w\" sizes=\"auto, (max-width: 150px) 100vw, 150px\" \/><\/a><\/div><a class=\"wp-block-latest-posts__post-title\" href=\"https:\/\/pedagogie.ac-lille.fr\/sbssa\/document-daccompagnement-pour-la-validation-des-competences-du-socle-en-cycle-3-2\/\">Document d&rsquo;accompagnement pour la validation des comp\u00e9tences du socle en cycle 3<\/a><time datetime=\"2016-10-21T18:36:00+02:00\" class=\"wp-block-latest-posts__post-date\">21 octobre 2016<\/time><\/li>\n<\/ul>","protected":false},"excerpt":{"rendered":"","protected":false},"author":48,"featured_media":0,"parent":2695,"menu_order":0,"comment_status":"closed","ping_status":"closed","template":"","meta":{"ngg_post_thumbnail":0,"footnotes":""},"class_list":["post-9225","page","type-page","status-publish","czr-hentry"],"publishpress_future_action":{"enabled":false,"date":"2026-04-11 13:25:44","action":"change-status","newStatus":"draft","terms":[],"taxonomy":"","extraData":[]},"publishpress_future_workflow_manual_trigger":{"enabledWorkflows":[]},"_links":{"self":[{"href":"https:\/\/pedagogie.ac-lille.fr\/sbssa\/wp-json\/wp\/v2\/pages\/9225","targetHints":{"allow":["GET"]}}],"collection":[{"href":"https:\/\/pedagogie.ac-lille.fr\/sbssa\/wp-json\/wp\/v2\/pages"}],"about":[{"href":"https:\/\/pedagogie.ac-lille.fr\/sbssa\/wp-json\/wp\/v2\/types\/page"}],"author":[{"embeddable":true,"href":"https:\/\/pedagogie.ac-lille.fr\/sbssa\/wp-json\/wp\/v2\/users\/48"}],"replies":[{"embeddable":true,"href":"https:\/\/pedagogie.ac-lille.fr\/sbssa\/wp-json\/wp\/v2\/comments?post=9225"}],"version-history":[{"count":2,"href":"https:\/\/pedagogie.ac-lille.fr\/sbssa\/wp-json\/wp\/v2\/pages\/9225\/revisions"}],"predecessor-version":[{"id":9231,"href":"https:\/\/pedagogie.ac-lille.fr\/sbssa\/wp-json\/wp\/v2\/pages\/9225\/revisions\/9231"}],"up":[{"embeddable":true,"href":"https:\/\/pedagogie.ac-lille.fr\/sbssa\/wp-json\/wp\/v2\/pages\/2695"}],"wp:attachment":[{"href":"https:\/\/pedagogie.ac-lille.fr\/sbssa\/wp-json\/wp\/v2\/media?parent=9225"}],"curies":[{"name":"wp","href":"https:\/\/api.w.org\/{rel}","templated":true}]}}