{"id":1235,"date":"2024-05-20T08:20:58","date_gmt":"2024-05-20T06:20:58","guid":{"rendered":"https:\/\/pedagogie.ac-lille.fr\/ses\/?page_id=1235"},"modified":"2024-05-21T07:10:21","modified_gmt":"2024-05-21T05:10:21","slug":"la-rubrique-decouvrir-apprendre-enseigner-de-linsee","status":"publish","type":"page","link":"https:\/\/pedagogie.ac-lille.fr\/ses\/la-rubrique-decouvrir-apprendre-enseigner-de-linsee\/","title":{"rendered":"La rubrique \u00ab\u00a0D\u00e9couvrir, apprendre, enseigner\u00a0\u00bb de l&rsquo;INSEE"},"content":{"rendered":"<div class=\"wp-block-image\">\n<figure class=\"aligncenter size-full is-resized\"><img loading=\"lazy\" decoding=\"async\" width=\"428\" height=\"113\" src=\"https:\/\/pedagogie.ac-lille.fr\/ses\/wp-content\/uploads\/sites\/35\/2024\/05\/logo-insee.jpg\" alt=\"\" class=\"wp-image-1236\" style=\"width:428px;height:auto\" srcset=\"https:\/\/pedagogie.ac-lille.fr\/ses\/wp-content\/uploads\/sites\/35\/2024\/05\/logo-insee.jpg 428w, https:\/\/pedagogie.ac-lille.fr\/ses\/wp-content\/uploads\/sites\/35\/2024\/05\/logo-insee-300x79.jpg 300w\" sizes=\"auto, (max-width: 428px) 100vw, 428px\" \/><\/figure>\n<\/div>\n\n\n<p>L\u2019INSEE est l\u2019institut national de la statistique et des \u00e9tudes \u00e9conomiques qui collecte, produit, analyse et diffuse des informations sur l\u2019\u00e9conomie et la soci\u00e9t\u00e9 fran\u00e7aise<br>Vous pouvez trouver sur sa page d\u2019accueil les principaux indicateurs de l\u2019\u00e9conomie fran\u00e7aise.<\/p>\n\n\n\n<figure class=\"wp-block-image size-large\"><img loading=\"lazy\" decoding=\"async\" width=\"1024\" height=\"175\" src=\"https:\/\/pedagogie.ac-lille.fr\/ses\/wp-content\/uploads\/sites\/35\/2024\/05\/les-indicateurs-de-linsee-1024x175.jpg\" alt=\"\" class=\"wp-image-1237\" srcset=\"https:\/\/pedagogie.ac-lille.fr\/ses\/wp-content\/uploads\/sites\/35\/2024\/05\/les-indicateurs-de-linsee-1024x175.jpg 1024w, https:\/\/pedagogie.ac-lille.fr\/ses\/wp-content\/uploads\/sites\/35\/2024\/05\/les-indicateurs-de-linsee-300x51.jpg 300w, https:\/\/pedagogie.ac-lille.fr\/ses\/wp-content\/uploads\/sites\/35\/2024\/05\/les-indicateurs-de-linsee-768x131.jpg 768w, https:\/\/pedagogie.ac-lille.fr\/ses\/wp-content\/uploads\/sites\/35\/2024\/05\/les-indicateurs-de-linsee.jpg 1209w\" sizes=\"auto, (max-width: 1024px) 100vw, 1024px\" \/><\/figure>\n\n\n\n<p>L\u2019Insee propose aussi une large gamme de ressources pour appr\u00e9hender de fa\u00e7on didactique les grands sujets \u00e9conomiques, sociaux ou d\u00e9mographiques comme le march\u00e9 du travail, la population et le vieillissement, les in\u00e9galit\u00e9s, les migrations, les entreprises dans sa rubrique<strong> \u00ab\u00a0D\u00e9couvrir, apprendre, enseigner\u00a0\u00bb<\/strong><\/p>\n\n\n\n<figure class=\"wp-block-image size-full\"><img loading=\"lazy\" decoding=\"async\" width=\"731\" height=\"221\" src=\"https:\/\/pedagogie.ac-lille.fr\/ses\/wp-content\/uploads\/sites\/35\/2024\/05\/apprendre-avec-linsee.jpg\" alt=\"\" class=\"wp-image-1238\" srcset=\"https:\/\/pedagogie.ac-lille.fr\/ses\/wp-content\/uploads\/sites\/35\/2024\/05\/apprendre-avec-linsee.jpg 731w, https:\/\/pedagogie.ac-lille.fr\/ses\/wp-content\/uploads\/sites\/35\/2024\/05\/apprendre-avec-linsee-300x91.jpg 300w\" sizes=\"auto, (max-width: 731px) 100vw, 731px\" \/><\/figure>\n\n\n\n<p><a href=\"https:\/\/www.insee.fr\/fr\/information\/2021852\" target=\"_blank\" rel=\"noreferrer noopener\">Vous pouvez y acc\u00e9der en cliquant sur ce lien <\/a><\/p>\n\n\n\n<p>L&rsquo;INSEE dispose aussi d&rsquo;une page Youtube sur diff\u00e9rents th\u00e8mes&#8230; <a href=\"https:\/\/www.youtube.com\/@Insee_Fr\" target=\"_blank\" rel=\"noreferrer noopener\">( lien ici ) <\/a><\/p>\n\n\n\n<p><\/p>\n\n\n\n<figure class=\"wp-block-image size-large\"><img loading=\"lazy\" decoding=\"async\" width=\"1024\" height=\"363\" src=\"https:\/\/pedagogie.ac-lille.fr\/ses\/wp-content\/uploads\/sites\/35\/2024\/05\/chaine-youtube-1024x363.jpg\" alt=\"\" class=\"wp-image-1252\" srcset=\"https:\/\/pedagogie.ac-lille.fr\/ses\/wp-content\/uploads\/sites\/35\/2024\/05\/chaine-youtube-1024x363.jpg 1024w, https:\/\/pedagogie.ac-lille.fr\/ses\/wp-content\/uploads\/sites\/35\/2024\/05\/chaine-youtube-300x106.jpg 300w, https:\/\/pedagogie.ac-lille.fr\/ses\/wp-content\/uploads\/sites\/35\/2024\/05\/chaine-youtube-768x272.jpg 768w, https:\/\/pedagogie.ac-lille.fr\/ses\/wp-content\/uploads\/sites\/35\/2024\/05\/chaine-youtube.jpg 1134w\" sizes=\"auto, (max-width: 1024px) 100vw, 1024px\" \/><\/figure>\n","protected":false},"excerpt":{"rendered":"<p>L\u2019INSEE est l\u2019institut national de la statistique et des \u00e9tudes \u00e9conomiques qui collecte, produit, analyse et diffuse des informations sur l\u2019\u00e9conomie et la soci\u00e9t\u00e9 fran\u00e7aiseVous pouvez trouver sur sa page d\u2019accueil les principaux indicateurs de l\u2019\u00e9conomie fran\u00e7aise. L\u2019Insee propose aussi une large gamme de ressources pour appr\u00e9hender de fa\u00e7on didactique les grands sujets \u00e9conomiques, sociaux [&hellip;]<\/p>\n","protected":false},"author":55,"featured_media":0,"parent":0,"menu_order":0,"comment_status":"closed","ping_status":"closed","template":"","meta":{"ngg_post_thumbnail":0,"footnotes":""},"class_list":["post-1235","page","type-page","status-publish","czr-hentry"],"publishpress_future_action":{"enabled":false,"date":"2026-04-29 19:59:28","action":"change-status","newStatus":"draft","terms":[],"taxonomy":"","extraData":[]},"publishpress_future_workflow_manual_trigger":{"enabledWorkflows":[]},"_links":{"self":[{"href":"https:\/\/pedagogie.ac-lille.fr\/ses\/wp-json\/wp\/v2\/pages\/1235","targetHints":{"allow":["GET"]}}],"collection":[{"href":"https:\/\/pedagogie.ac-lille.fr\/ses\/wp-json\/wp\/v2\/pages"}],"about":[{"href":"https:\/\/pedagogie.ac-lille.fr\/ses\/wp-json\/wp\/v2\/types\/page"}],"author":[{"embeddable":true,"href":"https:\/\/pedagogie.ac-lille.fr\/ses\/wp-json\/wp\/v2\/users\/55"}],"replies":[{"embeddable":true,"href":"https:\/\/pedagogie.ac-lille.fr\/ses\/wp-json\/wp\/v2\/comments?post=1235"}],"version-history":[{"count":6,"href":"https:\/\/pedagogie.ac-lille.fr\/ses\/wp-json\/wp\/v2\/pages\/1235\/revisions"}],"predecessor-version":[{"id":1257,"href":"https:\/\/pedagogie.ac-lille.fr\/ses\/wp-json\/wp\/v2\/pages\/1235\/revisions\/1257"}],"wp:attachment":[{"href":"https:\/\/pedagogie.ac-lille.fr\/ses\/wp-json\/wp\/v2\/media?parent=1235"}],"curies":[{"name":"wp","href":"https:\/\/api.w.org\/{rel}","templated":true}]}}