{"id":1628,"date":"2025-11-17T18:11:00","date_gmt":"2025-11-17T17:11:00","guid":{"rendered":"https:\/\/pedagogie.ac-lille.fr\/ses\/?page_id=1628"},"modified":"2025-11-17T18:39:39","modified_gmt":"2025-11-17T17:39:39","slug":"compte-rendu-des-stages-non-academiques-2-2","status":"publish","type":"page","link":"https:\/\/pedagogie.ac-lille.fr\/ses\/compte-rendu-des-stages-non-academiques-2-2\/","title":{"rendered":"Compte rendu des Journ\u00e9es de l\u2019\u00e9conomie 2025"},"content":{"rendered":"<div class=\"wp-block-image\">\n<figure class=\"aligncenter size-full is-resized\"><img loading=\"lazy\" decoding=\"async\" width=\"281\" height=\"249\" src=\"https:\/\/pedagogie.ac-lille.fr\/ses\/wp-content\/uploads\/sites\/35\/2023\/12\/icone-de-compte-rendu-de-stage.jpg\" alt=\"\" class=\"wp-image-1052\" style=\"width:105px;height:auto\" \/><\/figure>\n<\/div>\n\n\n<p>Notre coll\u00e8gue Quentin Rouget, professeur de SES en CPGE ECG, a r\u00e9dig\u00e9 un certain nombre de comptes-rendus des conf\u00e9rences ou des tables-rondes qui ont eu lieu en novembre 2025 \u00e0 l&rsquo;occasion des JECO.<\/p>\n\n\n\n<p>Voici 7 synth\u00e8ses que vous pouvez consulter au format pdf.<\/p>\n\n\n\n<p>Vous pouvez consulter ce site  pour retrouver les conf\u00e9rences : <a href=\"https:\/\/www.touteconomie.org\/conferences\" target=\"_blank\" rel=\"noreferrer noopener\">https:\/\/www.touteconomie.org\/conferences<\/a><\/p>\n\n\n\n<p class=\"has-text-align-center\"><strong>Voici la liste des th\u00e8mes des conf\u00e9rences.<\/strong><\/p>\n\n\n\n<ol start=\"1\" class=\"wp-block-list\">\n<li><a href=\"http:\/\/pedagogie.ac-lille.fr\/ses\/wp-content\/uploads\/sites\/35\/2025\/11\/01-VERS-UNE-ECONOMIE-HUMANO-CENTREE-QUELLES-TRAJECTOIRES-.pdf\" target=\"_blank\" rel=\"noreferrer noopener\">Vers une \u00e9conomie humano-centr\u00e9e : Quelles trajectoires ?<\/a><\/li>\n\n\n\n<li><a href=\"http:\/\/pedagogie.ac-lille.fr\/ses\/wp-content\/uploads\/sites\/35\/2025\/11\/02-LA-FRANCE-TRAVAILLE-T-ELLE-TROP-PEU-.pdf\" target=\"_blank\" rel=\"noreferrer noopener\">La France travaille-t-elle trop peu ?<\/a><\/li>\n\n\n\n<li><a href=\"http:\/\/pedagogie.ac-lille.fr\/ses\/wp-content\/uploads\/sites\/35\/2025\/11\/03-guerre-pillages-predation-le-temps-du-chaos-Entretien-AFSE.pdf\" data-type=\"link\" data-id=\"http:\/\/pedagogie.ac-lille.fr\/ses\/wp-content\/uploads\/sites\/35\/2025\/11\/03-guerre-pillages-predation-le-temps-du-chaos-Entretien-AFSE.pdf\" target=\"_blank\" rel=\"noreferrer noopener\">Guerre, pillages, pr\u00e9dation : le temps du chaos -Entretien AFSE<\/a><\/li>\n\n\n\n<li><a href=\"http:\/\/pedagogie.ac-lille.fr\/ses\/wp-content\/uploads\/sites\/35\/2025\/11\/04-Reconcilier-concurrence-et-politique-industrielle.pdf\" data-type=\"link\" data-id=\"http:\/\/pedagogie.ac-lille.fr\/ses\/wp-content\/uploads\/sites\/35\/2025\/11\/04-Reconcilier-concurrence-et-politique-industrielle.pdf\" target=\"_blank\" rel=\"noreferrer noopener\">R\u00e9concilier concurrence et politique industrielle<\/a><\/li>\n\n\n\n<li><a href=\"http:\/\/pedagogie.ac-lille.fr\/ses\/wp-content\/uploads\/sites\/35\/2025\/11\/05-ALLEMAGNE-UN-MODELE-A-BOUT-DE-SOUFFLE-.pdf\" data-type=\"link\" data-id=\"http:\/\/pedagogie.ac-lille.fr\/ses\/wp-content\/uploads\/sites\/35\/2025\/11\/05-ALLEMAGNE-UN-MODELE-A-BOUT-DE-SOUFFLE-.pdf\" target=\"_blank\" rel=\"noreferrer noopener\">Allemagne : un mod\u00e8le \u00e0 bout de souffle ?<\/a><\/li>\n\n\n\n<li><a href=\"http:\/\/pedagogie.ac-lille.fr\/ses\/wp-content\/uploads\/sites\/35\/2025\/11\/06-COMMENT-AUGMENTER-LE-POUVOIR-DACHAT-DURABLEMENT-.pdf\" data-type=\"link\" data-id=\"http:\/\/pedagogie.ac-lille.fr\/ses\/wp-content\/uploads\/sites\/35\/2025\/11\/06-COMMENT-AUGMENTER-LE-POUVOIR-DACHAT-DURABLEMENT-.pdf\" target=\"_blank\" rel=\"noreferrer noopener\">Remettre la science au c\u0153ur du d\u00e9bat public : Qu\u2019est ce qui fait v\u00e9rit\u00e9 dans les d\u00e9bats aujourd\u2019hui ?<\/a><\/li>\n\n\n\n<li><a href=\"http:\/\/pedagogie.ac-lille.fr\/ses\/wp-content\/uploads\/sites\/35\/2025\/11\/07-REMETTRE-LA-SCIENCE-AU-COEUR-DU-DEBAT-PUBLIC-QUEST-CE-QUI-FAIT-VERITE-DANS-LES-DEBATS-AUJOURDHUI-.pdf\" data-type=\"link\" data-id=\"http:\/\/pedagogie.ac-lille.fr\/ses\/wp-content\/uploads\/sites\/35\/2025\/11\/07-REMETTRE-LA-SCIENCE-AU-COEUR-DU-DEBAT-PUBLIC-QUEST-CE-QUI-FAIT-VERITE-DANS-LES-DEBATS-AUJOURDHUI-.pdf\" target=\"_blank\" rel=\"noreferrer noopener\">Comment augmenter le pouvoir d\u2019achat durablement ?<\/a><\/li>\n<\/ol>\n\n\n\n<p class=\"has-text-align-center\"><\/p>\n\n\n\n<p><\/p>\n","protected":false},"excerpt":{"rendered":"<p>Notre coll\u00e8gue Quentin Rouget, professeur de SES en CPGE ECG, a r\u00e9dig\u00e9 un certain nombre de comptes-rendus des conf\u00e9rences ou des tables-rondes qui ont eu lieu en novembre 2025 \u00e0 l&rsquo;occasion des JECO. Voici 7 synth\u00e8ses que vous pouvez consulter au format pdf. Vous pouvez consulter ce site pour retrouver les conf\u00e9rences : https:\/\/www.touteconomie.org\/conferences Voici [&hellip;]<\/p>\n","protected":false},"author":55,"featured_media":0,"parent":0,"menu_order":0,"comment_status":"closed","ping_status":"closed","template":"","meta":{"ngg_post_thumbnail":0,"footnotes":""},"class_list":["post-1628","page","type-page","status-publish","czr-hentry"],"publishpress_future_action":{"enabled":false,"date":"2026-04-29 20:00:11","action":"change-status","newStatus":"draft","terms":[],"taxonomy":"","extraData":[]},"publishpress_future_workflow_manual_trigger":{"enabledWorkflows":[]},"_links":{"self":[{"href":"https:\/\/pedagogie.ac-lille.fr\/ses\/wp-json\/wp\/v2\/pages\/1628","targetHints":{"allow":["GET"]}}],"collection":[{"href":"https:\/\/pedagogie.ac-lille.fr\/ses\/wp-json\/wp\/v2\/pages"}],"about":[{"href":"https:\/\/pedagogie.ac-lille.fr\/ses\/wp-json\/wp\/v2\/types\/page"}],"author":[{"embeddable":true,"href":"https:\/\/pedagogie.ac-lille.fr\/ses\/wp-json\/wp\/v2\/users\/55"}],"replies":[{"embeddable":true,"href":"https:\/\/pedagogie.ac-lille.fr\/ses\/wp-json\/wp\/v2\/comments?post=1628"}],"version-history":[{"count":7,"href":"https:\/\/pedagogie.ac-lille.fr\/ses\/wp-json\/wp\/v2\/pages\/1628\/revisions"}],"predecessor-version":[{"id":1647,"href":"https:\/\/pedagogie.ac-lille.fr\/ses\/wp-json\/wp\/v2\/pages\/1628\/revisions\/1647"}],"wp:attachment":[{"href":"https:\/\/pedagogie.ac-lille.fr\/ses\/wp-json\/wp\/v2\/media?parent=1628"}],"curies":[{"name":"wp","href":"https:\/\/api.w.org\/{rel}","templated":true}]}}