{"id":368,"date":"2022-05-26T10:45:46","date_gmt":"2022-05-26T08:45:46","guid":{"rendered":"https:\/\/pedagogie.ac-lille.fr\/ses\/?page_id=368"},"modified":"2025-09-06T08:40:55","modified_gmt":"2025-09-06T06:40:55","slug":"les-programmes-officiels","status":"publish","type":"page","link":"https:\/\/pedagogie.ac-lille.fr\/ses\/les-programmes-officiels\/","title":{"rendered":"Les programmes officiels"},"content":{"rendered":"<div class=\"wp-block-image\">\n<figure class=\"aligncenter size-full is-resized\"><img loading=\"lazy\" decoding=\"async\" width=\"800\" height=\"800\" src=\"https:\/\/pedagogie.ac-lille.fr\/ses\/wp-content\/uploads\/sites\/35\/2023\/09\/bo.jpg\" alt=\"\" class=\"wp-image-681\" style=\"width:178px;height:178px\" srcset=\"https:\/\/pedagogie.ac-lille.fr\/ses\/wp-content\/uploads\/sites\/35\/2023\/09\/bo.jpg 800w, https:\/\/pedagogie.ac-lille.fr\/ses\/wp-content\/uploads\/sites\/35\/2023\/09\/bo-300x300.jpg 300w, https:\/\/pedagogie.ac-lille.fr\/ses\/wp-content\/uploads\/sites\/35\/2023\/09\/bo-150x150.jpg 150w, https:\/\/pedagogie.ac-lille.fr\/ses\/wp-content\/uploads\/sites\/35\/2023\/09\/bo-768x768.jpg 768w, https:\/\/pedagogie.ac-lille.fr\/ses\/wp-content\/uploads\/sites\/35\/2023\/09\/bo-510x510.jpg 510w\" sizes=\"auto, (max-width: 800px) 100vw, 800px\" \/><\/figure>\n<\/div>\n\n\n<figure class=\"wp-block-table\"><table><tbody><tr><td><\/td><\/tr><tr><td><br><strong>En classe de SECONDE<\/strong><br><br>&#8211; SES : <a href=\"https:\/\/www.education.gouv.fr\/pid285\/bulletin_officiel.html?pid_bo=38502\" target=\"_blank\" rel=\"noreferrer noopener\">Bulletin officiel sp\u00e9cial n\u00b01 du 22 janvier 2019<\/a><br> <br>&#8211; EMC : <a href=\"http:\/\/pedagogie.ac-lille.fr\/ses\/wp-content\/uploads\/sites\/35\/2024\/06\/emc-secondepremiereterminale-JUIN2024.pdf\" target=\"_blank\" rel=\"noreferrer noopener\">Bulletin officiel sp\u00e9cial n\u00b024 du 13 juin 2024<\/a><br><br>&#8211; SNT : <a href=\"https:\/\/www.education.gouv.fr\/bo\/19\/Special1\/MENE1901641A.htm\" data-type=\"link\" data-id=\"https:\/\/www.education.gouv.fr\/bo\/19\/Special1\/MENE1901641A.htm\" target=\"_blank\" rel=\"noreferrer noopener\">Bulletin officiel sp\u00e9cial n\u00b01 du 22 janvier 2019 <\/a><br><\/td><\/tr><tr><td><strong>En classe de PREMIERE <\/strong><br><br>&#8211; SES : <a href=\"https:\/\/www.education.gouv.fr\/bo\/19\/Special1\/MENE1901639A.htm\" data-type=\"link\" data-id=\"https:\/\/www.education.gouv.fr\/bo\/19\/Special1\/MENE1901639A.htm\" target=\"_blank\" rel=\"noreferrer noopener\">Bulletin officiel sp\u00e9cial n\u00b01 du 22 janvier 2019<\/a> <br><br>&#8211; EMC : <a href=\"https:\/\/www.education.gouv.fr\/bo\/19\/Special1\/MENE1901639A.htm\" target=\"_blank\" rel=\"noreferrer noopener\"><\/a><a href=\"http:\/\/pedagogie.ac-lille.fr\/ses\/wp-content\/uploads\/sites\/35\/2024\/06\/emc-secondepremiereterminale-JUIN2024.pdf\" target=\"_blank\" rel=\"noreferrer noopener\">Bulletin officiel sp\u00e9cial n\u00b024 du 13 juin 2024<\/a><\/td><\/tr><tr><td><strong>En classe de TERMINALE\u00a0 <\/strong><br><br><strong>Les 9 chapitres du programme \u00e9valuable au baccalaur\u00e9at \u00e0 partir de septembre 2024<\/strong><br><br><strong>Partie \u00ab science \u00e9conomique \u00bb :<\/strong><br>o Quels sont les sources et les d\u00e9fis de la croissance \u00e9conomique ?<br>o Quels sont les fondements du commerce international et de l\u2019internationalisation de la production ?<br>o Quelles politiques \u00e9conomiques dans le cadre europ\u00e9en ?<br>o Comment lutter contre le ch\u00f4mage ?<br><br><strong>Partie \u00ab sociologie et science politique \u00bb :<\/strong><br>o Comment est structur\u00e9e la soci\u00e9t\u00e9 fran\u00e7aise actuelle ?<br>o Quels sont les caract\u00e9ristiques contemporaines et les facteurs de la mobilit\u00e9 sociale ?<br>o Quelles mutations du travail et de l\u2019emploi ?<br>o Comment expliquer l\u2019engagement politique dans les soci\u00e9t\u00e9s d\u00e9mocratiques ?<br><br><strong>Partie \u00ab regards crois\u00e9s \u00bb :<\/strong><br>o Quelle action publique pour l\u2019environnement ?<br><br>\u00ab\u00a0L\u2019\u00e9preuve porte sur le programme de l\u2019enseignement de sp\u00e9cialit\u00e9 de la classe de terminale en vigueur. Les notions du programme de la classe de premi\u00e8re en vigueur peuvent \u00eatre mobilis\u00e9es dans le cadre de l\u2019\u00e9preuve.<br>\u00ab\u00a0Le programme sur lequel peut porter l\u2019\u00e9preuve orale de contr\u00f4le est identique au programme de l\u2019\u00e9preuve \u00e9crite.\u00a0\u00bb<br><br>Les \u00e9preuves \u00e9crites de sp\u00e9cialit\u00e9 sont fix\u00e9es les <strong>mardi\u00a017, mercredi 18 et jeudi\u00a019\u00a0juin 2025<\/strong>.<br><br><br>&#8211; <a href=\"http:\/\/pedagogie.ac-lille.fr\/ses\/wp-content\/uploads\/sites\/35\/2024\/02\/annexe_programme_dgemc_modifie.pdf\" target=\"_blank\" rel=\"noreferrer noopener\">Le programme de droit et grands enjeux du monde contemporain (DGEMC)<\/a><br><a href=\"https:\/\/eduscol.education.fr\/1718\/programmes-et-ressources-en-droit-et-grands-enjeux-du-monde-contemporain-voie-gt\" target=\"_blank\" rel=\"noreferrer noopener\">L&rsquo;acad\u00e9mie de Grenoble propose un parcours m@gist\u00e8re \u00ab DGEMC 2020 \u00bb accessible \u00e0 tous. Cliquez ici<\/a>.<br><br><br>&#8211; EMC : <a href=\"http:\/\/pedagogie.ac-lille.fr\/ses\/wp-content\/uploads\/sites\/35\/2024\/06\/emc-secondepremiereterminale-JUIN2024.pdf\" target=\"_blank\" rel=\"noreferrer noopener\">Bulletin officiel sp\u00e9cial n\u00b024 du 13 juin 2024<\/a><br><\/td><\/tr><tr><td><br><a href=\"https:\/\/eduscol.education.fr\/1658\/programmes-et-ressources-en-sciences-economiques-et-sociales-voie-gt\" data-type=\"link\" data-id=\"https:\/\/eduscol.education.fr\/1658\/programmes-et-ressources-en-sciences-economiques-et-sociales-voie-gt\" target=\"_blank\" rel=\"noreferrer noopener\">Vous trouverez sur le site EDUSCOL des ressources pour la mise en \u0153uvre de ces programmes.<\/a><br><br>Pour rappel, le site du Coll\u00e8ge de France met \u00e0 votre disposition des ressources sur les nouveaux programmes de S.E.S. <br><a href=\"https:\/\/www.college-de-france.fr\/site\/campus-innovation-lycees\/Nouveaux-programmes-de-SES.htm\" target=\"_blank\" rel=\"noreferrer noopener\">Vous pouvez y acc\u00e9der directement en cliquant sur ce lien<\/a> &nbsp;<br><br><br><br><br><\/td><\/tr><tr><td><\/td><\/tr><\/tbody><\/table><\/figure>\n","protected":false},"excerpt":{"rendered":"<p>En classe de SECONDE &#8211; SES : Bulletin officiel sp\u00e9cial n\u00b01 du 22 janvier 2019 &#8211; EMC : Bulletin officiel sp\u00e9cial n\u00b024 du 13 juin 2024 &#8211; SNT : Bulletin officiel sp\u00e9cial n\u00b01 du 22 janvier 2019 En classe de PREMIERE &#8211; SES : Bulletin officiel sp\u00e9cial n\u00b01 du 22 janvier 2019 &#8211; EMC : [&hellip;]<\/p>\n","protected":false},"author":55,"featured_media":0,"parent":0,"menu_order":0,"comment_status":"closed","ping_status":"closed","template":"","meta":{"ngg_post_thumbnail":0,"footnotes":""},"class_list":["post-368","page","type-page","status-publish","czr-hentry"],"publishpress_future_action":{"enabled":false,"date":"2026-04-29 19:59:12","action":"change-status","newStatus":"draft","terms":[],"taxonomy":"","extraData":[]},"publishpress_future_workflow_manual_trigger":{"enabledWorkflows":[]},"_links":{"self":[{"href":"https:\/\/pedagogie.ac-lille.fr\/ses\/wp-json\/wp\/v2\/pages\/368","targetHints":{"allow":["GET"]}}],"collection":[{"href":"https:\/\/pedagogie.ac-lille.fr\/ses\/wp-json\/wp\/v2\/pages"}],"about":[{"href":"https:\/\/pedagogie.ac-lille.fr\/ses\/wp-json\/wp\/v2\/types\/page"}],"author":[{"embeddable":true,"href":"https:\/\/pedagogie.ac-lille.fr\/ses\/wp-json\/wp\/v2\/users\/55"}],"replies":[{"embeddable":true,"href":"https:\/\/pedagogie.ac-lille.fr\/ses\/wp-json\/wp\/v2\/comments?post=368"}],"version-history":[{"count":33,"href":"https:\/\/pedagogie.ac-lille.fr\/ses\/wp-json\/wp\/v2\/pages\/368\/revisions"}],"predecessor-version":[{"id":1611,"href":"https:\/\/pedagogie.ac-lille.fr\/ses\/wp-json\/wp\/v2\/pages\/368\/revisions\/1611"}],"wp:attachment":[{"href":"https:\/\/pedagogie.ac-lille.fr\/ses\/wp-json\/wp\/v2\/media?parent=368"}],"curies":[{"name":"wp","href":"https:\/\/api.w.org\/{rel}","templated":true}]}}