{"id":572,"date":"2023-09-21T10:17:34","date_gmt":"2023-09-21T08:17:34","guid":{"rendered":"https:\/\/pedagogie.ac-lille.fr\/ses\/?page_id=572"},"modified":"2025-09-01T16:22:31","modified_gmt":"2025-09-01T14:22:31","slug":"le-grand-oral","status":"publish","type":"page","link":"https:\/\/pedagogie.ac-lille.fr\/ses\/le-grand-oral\/","title":{"rendered":"Le Grand Oral"},"content":{"rendered":"<div class=\"wp-block-image\">\n<figure class=\"aligncenter size-full is-resized\"><img loading=\"lazy\" decoding=\"async\" width=\"443\" height=\"317\" src=\"https:\/\/pedagogie.ac-lille.fr\/ses\/wp-content\/uploads\/sites\/35\/2023\/09\/grand-oral.jpg\" alt=\"\" class=\"wp-image-697\" style=\"width:284px;height:203px\" srcset=\"https:\/\/pedagogie.ac-lille.fr\/ses\/wp-content\/uploads\/sites\/35\/2023\/09\/grand-oral.jpg 443w, https:\/\/pedagogie.ac-lille.fr\/ses\/wp-content\/uploads\/sites\/35\/2023\/09\/grand-oral-300x215.jpg 300w\" sizes=\"auto, (max-width: 443px) 100vw, 443px\" \/><\/figure>\n<\/div>\n\n\n<p><a rel=\"noreferrer noopener\" href=\"https:\/\/eduscol.education.fr\/729\/presentation-du-grand-oral\" target=\"_blank\">un lien EDUSCOL pour la pr\u00e9sentation du Grand Oral<\/a><\/p>\n\n\n\n<p><strong>Changements \u00e0 partir de la session 2024<\/strong> :  <\/p>\n\n\n\n<p>La dur\u00e9e du Grand oral est maintenue \u00e0 20 minutes. La troisi\u00e8me partie de l&rsquo;\u00e9preuve, d&rsquo;une dur\u00e9e de 5 minutes, consistant en un \u00e9change sur le projet d&rsquo;orientation du candidat, est supprim\u00e9e.Les deux parties restantes de l&rsquo;\u00e9preuve seront d\u00e9sormais d&rsquo;une dur\u00e9e \u00e9gale de 10 minutes. Il sera donn\u00e9 au candidat la possibilit\u00e9 d&rsquo;utiliser un tableau durant le second temps de l&rsquo;\u00e9preuve. <\/p>\n\n\n\n<p>Le coefficient reste de 10 en voie g\u00e9n\u00e9rale et le grand oral a toujours pour objectif de  valoriser les aptitudes \u00e0 l&rsquo;oral des candidats.<\/p>\n\n\n\n<p>Vous pouvez acc\u00e9der \u00e0 la pr\u00e9sentation officielle <a href=\"http:\/\/pedagogie.ac-lille.fr\/ses\/wp-content\/uploads\/sites\/35\/2023\/09\/Grand-oral-Igesr-Document-integral-0.pdf\">en cliquant ici<\/a> , ainsi qu&rsquo;\u00e0 <a href=\"http:\/\/pedagogie.ac-lille.fr\/ses\/wp-content\/uploads\/sites\/35\/2023\/09\/grille-d-valuation-indicative-de-l-preuve-orale-terminale-15094.pdf\">la grille d&rsquo;\u00e9valuation.<\/a><\/p>\n\n\n\n<p><\/p>\n\n\n\n<p><strong>Changement \u00e0 partir de la session 2027 : <\/strong><\/p>\n\n\n\n<p>Le coefficient passe de 10 \u00e0 8 \u00e0 partir de la session 2026\/2027.<\/p>\n\n\n\n<p><\/p>\n","protected":false},"excerpt":{"rendered":"<p>un lien EDUSCOL pour la pr\u00e9sentation du Grand Oral Changements \u00e0 partir de la session 2024 : La dur\u00e9e du Grand oral est maintenue \u00e0 20 minutes. La troisi\u00e8me partie de l&rsquo;\u00e9preuve, d&rsquo;une dur\u00e9e de 5 minutes, consistant en un \u00e9change sur le projet d&rsquo;orientation du candidat, est supprim\u00e9e.Les deux parties restantes de l&rsquo;\u00e9preuve seront [&hellip;]<\/p>\n","protected":false},"author":55,"featured_media":0,"parent":0,"menu_order":0,"comment_status":"closed","ping_status":"closed","template":"","meta":{"ngg_post_thumbnail":0,"footnotes":""},"class_list":["post-572","page","type-page","status-publish","czr-hentry"],"publishpress_future_action":{"enabled":false,"date":"2026-04-29 20:00:10","action":"change-status","newStatus":"draft","terms":[],"taxonomy":"","extraData":[]},"publishpress_future_workflow_manual_trigger":{"enabledWorkflows":[]},"_links":{"self":[{"href":"https:\/\/pedagogie.ac-lille.fr\/ses\/wp-json\/wp\/v2\/pages\/572","targetHints":{"allow":["GET"]}}],"collection":[{"href":"https:\/\/pedagogie.ac-lille.fr\/ses\/wp-json\/wp\/v2\/pages"}],"about":[{"href":"https:\/\/pedagogie.ac-lille.fr\/ses\/wp-json\/wp\/v2\/types\/page"}],"author":[{"embeddable":true,"href":"https:\/\/pedagogie.ac-lille.fr\/ses\/wp-json\/wp\/v2\/users\/55"}],"replies":[{"embeddable":true,"href":"https:\/\/pedagogie.ac-lille.fr\/ses\/wp-json\/wp\/v2\/comments?post=572"}],"version-history":[{"count":13,"href":"https:\/\/pedagogie.ac-lille.fr\/ses\/wp-json\/wp\/v2\/pages\/572\/revisions"}],"predecessor-version":[{"id":1609,"href":"https:\/\/pedagogie.ac-lille.fr\/ses\/wp-json\/wp\/v2\/pages\/572\/revisions\/1609"}],"wp:attachment":[{"href":"https:\/\/pedagogie.ac-lille.fr\/ses\/wp-json\/wp\/v2\/media?parent=572"}],"curies":[{"name":"wp","href":"https:\/\/api.w.org\/{rel}","templated":true}]}}