{"id":578,"date":"2023-09-21T10:19:24","date_gmt":"2023-09-21T08:19:24","guid":{"rendered":"https:\/\/pedagogie.ac-lille.fr\/ses\/?page_id=578"},"modified":"2023-10-14T11:24:17","modified_gmt":"2023-10-14T09:24:17","slug":"les-anciens-sujets-sur-eduscol","status":"publish","type":"page","link":"https:\/\/pedagogie.ac-lille.fr\/ses\/les-anciens-sujets-sur-eduscol\/","title":{"rendered":"Les anciens sujets du bac sur EDUSCOL"},"content":{"rendered":"\n<figure class=\"wp-block-image size-full\"><img loading=\"lazy\" decoding=\"async\" width=\"1002\" height=\"184\" src=\"https:\/\/pedagogie.ac-lille.fr\/ses\/wp-content\/uploads\/sites\/35\/2023\/09\/la-banque-de-sujets-1-1.jpg\" alt=\"\" class=\"wp-image-699\" srcset=\"https:\/\/pedagogie.ac-lille.fr\/ses\/wp-content\/uploads\/sites\/35\/2023\/09\/la-banque-de-sujets-1-1.jpg 1002w, https:\/\/pedagogie.ac-lille.fr\/ses\/wp-content\/uploads\/sites\/35\/2023\/09\/la-banque-de-sujets-1-1-300x55.jpg 300w, https:\/\/pedagogie.ac-lille.fr\/ses\/wp-content\/uploads\/sites\/35\/2023\/09\/la-banque-de-sujets-1-1-768x141.jpg 768w\" sizes=\"auto, (max-width: 1002px) 100vw, 1002px\" \/><\/figure>\n\n\n\n<p>Le site Eduscol vous permet d\u2019acc\u00e9der aux anciens sujets de sp\u00e9cialit\u00e9s de Terminale. <\/p>\n\n\n\n<p><a href=\"https:\/\/eduscol.education.fr\/3067\/annales-des-epreuves-du-baccalaureat\" target=\"_blank\" rel=\"noreferrer noopener\">lien vers la banque de sujets <\/a><\/p>\n","protected":false},"excerpt":{"rendered":"<p>Le site Eduscol vous permet d\u2019acc\u00e9der aux anciens sujets de sp\u00e9cialit\u00e9s de Terminale. lien vers la banque de sujets<\/p>\n","protected":false},"author":55,"featured_media":0,"parent":0,"menu_order":0,"comment_status":"closed","ping_status":"closed","template":"","meta":{"ngg_post_thumbnail":0,"footnotes":""},"class_list":["post-578","page","type-page","status-publish","czr-hentry"],"publishpress_future_action":{"enabled":false,"date":"2026-04-29 20:00:10","action":"change-status","newStatus":"draft","terms":[],"taxonomy":"","extraData":[]},"publishpress_future_workflow_manual_trigger":{"enabledWorkflows":[]},"_links":{"self":[{"href":"https:\/\/pedagogie.ac-lille.fr\/ses\/wp-json\/wp\/v2\/pages\/578","targetHints":{"allow":["GET"]}}],"collection":[{"href":"https:\/\/pedagogie.ac-lille.fr\/ses\/wp-json\/wp\/v2\/pages"}],"about":[{"href":"https:\/\/pedagogie.ac-lille.fr\/ses\/wp-json\/wp\/v2\/types\/page"}],"author":[{"embeddable":true,"href":"https:\/\/pedagogie.ac-lille.fr\/ses\/wp-json\/wp\/v2\/users\/55"}],"replies":[{"embeddable":true,"href":"https:\/\/pedagogie.ac-lille.fr\/ses\/wp-json\/wp\/v2\/comments?post=578"}],"version-history":[{"count":5,"href":"https:\/\/pedagogie.ac-lille.fr\/ses\/wp-json\/wp\/v2\/pages\/578\/revisions"}],"predecessor-version":[{"id":954,"href":"https:\/\/pedagogie.ac-lille.fr\/ses\/wp-json\/wp\/v2\/pages\/578\/revisions\/954"}],"wp:attachment":[{"href":"https:\/\/pedagogie.ac-lille.fr\/ses\/wp-json\/wp\/v2\/media?parent=578"}],"curies":[{"name":"wp","href":"https:\/\/api.w.org\/{rel}","templated":true}]}}